CRAN Package Check Results for Package htmlTable

Last updated on 2018-05-21 05:51:35 CEST.

Flavor Version Tinstall Tcheck Ttotal Status Flags
r-devel-linux-x86_64-debian-clang 1.11.2 3.96 59.21 63.17 WARN
r-devel-linux-x86_64-debian-gcc 1.11.2 2.41 53.13 55.54 WARN
r-devel-linux-x86_64-fedora-clang 1.11.2 85.18 WARN
r-devel-linux-x86_64-fedora-gcc 1.11.2 82.76 WARN
r-devel-windows-ix86+x86_64 1.11.2 10.00 81.00 91.00 OK
r-patched-linux-x86_64 1.11.2 4.42 63.92 68.34 WARN
r-patched-solaris-x86 1.11.2 113.50 WARN
r-release-linux-x86_64 1.11.2 4.24 64.04 68.28 WARN
r-release-windows-ix86+x86_64 1.11.2 11.00 102.00 113.00 OK
r-release-osx-x86_64 1.11.2 OK
r-oldrel-windows-ix86+x86_64 1.11.2 6.00 94.00 100.00 OK
r-oldrel-osx-x86_64 1.11.2 OK

Check Details

Version: 1.11.2
Check: Rd cross-references
Result: WARN
    Unknown package ‘pxweb’ in Rd xrefs
Flavors: r-devel-linux-x86_64-debian-clang, r-devel-linux-x86_64-debian-gcc, r-devel-linux-x86_64-fedora-clang, r-devel-linux-x86_64-fedora-gcc, r-patched-linux-x86_64, r-patched-solaris-x86, r-release-linux-x86_64