CRAN Package Check Results for Package htmlwidgets

Last updated on 2019-01-24 11:52:15 CET.

Flavor Version Tinstall Tcheck Ttotal Status Flags
r-devel-linux-x86_64-debian-clang 1.3 2.57 28.78 31.35 OK
r-devel-linux-x86_64-debian-gcc 1.3 2.11 22.94 25.05 OK
r-devel-linux-x86_64-fedora-clang 1.3 38.71 OK
r-devel-linux-x86_64-fedora-gcc 1.3 34.82 OK
r-devel-windows-ix86+x86_64 1.3 8.00 61.00 69.00 WARN
r-patched-linux-x86_64 1.3 2.14 25.30 27.44 OK
r-patched-solaris-x86 1.3 55.30 OK
r-release-linux-x86_64 1.3 1.79 25.27 27.06 OK
r-release-windows-ix86+x86_64 1.3 5.00 55.00 60.00 WARN
r-release-osx-x86_64 1.3 OK
r-oldrel-windows-ix86+x86_64 1.3 6.00 49.00 55.00 WARN
r-oldrel-osx-x86_64 1.3 OK

Check Details

Version: 1.3
Check: whether package can be installed
Result: WARN
    Found the following significant warnings:
     Warning: S3 methods 'as.promise.Future', 'as.promise.default', 'as.promise.promise', 'format.promise', 'print.promise' were declared in NAMESPACE but not found
Flavors: r-devel-windows-ix86+x86_64, r-release-windows-ix86+x86_64, r-oldrel-windows-ix86+x86_64