CRAN Package Check Results for Package htmlwidgets

Last updated on 2018-05-28 10:48:52 CEST.

Flavor Version Tinstall Tcheck Ttotal Status Flags
r-devel-linux-x86_64-debian-clang 1.2 2.43 23.93 26.36 OK
r-devel-linux-x86_64-debian-gcc 1.2 1.87 22.00 23.87 OK
r-devel-linux-x86_64-fedora-clang 1.2 35.54 OK
r-devel-linux-x86_64-fedora-gcc 1.2 34.27 OK
r-devel-windows-ix86+x86_64 1.2 4.00 56.00 60.00 OK
r-patched-linux-x86_64 1.2 2.42 25.24 27.66 OK
r-patched-solaris-x86 1.2 53.90 OK
r-release-linux-x86_64 1.2 1.92 25.21 27.13 OK
r-release-windows-ix86+x86_64 1.2 7.00 41.00 48.00 WARN
r-release-osx-x86_64 1.2 OK
r-oldrel-windows-ix86+x86_64 1.2 6.00 47.00 53.00 OK
r-oldrel-osx-x86_64 1.2 OK

Check Details

Version: 1.2
Check: whether package can be installed
Result: WARN
    Found the following significant warnings:
     Warning: S3 methods 'as.promise.Future', 'as.promise.default', 'as.promise.promise', 'format.promise', 'print.promise' were declared in NAMESPACE but not found
Flavor: r-release-windows-ix86+x86_64