CRAN Package Check Results for Package httk

Last updated on 2022-06-27 18:49:04 CEST.

Flavor Version Tinstall Tcheck Ttotal Status Flags
r-devel-linux-x86_64-debian-clang 2.1.0 37.26 792.18 829.44 NOTE
r-devel-linux-x86_64-debian-gcc 2.1.0 28.89 537.23 566.12 NOTE
r-devel-linux-x86_64-fedora-clang 2.1.0 974.89 NOTE
r-devel-linux-x86_64-fedora-gcc 2.1.0 979.16 NOTE
r-devel-windows-x86_64 2.1.0 98.00 833.00 931.00 NOTE
r-patched-linux-x86_64 2.1.0 39.97 764.48 804.45 NOTE
r-release-linux-x86_64 2.1.0 34.49 768.39 802.88 NOTE
r-release-macos-arm64 2.1.0 252.00 NOTE
r-release-macos-x86_64 2.1.0 317.00 NOTE
r-release-windows-x86_64 2.1.0 104.00 800.00 904.00 NOTE
r-oldrel-macos-arm64 2.1.0 200.00 NOTE
r-oldrel-macos-x86_64 2.1.0 313.00 NOTE
r-oldrel-windows-ix86+x86_64 2.1.0 68.00 1179.00 1247.00 NOTE

Check Details

Version: 2.1.0
Check: package dependencies
Result: NOTE
    Package suggested but not available for checking: 'CensRegMod'
Flavors: r-devel-linux-x86_64-debian-clang, r-devel-linux-x86_64-debian-gcc, r-devel-linux-x86_64-fedora-clang, r-devel-linux-x86_64-fedora-gcc, r-patched-linux-x86_64, r-release-linux-x86_64

Version: 2.1.0
Check: Rd files
Result: NOTE
    checkRd: (-1) fetalpcs.Rd:32: Escaped LaTeX specials: \&
    checkRd: (-1) load_dawson2021.Rd:42: Escaped LaTeX specials: \&
    checkRd: (-1) solve_gas_pbtk.Rd:256: Escaped LaTeX specials: \&
Flavors: r-devel-linux-x86_64-debian-clang, r-devel-linux-x86_64-debian-gcc, r-devel-linux-x86_64-fedora-clang, r-devel-linux-x86_64-fedora-gcc, r-devel-windows-x86_64

Version: 2.1.0
Check: installed package size
Result: NOTE
     installed size is 7.8Mb
     sub-directories of 1Mb or more:
     data 4.8Mb
     doc 1.3Mb
Flavors: r-devel-linux-x86_64-fedora-clang, r-devel-windows-x86_64, r-release-macos-arm64, r-release-macos-x86_64, r-release-windows-x86_64, r-oldrel-macos-arm64, r-oldrel-macos-x86_64, r-oldrel-windows-ix86+x86_64

Version: 2.1.0
Check: data for non-ASCII characters
Result: NOTE
     Note: found 24 marked UTF-8 strings
Flavors: r-devel-linux-x86_64-fedora-clang, r-devel-linux-x86_64-fedora-gcc, r-release-macos-arm64, r-release-macos-x86_64, r-oldrel-macos-arm64, r-oldrel-macos-x86_64