CRAN Package Check Results for Package huge

Last updated on 2018-05-27 12:48:00 CEST.

Flavor Version Tinstall Tcheck Ttotal Status Flags
r-devel-linux-x86_64-debian-clang 1.2.7 7.36 106.07 113.43 NOTE
r-devel-linux-x86_64-debian-gcc 1.2.7 5.96 80.78 86.74 NOTE
r-devel-linux-x86_64-fedora-clang 1.2.7 128.40 NOTE
r-devel-linux-x86_64-fedora-gcc 1.2.7 125.33 NOTE
r-devel-windows-ix86+x86_64 1.2.7 16.00 151.00 167.00 OK
r-patched-linux-x86_64 1.2.7 6.66 90.76 97.42 NOTE
r-patched-solaris-x86 1.2.7 172.20 OK
r-release-linux-x86_64 1.2.7 6.91 89.12 96.03 NOTE
r-release-windows-ix86+x86_64 1.2.7 20.00 136.00 156.00 OK
r-release-osx-x86_64 1.2.7 OK
r-oldrel-windows-ix86+x86_64 1.2.7 20.00 132.00 152.00 OK
r-oldrel-osx-x86_64 1.2.7 OK

Check Details

Version: 1.2.7
Check: compiled code
Result: NOTE
    File ‘huge/libs/huge.so’:
     Found no calls to: ‘R_registerRoutines’, ‘R_useDynamicSymbols’
    
    It is good practice to register native routines and to disable symbol
    search.
    
    See ‘Writing portable packages’ in the ‘Writing R Extensions’ manual.
Flavors: r-devel-linux-x86_64-debian-clang, r-devel-linux-x86_64-debian-gcc, r-devel-linux-x86_64-fedora-clang, r-devel-linux-x86_64-fedora-gcc, r-patched-linux-x86_64, r-release-linux-x86_64