CRAN Package Check Results for Package huge

Last updated on 2019-01-23 08:49:07 CET.

Flavor Version Tinstall Tcheck Ttotal Status Flags
r-devel-linux-x86_64-debian-clang 1.2.7 7.73 93.66 101.39 OK
r-devel-linux-x86_64-debian-gcc 1.2.7 5.59 77.34 82.93 OK
r-devel-linux-x86_64-fedora-clang 1.2.7 131.10 NOTE
r-devel-linux-x86_64-fedora-gcc 1.2.7 117.46 NOTE
r-devel-windows-ix86+x86_64 1.2.7 20.00 181.00 201.00 OK
r-patched-linux-x86_64 1.2.7 6.43 89.34 95.77 OK
r-patched-solaris-x86 1.2.7 179.80 OK
r-release-linux-x86_64 1.2.7 6.28 90.11 96.39 OK
r-release-windows-ix86+x86_64 1.2.7 16.00 177.00 193.00 OK
r-release-osx-x86_64 1.2.7 OK
r-oldrel-windows-ix86+x86_64 1.2.7 16.00 172.00 188.00 OK
r-oldrel-osx-x86_64 1.2.7 OK

Check Details

Version: 1.2.7
Check: compiled code
Result: NOTE
    File ‘huge/libs/huge.so’:
     Found no calls to: ‘R_registerRoutines’, ‘R_useDynamicSymbols’
    
    It is good practice to register native routines and to disable symbol
    search.
    
    See ‘Writing portable packages’ in the ‘Writing R Extensions’ manual.
Flavors: r-devel-linux-x86_64-fedora-clang, r-devel-linux-x86_64-fedora-gcc