CRAN Package Check Results for Package huge

Last updated on 2018-02-24 09:51:31 CET.

Flavor Version Tinstall Tcheck Ttotal Status Flags
r-devel-linux-x86_64-debian-clang 1.2.7 7.93 90.31 98.24 NOTE
r-devel-linux-x86_64-debian-gcc 1.2.7 5.30 73.33 78.63 NOTE
r-devel-linux-x86_64-fedora-clang 1.2.7 118.82 NOTE
r-devel-linux-x86_64-fedora-gcc 1.2.7 115.08 NOTE
r-devel-windows-ix86+x86_64 1.2.7 20.00 188.00 208.00 OK
r-patched-linux-x86_64 1.2.7 6.29 90.72 97.01 NOTE
r-patched-solaris-x86 1.2.7 172.30 OK
r-release-linux-x86_64 1.2.7 5.72 91.77 97.49 NOTE
r-release-windows-ix86+x86_64 1.2.7 21.00 171.00 192.00 OK
r-release-osx-x86_64 1.2.7 OK
r-oldrel-windows-ix86+x86_64 1.2.7 16.00 156.00 172.00 OK
r-oldrel-osx-x86_64 1.2.7 OK

Check Details

Version: 1.2.7
Check: compiled code
Result: NOTE
    File ‘huge/libs/huge.so’:
     Found no calls to: ‘R_registerRoutines’, ‘R_useDynamicSymbols’
    
    It is good practice to register native routines and to disable symbol
    search.
    
    See ‘Writing portable packages’ in the ‘Writing R Extensions’ manual.
Flavors: r-devel-linux-x86_64-debian-clang, r-devel-linux-x86_64-debian-gcc, r-devel-linux-x86_64-fedora-clang, r-devel-linux-x86_64-fedora-gcc, r-patched-linux-x86_64, r-release-linux-x86_64