CRAN Package Check Results for Package huge

Last updated on 2018-08-16 16:52:33 CEST.

Flavor Version Tinstall Tcheck Ttotal Status Flags
r-devel-linux-x86_64-debian-clang 1.2.7 8.55 100.10 108.65 NOTE
r-devel-linux-x86_64-debian-gcc 1.2.7 6.59 82.90 89.49 NOTE
r-devel-linux-x86_64-fedora-clang 1.2.7 127.58 NOTE
r-devel-linux-x86_64-fedora-gcc 1.2.7 125.24 NOTE
r-devel-windows-ix86+x86_64 1.2.7 23.00 189.00 212.00 OK
r-patched-linux-x86_64 1.2.7 5.64 90.64 96.28 NOTE
r-patched-solaris-x86 1.2.7 177.20 OK
r-release-linux-x86_64 1.2.7 6.45 90.17 96.62 NOTE
r-release-windows-ix86+x86_64 1.2.7 23.00 170.00 193.00 OK
r-release-osx-x86_64 1.2.7 OK
r-oldrel-windows-ix86+x86_64 1.2.7 22.00 134.00 156.00 OK
r-oldrel-osx-x86_64 1.2.7 OK

Check Details

Version: 1.2.7
Check: compiled code
Result: NOTE
    File ‘huge/libs/huge.so’:
     Found no calls to: ‘R_registerRoutines’, ‘R_useDynamicSymbols’
    
    It is good practice to register native routines and to disable symbol
    search.
    
    See ‘Writing portable packages’ in the ‘Writing R Extensions’ manual.
Flavors: r-devel-linux-x86_64-debian-clang, r-devel-linux-x86_64-debian-gcc, r-devel-linux-x86_64-fedora-clang, r-devel-linux-x86_64-fedora-gcc, r-patched-linux-x86_64, r-release-linux-x86_64