CRAN Package Check Results for Package huge

Last updated on 2018-10-17 08:48:18 CEST.

Flavor Version Tinstall Tcheck Ttotal Status Flags
r-devel-linux-x86_64-debian-clang 1.2.7 9.33 102.41 111.74 OK
r-devel-linux-x86_64-debian-gcc 1.2.7 6.71 84.86 91.57 OK
r-devel-linux-x86_64-fedora-clang 1.2.7 131.59 NOTE
r-devel-linux-x86_64-fedora-gcc 1.2.7 128.20 NOTE
r-devel-windows-ix86+x86_64 1.2.7 23.00 186.00 209.00 OK
r-patched-linux-x86_64 1.2.7 7.43 91.31 98.74 OK
r-patched-solaris-x86 1.2.7 169.80 OK
r-release-linux-x86_64 1.2.7 8.05 91.70 99.75 OK
r-release-windows-ix86+x86_64 1.2.7 17.00 173.00 190.00 OK
r-release-osx-x86_64 1.2.7 OK
r-oldrel-windows-ix86+x86_64 1.2.7 22.00 140.00 162.00 OK
r-oldrel-osx-x86_64 1.2.7 OK

Check Details

Version: 1.2.7
Check: compiled code
Result: NOTE
    File ‘huge/libs/huge.so’:
     Found no calls to: ‘R_registerRoutines’, ‘R_useDynamicSymbols’
    
    It is good practice to register native routines and to disable symbol
    search.
    
    See ‘Writing portable packages’ in the ‘Writing R Extensions’ manual.
Flavors: r-devel-linux-x86_64-fedora-clang, r-devel-linux-x86_64-fedora-gcc