CRAN Package Check Results for Package humanize

Last updated on 2023-06-08 15:58:43 CEST.

Flavor Version Tinstall Tcheck Ttotal Status Flags
r-devel-linux-x86_64-debian-clang 0.2.0 3.27 34.54 37.81 NOTE
r-devel-linux-x86_64-debian-gcc 0.2.0 2.33 26.71 29.04 NOTE
r-devel-linux-x86_64-fedora-clang 0.2.0 48.06 NOTE
r-devel-linux-x86_64-fedora-gcc 0.2.0 56.61 NOTE
r-devel-windows-x86_64 0.2.0 5.00 48.00 53.00 NOTE
r-patched-linux-x86_64 0.2.0 3.66 33.21 36.87 NOTE
r-release-linux-x86_64 0.2.0 3.08 33.54 36.62 NOTE
r-release-macos-arm64 0.2.0 25.00 NOTE
r-release-macos-x86_64 0.2.0 35.00 NOTE
r-release-windows-x86_64 0.2.0 5.00 50.00 55.00 NOTE
r-oldrel-macos-arm64 0.2.0 26.00 NOTE
r-oldrel-macos-x86_64 0.2.0 30.00 NOTE
r-oldrel-windows-x86_64 0.2.0 5.00 51.00 56.00 NOTE

Check Details

Version: 0.2.0
Check: LazyData
Result: NOTE
     'LazyData' is specified without a 'data' directory
Flavors: r-devel-linux-x86_64-debian-clang, r-devel-linux-x86_64-debian-gcc, r-devel-linux-x86_64-fedora-clang, r-devel-linux-x86_64-fedora-gcc, r-devel-windows-x86_64, r-patched-linux-x86_64, r-release-linux-x86_64, r-release-macos-arm64, r-release-macos-x86_64, r-release-windows-x86_64, r-oldrel-macos-arm64, r-oldrel-macos-x86_64, r-oldrel-windows-x86_64