CRAN Package Check Results for Package humanize

Last updated on 2022-08-10 16:50:00 CEST.

Flavor Version Tinstall Tcheck Ttotal Status Flags
r-devel-linux-x86_64-debian-clang 0.2.0 3.47 34.81 38.28 NOTE
r-devel-linux-x86_64-debian-gcc 0.2.0 2.54 26.81 29.35 NOTE
r-devel-linux-x86_64-fedora-clang 0.2.0 55.74 NOTE
r-devel-linux-x86_64-fedora-gcc 0.2.0 65.11 NOTE
r-devel-windows-x86_64 0.2.0 16.00 62.00 78.00 NOTE
r-patched-linux-x86_64 0.2.0 3.27 32.86 36.13 NOTE
r-release-linux-x86_64 0.2.0 NOTE
r-release-macos-arm64 0.2.0 22.00 NOTE
r-release-macos-x86_64 0.2.0 30.00 NOTE
r-release-windows-x86_64 0.2.0 14.00 60.00 74.00 NOTE
r-oldrel-macos-arm64 0.2.0 26.00 NOTE
r-oldrel-macos-x86_64 0.2.0 60.00 NOTE
r-oldrel-windows-ix86+x86_64 0.2.0 7.00 51.00 58.00 NOTE

Check Details

Version: 0.2.0
Check: LazyData
Result: NOTE
     'LazyData' is specified without a 'data' directory
Flavors: r-devel-linux-x86_64-debian-clang, r-devel-linux-x86_64-debian-gcc, r-devel-linux-x86_64-fedora-clang, r-devel-linux-x86_64-fedora-gcc, r-devel-windows-x86_64, r-patched-linux-x86_64, r-release-linux-x86_64, r-release-macos-arm64, r-release-macos-x86_64, r-release-windows-x86_64, r-oldrel-macos-arm64, r-oldrel-macos-x86_64, r-oldrel-windows-ix86+x86_64