CRAN Package Check Results for Package humanleague

Last updated on 2022-12-07 08:54:22 CET.

Flavor Version Tinstall Tcheck Ttotal Status Flags
r-devel-linux-x86_64-debian-clang 2.1.8 274.68 32.38 307.06 WARN
r-devel-linux-x86_64-debian-gcc 2.1.8 78.48 25.62 104.10 WARN
r-devel-linux-x86_64-fedora-clang 2.1.8 186.60 WARN
r-devel-linux-x86_64-fedora-gcc 2.1.8 181.02 WARN
r-devel-windows-x86_64 2.1.8 72.00 83.00 155.00 NOTE
r-patched-linux-x86_64 2.1.8 71.05 30.92 101.97 NOTE
r-release-linux-x86_64 2.1.8 69.42 31.77 101.19 NOTE
r-release-macos-arm64 2.1.8 45.00 NOTE
r-release-macos-x86_64 2.1.8 62.00 NOTE
r-release-windows-x86_64 2.1.8 78.00 95.00 173.00 NOTE
r-oldrel-macos-arm64 2.1.8 68.00 NOTE
r-oldrel-macos-x86_64 2.1.8 127.00 NOTE
r-oldrel-windows-ix86+x86_64 2.1.8 257.00 88.00 345.00 NOTE

Additional issues

M1mac

Check Details

Version: 2.1.8
Check: whether package can be installed
Result: WARN
    Found the following significant warnings:
     humanleague_init.c:14:34: warning: a function declaration without a prototype is deprecated in all versions of C [-Wstrict-prototypes]
Flavors: r-devel-linux-x86_64-debian-clang, r-devel-linux-x86_64-fedora-clang

Version: 2.1.8
Check: LazyData
Result: NOTE
     'LazyData' is specified without a 'data' directory
Flavors: r-devel-linux-x86_64-debian-clang, r-devel-linux-x86_64-debian-gcc, r-devel-linux-x86_64-fedora-clang, r-devel-linux-x86_64-fedora-gcc, r-devel-windows-x86_64, r-patched-linux-x86_64, r-release-linux-x86_64, r-release-macos-arm64, r-release-macos-x86_64, r-release-windows-x86_64, r-oldrel-macos-arm64, r-oldrel-macos-x86_64, r-oldrel-windows-ix86+x86_64

Version: 2.1.8
Check: whether package can be installed
Result: WARN
    Found the following significant warnings:
     humanleague_init.c:14:1: warning: function declaration isn’t a prototype [-Wstrict-prototypes]
Flavors: r-devel-linux-x86_64-debian-gcc, r-devel-linux-x86_64-fedora-gcc

Version: 2.1.8
Check: installed package size
Result: NOTE
     installed size is 7.9Mb
     sub-directories of 1Mb or more:
     libs 7.8Mb
Flavors: r-release-macos-arm64, r-release-macos-x86_64, r-oldrel-macos-arm64, r-oldrel-macos-x86_64