CRAN Package Check Results for Package hurricaneexposure

Last updated on 2018-05-25 17:50:32 CEST.

Flavor Version Tinstall Tcheck Ttotal Status Flags
r-devel-linux-x86_64-debian-clang 0.0.1 3.30 40.80 44.10 NOTE
r-devel-linux-x86_64-debian-gcc 0.0.1 3.30 32.02 35.32 NOTE
r-devel-linux-x86_64-fedora-clang 0.0.1 52.59 NOTE
r-devel-linux-x86_64-fedora-gcc 0.0.1 50.71 NOTE
r-devel-windows-ix86+x86_64 0.0.1 7.00 50.00 57.00 NOTE
r-patched-linux-x86_64 0.0.1 3.02 36.17 39.19 NOTE
r-patched-solaris-x86 0.0.1 71.90 NOTE
r-release-linux-x86_64 0.0.1 2.68 36.27 38.95 NOTE
r-release-windows-ix86+x86_64 0.0.1 12.00 86.00 98.00 NOTE
r-release-osx-x86_64 0.0.1 NOTE
r-oldrel-windows-ix86+x86_64 0.0.1 10.00 51.00 61.00 NOTE
r-oldrel-osx-x86_64 0.0.1 NOTE

Check Details

Version: 0.0.1
Check: package dependencies
Result: NOTE
    Package suggested but not available for checking: ‘hurricaneexposuredata’
Flavors: r-devel-linux-x86_64-debian-clang, r-devel-linux-x86_64-debian-gcc, r-devel-linux-x86_64-fedora-clang, r-devel-linux-x86_64-fedora-gcc, r-devel-windows-ix86+x86_64, r-patched-linux-x86_64, r-patched-solaris-x86, r-release-linux-x86_64, r-release-windows-ix86+x86_64, r-release-osx-x86_64, r-oldrel-windows-ix86+x86_64, r-oldrel-osx-x86_64