CRAN Package Check Results for Package hurricaneexposure

Last updated on 2018-10-21 17:54:11 CEST.

Flavor Version Tinstall Tcheck Ttotal Status Flags
r-devel-linux-x86_64-debian-clang 0.0.1 3.82 42.82 46.64 NOTE
r-devel-linux-x86_64-debian-gcc 0.0.1 3.07 34.00 37.07 NOTE
r-devel-linux-x86_64-fedora-clang 0.0.1 55.28 NOTE
r-devel-linux-x86_64-fedora-gcc 0.0.1 51.93 NOTE
r-devel-windows-ix86+x86_64 0.0.1 11.00 79.00 90.00 NOTE
r-patched-linux-x86_64 0.0.1 3.60 36.80 40.40 NOTE
r-patched-solaris-x86 0.0.1 71.10 NOTE
r-release-linux-x86_64 0.0.1 3.16 36.96 40.12 NOTE
r-release-windows-ix86+x86_64 0.0.1 10.00 70.00 80.00 NOTE
r-release-osx-x86_64 0.0.1 NOTE
r-oldrel-windows-ix86+x86_64 0.0.1 8.00 77.00 85.00 NOTE
r-oldrel-osx-x86_64 0.0.1 NOTE

Check Details

Version: 0.0.1
Check: package dependencies
Result: NOTE
    Package suggested but not available for checking: ‘hurricaneexposuredata’
Flavors: r-devel-linux-x86_64-debian-clang, r-devel-linux-x86_64-debian-gcc, r-devel-linux-x86_64-fedora-clang, r-devel-linux-x86_64-fedora-gcc, r-devel-windows-ix86+x86_64, r-patched-linux-x86_64, r-patched-solaris-x86, r-release-linux-x86_64, r-release-windows-ix86+x86_64, r-release-osx-x86_64, r-oldrel-windows-ix86+x86_64, r-oldrel-osx-x86_64