CRAN Package Check Results for Package hurricaneexposure

Last updated on 2019-01-16 15:48:34 CET.

Flavor Version Tinstall Tcheck Ttotal Status Flags
r-devel-linux-x86_64-debian-clang 0.0.1 3.42 40.87 44.29 NOTE
r-devel-linux-x86_64-debian-gcc 0.0.1 2.82 31.73 34.55 NOTE
r-devel-linux-x86_64-fedora-clang 0.0.1 51.29 NOTE
r-devel-linux-x86_64-fedora-gcc 0.0.1 48.33 NOTE
r-devel-windows-ix86+x86_64 0.0.1 7.00 53.00 60.00 NOTE
r-patched-linux-x86_64 0.0.1 3.40 37.21 40.61 NOTE
r-patched-solaris-x86 0.0.1 72.90 NOTE
r-release-linux-x86_64 0.0.1 3.50 37.17 40.67 NOTE
r-release-windows-ix86+x86_64 0.0.1 10.00 52.00 62.00 NOTE
r-release-osx-x86_64 0.0.1 NOTE
r-oldrel-windows-ix86+x86_64 0.0.1 7.00 56.00 63.00 NOTE
r-oldrel-osx-x86_64 0.0.1 NOTE

Check Details

Version: 0.0.1
Check: package dependencies
Result: NOTE
    Package suggested but not available for checking: ‘hurricaneexposuredata’
Flavors: r-devel-linux-x86_64-debian-clang, r-devel-linux-x86_64-debian-gcc, r-devel-linux-x86_64-fedora-clang, r-devel-linux-x86_64-fedora-gcc, r-devel-windows-ix86+x86_64, r-patched-linux-x86_64, r-patched-solaris-x86, r-release-linux-x86_64, r-release-windows-ix86+x86_64, r-release-osx-x86_64, r-oldrel-windows-ix86+x86_64, r-oldrel-osx-x86_64