CRAN Package Check Results for Package hurricaneexposure

Last updated on 2018-08-18 10:50:32 CEST.

Flavor Version Tinstall Tcheck Ttotal Status Flags
r-devel-linux-x86_64-debian-clang 0.0.1 3.77 42.58 46.35 NOTE
r-devel-linux-x86_64-debian-gcc 0.0.1 3.37 33.27 36.64 NOTE
r-devel-linux-x86_64-fedora-clang 0.0.1 54.79 NOTE
r-devel-linux-x86_64-fedora-gcc 0.0.1 52.02 NOTE
r-devel-windows-ix86+x86_64 0.0.1 9.00 80.00 89.00 NOTE
r-patched-linux-x86_64 0.0.1 2.73 36.84 39.57 NOTE
r-patched-solaris-x86 0.0.1 72.50 NOTE
r-release-linux-x86_64 0.0.1 2.64 37.04 39.68 NOTE
r-release-windows-ix86+x86_64 0.0.1 9.00 69.00 78.00 NOTE
r-release-osx-x86_64 0.0.1 NOTE
r-oldrel-windows-ix86+x86_64 0.0.1 6.00 55.00 61.00 NOTE
r-oldrel-osx-x86_64 0.0.1 NOTE

Check Details

Version: 0.0.1
Check: package dependencies
Result: NOTE
    Package suggested but not available for checking: ‘hurricaneexposuredata’
Flavors: r-devel-linux-x86_64-debian-clang, r-devel-linux-x86_64-debian-gcc, r-devel-linux-x86_64-fedora-clang, r-devel-linux-x86_64-fedora-gcc, r-devel-windows-ix86+x86_64, r-patched-linux-x86_64, r-patched-solaris-x86, r-release-linux-x86_64, r-release-windows-ix86+x86_64, r-release-osx-x86_64, r-oldrel-windows-ix86+x86_64, r-oldrel-osx-x86_64