Last updated on 2021-03-05 13:48:25 CET.
Flavor | Version | Tinstall | Tcheck | Ttotal | Status | Flags |
---|---|---|---|---|---|---|
r-devel-linux-x86_64-debian-clang | 0.5.2 | 254.73 | 325.14 | 579.87 | OK | |
r-devel-linux-x86_64-debian-gcc | 0.5.2 | 151.20 | 247.44 | 398.64 | OK | |
r-devel-linux-x86_64-fedora-clang | 0.5.2 | 772.63 | NOTE | |||
r-devel-linux-x86_64-fedora-gcc | 0.5.2 | 675.14 | OK | |||
r-devel-windows-ix86+x86_64 | 0.5.2 | 549.00 | 579.00 | 1128.00 | OK | |
r-patched-linux-x86_64 | 0.5.2 | OK | ||||
r-patched-solaris-x86 | 0.5.2 | 844.10 | OK | |||
r-release-linux-x86_64 | 0.5.2 | 201.54 | 285.27 | 486.81 | OK | |
r-release-macos-x86_64 | 0.5.2 | OK | ||||
r-release-windows-ix86+x86_64 | 0.5.2 | 558.00 | 404.00 | 962.00 | OK | |
r-oldrel-macos-x86_64 | 0.5.2 | NOTE | ||||
r-oldrel-windows-ix86+x86_64 | 0.5.2 | 450.00 | 404.00 | 854.00 | OK |
Version: 0.5.2
Check: installed package size
Result: NOTE
installed size is 8.2Mb
sub-directories of 1Mb or more:
libs 7.9Mb
Flavors: r-devel-linux-x86_64-fedora-clang, r-oldrel-macos-x86_64