CRAN Package Check Results for Package huxtable

Last updated on 2019-03-23 02:52:04 CET.

Flavor Version Tinstall Tcheck Ttotal Status Flags
r-devel-linux-x86_64-debian-clang 4.5.0 10.16 123.29 133.45 OK
r-devel-linux-x86_64-debian-gcc 4.5.0 8.51 98.64 107.15 OK
r-devel-linux-x86_64-fedora-clang 4.5.0 161.91 OK
r-devel-linux-x86_64-fedora-gcc 4.5.0 150.23 OK
r-devel-windows-ix86+x86_64 4.5.0 25.00 175.00 200.00 OK
r-patched-linux-x86_64 4.5.0 8.86 116.48 125.34 OK
r-patched-solaris-x86 4.5.0 171.10 OK
r-release-linux-x86_64 4.5.0 8.80 115.74 124.54 OK
r-release-windows-ix86+x86_64 4.5.0 16.00 135.00 151.00 OK
r-release-osx-x86_64 4.5.0 OK
r-oldrel-windows-ix86+x86_64 4.5.0 8.00 162.00 170.00 WARN
r-oldrel-osx-x86_64 4.5.0 ERROR

Check Details

Version: 4.5.0
Check: whether package can be installed
Result: WARN
    Found the following significant warnings:
     Warning: S3 methods '.DollarNames.C++Object', '.DollarNames.Module', 'print.bytes', 'format.Rcpp_stack_trace', 'str.Rcpp_stack_trace', 'print.Rcpp_stack_trace' were declared in NAMESPACE but not found
Flavor: r-oldrel-windows-ix86+x86_64

Version: 4.5.0
Check: package dependencies
Result: NOTE
    Package suggested but not available for checking: ‘broom.mixed’
Flavor: r-oldrel-osx-x86_64

Version: 4.5.0
Check: examples
Result: ERROR
    Running examples in ‘huxtable-Ex.R’ failed
    The error most likely occurred in:
    
    > ### Name: huxreg
    > ### Title: Create a huxtable to display model output
    > ### Aliases: huxreg
    >
    > ### ** Examples
    >
    > if (! requireNamespace("broom")) {
    + stop("Please install 'broom' to run this example.")
    + }
    Loading required namespace: broom
    >
    > lm1 <- lm(mpg ~ cyl, mtcars)
    > lm2 <- lm(mpg ~ cyl + hp, mtcars)
    > glm1 <- glm(I(mpg > 20) ~ cyl, mtcars,
    + family = binomial)
    >
    > huxreg(lm1, lm2, glm1)
    Warning in huxreg(lm1, lm2, glm1) :
     `huxreg` requires `broom` version 0.5.1 or greater.
    Error in UseMethod("tidy") :
     no applicable method for 'tidy' applied to an object of class "lm"
    Calls: huxreg -> lapply -> FUN -> do.call -> <Anonymous>
    Execution halted
Flavor: r-oldrel-osx-x86_64

Version: 4.5.0
Check: tests
Result: ERROR
     Running ‘testthat.R’ [35s/24s]
    Running the tests in ‘tests/testthat.R’ failed.
    Last 13 lines of output:
     ══ testthat results ═══════════════════════════════════════════════════════════
     OK: 836 SKIPPED: 59 FAILED: 17
     1. Failure: huxreg copes with different models (@test-huxreg.R#31)
     2. Error: huxreg confidence intervals work (@test-huxreg.R#46)
     3. Failure: huxreg confidence intervals work when tidy c.i.s not available (@test-huxreg.R#58)
     4. Error: huxreg error_style usage (@test-huxreg.R#69)
     5. Failure: huxreg works with single coefficient (@test-huxreg.R#81)
     6. Error: huxreg merges coefficients with same names (@test-huxreg.R#90)
     7. Error: huxreg bold_signif works (@test-huxreg.R#101)
     8. Error: huxreg error_pos works (@test-huxreg.R#109)
     9. Error: huxreg number_format works correctly (@test-huxreg.R#120)
     1. ...
    
     Error: testthat unit tests failed
     Execution halted
Flavor: r-oldrel-osx-x86_64

Version: 4.5.0
Check: re-building of vignette outputs
Result: WARN
    Error in re-building vignettes:
     ...
    Warning in engine$weave(file, quiet = quiet, encoding = enc) :
     Pandoc (>= 1.12.3) and/or pandoc-citeproc not available. Falling back to R Markdown v1.
    Warning in engine$weave(file, quiet = quiet, encoding = enc) :
     Pandoc (>= 1.12.3) and/or pandoc-citeproc not available. Falling back to R Markdown v1.
    Quitting from lines 51-53 (huxreg.Rmd)
    Error: processing vignette 'huxreg.Rmd' failed with diagnostics:
    no applicable method for 'tidy' applied to an object of class "lm"
    Execution halted
Flavor: r-oldrel-osx-x86_64