CRAN Package Check Results for Package huxtable

Last updated on 2018-06-19 06:48:15 CEST.

Flavor Version Tinstall Tcheck Ttotal Status Flags
r-devel-linux-x86_64-debian-clang 4.0.0 7.14 96.19 103.33 OK
r-devel-linux-x86_64-debian-gcc 4.0.0 6.28 82.16 88.44 OK
r-devel-linux-x86_64-fedora-clang 4.0.0 137.69 OK
r-devel-linux-x86_64-fedora-gcc 4.0.0 131.43 OK
r-devel-windows-ix86+x86_64 4.0.0 17.00 165.00 182.00 OK
r-patched-linux-x86_64 4.0.0 6.98 71.75 78.73 ERROR
r-patched-solaris-x86 4.0.0 153.20 OK
r-release-linux-x86_64 4.0.0 8.05 70.32 78.37 ERROR
r-release-windows-ix86+x86_64 4.0.0 11.00 155.00 166.00 OK
r-release-osx-x86_64 4.0.0 OK
r-oldrel-windows-ix86+x86_64 4.0.0 9.00 133.00 142.00 OK
r-oldrel-osx-x86_64 4.0.0 OK

Check Details

Version: 4.0.0
Check: examples
Result: ERROR
    Running examples in ‘huxtable-Ex.R’ failed
    The error most likely occurred in:
    
    > base::assign(".ptime", proc.time(), pos = "CheckExEnv")
    > ### Name: align
    > ### Title: Alignment
    > ### Aliases: align align<- set_align align.huxtable align<-.huxtable
    > ### pad_decimal pad_decimal<- set_pad_decimal pad_decimal.huxtable
    > ### pad_decimal<-.huxtable
    >
    > ### ** Examples
    >
    >
    > ht <- huxtable(a = 1:3, b = 1:3)
    > align(ht) <- 'right'
    Error in UseMethod("align<-") :
     no applicable method for 'align<-' applied to an object of class "c('huxtable', 'data.frame')"
    Calls: align<-
    Execution halted
Flavors: r-patched-linux-x86_64, r-release-linux-x86_64

Version: 4.0.0
Check: re-building of vignette outputs
Result: WARN
    Error in re-building vignettes:
     ...
    Quitting from lines 52-104 (design-principles.Rmd)
    Error: processing vignette ‘design-principles.Rmd’ failed with diagnostics:
    no applicable method for ‘bold’ applied to an object of class "c('huxtable', 'data.frame')"
    Execution halted
Flavors: r-patched-linux-x86_64, r-release-linux-x86_64