CRAN Package Check Results for Package hwsdr

Last updated on 2024-02-29 20:52:50 CET.

Flavor Version Tinstall Tcheck Ttotal Status Flags
r-devel-linux-x86_64-debian-clang 1.1 5.45 65.70 71.15 NOTE
r-devel-linux-x86_64-debian-gcc 1.1 4.55 49.21 53.76 NOTE
r-devel-linux-x86_64-fedora-clang 1.1 90.77 NOTE
r-devel-linux-x86_64-fedora-gcc 1.1 104.02 NOTE
r-devel-windows-x86_64 1.1 8.00 66.00 74.00 OK
r-patched-linux-x86_64 1.1 7.07 63.79 70.86 OK
r-release-linux-x86_64 1.1 5.19 63.44 68.63 OK
r-release-macos-arm64 1.1 43.00 OK
r-release-macos-x86_64 1.1 112.00 OK
r-release-windows-x86_64 1.1 9.00 76.00 85.00 OK
r-oldrel-macos-arm64 1.1 38.00 OK
r-oldrel-windows-x86_64 1.1 9.00 80.00 89.00 OK

Check Details

Version: 1.1
Check: Rd files
Result: NOTE checkRd: (-1) ws_download.Rd:31: Lost braces; missing escapes or markup? 31 | (while using the {hwsdr} package for HWSD v2.0). | ^ Flavors: r-devel-linux-x86_64-debian-clang, r-devel-linux-x86_64-debian-gcc, r-devel-linux-x86_64-fedora-clang, r-devel-linux-x86_64-fedora-gcc

Version: 1.1
Check: data for non-ASCII characters
Result: NOTE Note: found 1 marked UTF-8 string Flavors: r-devel-linux-x86_64-fedora-clang, r-devel-linux-x86_64-fedora-gcc