CRAN Package Check Results for Package hybridEnsemble

Last updated on 2022-12-09 22:55:53 CET.

Flavor Version Tinstall Tcheck Ttotal Status Flags
r-devel-linux-x86_64-debian-clang 1.7.8 16.48 119.64 136.12 OK
r-devel-linux-x86_64-debian-gcc 1.7.8 12.55 96.75 109.30 OK
r-devel-linux-x86_64-fedora-clang 1.7.8 175.24 NOTE
r-devel-linux-x86_64-fedora-gcc 1.7.8 169.32 OK
r-devel-windows-x86_64 1.7.8 39.00 164.00 203.00 OK
r-patched-linux-x86_64 1.7.8 16.91 111.53 128.44 OK
r-release-linux-x86_64 1.7.8 14.80 109.42 124.22 OK
r-release-macos-arm64 1.7.8 44.00 OK
r-release-macos-x86_64 1.7.8 65.00 OK
r-release-windows-x86_64 1.7.8 39.00 143.00 182.00 OK
r-oldrel-macos-arm64 1.7.8 40.00 OK
r-oldrel-macos-x86_64 1.7.8 62.00 OK
r-oldrel-windows-ix86+x86_64 1.7.8 30.00 128.00 158.00 OK

Check Details

Version: 1.7.8
Check: package dependencies
Result: NOTE
    Imports includes 23 non-default packages.
    Importing from so many packages makes the package vulnerable to any of
    them becoming unavailable. Move as many as possible to Suggests and
    use conditionally.
Flavor: r-devel-linux-x86_64-fedora-clang