CRAN Package Check Results for Package hybridModels

Last updated on 2018-08-17 19:49:14 CEST.

Flavor Version Tinstall Tcheck Ttotal Status Flags
r-devel-linux-x86_64-debian-clang 0.3.5 2.69 29.41 32.10 OK
r-devel-linux-x86_64-debian-gcc 0.3.5 2.46 23.66 26.12 OK
r-devel-linux-x86_64-fedora-clang 0.3.5 38.09 OK
r-devel-linux-x86_64-fedora-gcc 0.3.5 36.64 OK
r-devel-windows-ix86+x86_64 0.3.5 8.00 62.00 70.00 OK
r-patched-linux-x86_64 0.3.5 3.22 27.81 31.03 NOTE
r-patched-solaris-x86 0.3.5 70.40 OK
r-release-linux-x86_64 0.3.5 3.32 27.68 31.00 NOTE
r-release-windows-ix86+x86_64 0.3.5 6.00 73.00 79.00 OK
r-release-osx-x86_64 0.3.5 OK
r-oldrel-windows-ix86+x86_64 0.3.5 4.00 63.00 67.00 OK
r-oldrel-osx-x86_64 0.3.5 OK

Check Details

Version: 0.3.5
Check: DESCRIPTION meta-information
Result: NOTE
    Dependence on R version ‘3.3.1’ not with patchlevel 0
Flavors: r-patched-linux-x86_64, r-release-linux-x86_64