CRAN Package Check Results for Package hybridModels

Last updated on 2018-05-28 06:46:43 CEST.

Flavor Version Tinstall Tcheck Ttotal Status Flags
r-devel-linux-x86_64-debian-clang 0.2.15 2.80 23.51 26.31 OK
r-devel-linux-x86_64-debian-gcc 0.2.15 2.14 20.45 22.59 OK
r-devel-linux-x86_64-fedora-clang 0.2.15 34.12 OK
r-devel-linux-x86_64-fedora-gcc 0.2.15 32.84 OK
r-devel-windows-ix86+x86_64 0.2.15 5.00 43.00 48.00 OK
r-patched-linux-x86_64 0.2.15 2.37 24.78 27.15 NOTE
r-patched-solaris-x86 0.2.15 62.40 OK
r-release-linux-x86_64 0.2.15 2.71 24.74 27.45 NOTE
r-release-windows-ix86+x86_64 0.2.15 6.00 68.00 74.00 OK
r-release-osx-x86_64 0.2.15 OK
r-oldrel-windows-ix86+x86_64 0.2.15 6.00 43.00 49.00 OK
r-oldrel-osx-x86_64 0.2.15 OK

Check Details

Version: 0.2.15
Check: DESCRIPTION meta-information
Result: NOTE
    Dependence on R version ‘3.3.1’ not with patchlevel 0
Flavors: r-patched-linux-x86_64, r-release-linux-x86_64