CRAN Package Check Results for Package hybridModels

Last updated on 2018-02-19 07:53:52 CET.

Flavor Version Tinstall Tcheck Ttotal Status Flags
r-devel-linux-x86_64-debian-clang 0.2.15 2.39 22.80 25.19 NOTE
r-devel-linux-x86_64-debian-gcc 0.2.15 1.34 19.54 20.88 NOTE
r-devel-linux-x86_64-fedora-clang 0.2.15 31.99 NOTE
r-devel-linux-x86_64-fedora-gcc 0.2.15 30.96 NOTE
r-devel-windows-ix86+x86_64 0.2.15 4.00 47.00 51.00 OK
r-patched-linux-x86_64 0.2.15 0.95 28.20 29.15 OK
r-patched-solaris-x86 0.2.15 57.90 OK
r-release-linux-x86_64 0.2.15 0.96 28.78 29.74 OK
r-release-windows-ix86+x86_64 0.2.15 6.00 71.00 77.00 OK
r-release-osx-x86_64 0.2.15 OK
r-oldrel-windows-ix86+x86_64 0.2.15 2.00 52.00 54.00 OK
r-oldrel-osx-x86_64 0.2.15 OK

Check Details

Version: 0.2.15
Check: DESCRIPTION meta-information
Result: NOTE
    Dependence on R version ‘3.3.1’ not with patchlevel 0
Flavors: r-devel-linux-x86_64-debian-clang, r-devel-linux-x86_64-debian-gcc, r-devel-linux-x86_64-fedora-clang, r-devel-linux-x86_64-fedora-gcc