CRAN Package Check Results for Package hybridModels

Last updated on 2018-10-19 22:49:42 CEST.

Flavor Version Tinstall Tcheck Ttotal Status Flags
r-devel-linux-x86_64-debian-clang 0.3.5 2.38 29.71 32.09 OK
r-devel-linux-x86_64-debian-gcc 0.3.5 2.22 23.82 26.04 OK
r-devel-linux-x86_64-fedora-clang 0.3.5 39.36 OK
r-devel-linux-x86_64-fedora-gcc 0.3.5 36.99 OK
r-devel-windows-ix86+x86_64 0.3.5 7.00 53.00 60.00 OK
r-patched-linux-x86_64 0.3.5 3.30 27.71 31.01 NOTE
r-patched-solaris-x86 0.3.5 66.50 OK
r-release-linux-x86_64 0.3.5 3.24 27.80 31.04 NOTE
r-release-windows-ix86+x86_64 0.3.5 8.00 64.00 72.00 OK
r-release-osx-x86_64 0.3.5 OK
r-oldrel-windows-ix86+x86_64 0.3.5 3.00 73.00 76.00 OK
r-oldrel-osx-x86_64 0.3.5 OK

Check Details

Version: 0.3.5
Check: DESCRIPTION meta-information
Result: NOTE
    Dependence on R version ‘3.3.1’ not with patchlevel 0
Flavors: r-patched-linux-x86_64, r-release-linux-x86_64