CRAN Package Check Results for Package hydroscoper

Last updated on 2018-08-15 08:48:45 CEST.

Flavor Version Tinstall Tcheck Ttotal Status Flags
r-devel-linux-x86_64-debian-clang 1.1.0 1.90 31.55 33.45 OK
r-devel-linux-x86_64-debian-gcc 1.1.0 1.50 25.36 26.86 OK
r-devel-linux-x86_64-fedora-clang 1.1.0 41.13 NOTE
r-devel-linux-x86_64-fedora-gcc 1.1.0 38.37 NOTE
r-devel-windows-ix86+x86_64 1.1.0 4.00 51.00 55.00 OK
r-patched-linux-x86_64 1.1.0 1.75 29.65 31.40 OK
r-patched-solaris-x86 1.1.0 59.00 NOTE
r-release-linux-x86_64 1.1.0 1.80 28.86 30.66 OK
r-release-windows-ix86+x86_64 1.1.0 5.00 5.00 10.00 ERROR
r-release-osx-x86_64 1.1.0 NOTE
r-oldrel-windows-ix86+x86_64 1.0.0 4.00 56.00 60.00 OK
r-oldrel-osx-x86_64 1.1.0 ERROR

Check Details

Version: 1.1.0
Check: data for non-ASCII characters
Result: NOTE
     Note: found 3031 marked UTF-8 strings
Flavors: r-devel-linux-x86_64-fedora-clang, r-devel-linux-x86_64-fedora-gcc, r-patched-solaris-x86, r-release-osx-x86_64

Version: 1.1.0
Check: package dependencies
Result: ERROR
    Package required and available but unsuitable version: 'stringi'
    
    See section 'The DESCRIPTION file' in the 'Writing R Extensions'
    manual.
Flavor: r-release-windows-ix86+x86_64

Version: 1.1.0
Check: whether package can be installed
Result: ERROR
    Installation failed.
Flavor: r-oldrel-osx-x86_64