CRAN Package Check Results for Package hydroscoper

Last updated on 2018-10-19 12:46:24 CEST.

Flavor Version Tinstall Tcheck Ttotal Status Flags
r-devel-linux-x86_64-debian-clang 1.1.1 1.67 31.78 33.45 OK
r-devel-linux-x86_64-debian-gcc 1.1.1 1.63 25.54 27.17 OK
r-devel-linux-x86_64-fedora-clang 1.1.1 41.02 NOTE
r-devel-linux-x86_64-fedora-gcc 1.1.1 38.60 NOTE
r-devel-windows-ix86+x86_64 1.1.1 5.00 56.00 61.00 OK
r-patched-linux-x86_64 1.1.1 1.79 29.22 31.01 OK
r-patched-solaris-x86 1.1.1 57.50 NOTE
r-release-linux-x86_64 1.1.1 1.88 29.29 31.17 OK
r-release-windows-ix86+x86_64 1.1.1 7.00 67.00 74.00 OK
r-release-osx-x86_64 1.1.1 NOTE
r-oldrel-windows-ix86+x86_64 1.1.1 3.00 77.00 80.00 OK
r-oldrel-osx-x86_64 1.1.1 NOTE

Check Details

Version: 1.1.1
Check: data for non-ASCII characters
Result: NOTE
     Note: found 3031 marked UTF-8 strings
Flavors: r-devel-linux-x86_64-fedora-clang, r-devel-linux-x86_64-fedora-gcc, r-patched-solaris-x86, r-release-osx-x86_64, r-oldrel-osx-x86_64