CRAN Package Check Results for Package hydroscoper

Last updated on 2019-01-24 11:52:15 CET.

Flavor Version Tinstall Tcheck Ttotal Status Flags
r-devel-linux-x86_64-debian-clang 1.1.1 1.83 33.46 35.29 OK
r-devel-linux-x86_64-debian-gcc 1.1.1 1.39 25.99 27.38 OK
r-devel-linux-x86_64-fedora-clang 1.1.1 45.15 NOTE
r-devel-linux-x86_64-fedora-gcc 1.1.1 40.09 NOTE
r-devel-windows-ix86+x86_64 1.1.1 4.00 70.00 74.00 OK
r-patched-linux-x86_64 1.1.1 1.89 29.06 30.95 OK
r-patched-solaris-x86 1.1.1 59.30 NOTE
r-release-linux-x86_64 1.1.1 1.71 28.90 30.61 OK
r-release-windows-ix86+x86_64 1.1.1 4.00 76.00 80.00 OK
r-release-osx-x86_64 1.1.1 NOTE
r-oldrel-windows-ix86+x86_64 1.1.1 4.00 61.00 65.00 OK
r-oldrel-osx-x86_64 1.1.1 NOTE

Check Details

Version: 1.1.1
Check: data for non-ASCII characters
Result: NOTE
     Note: found 3031 marked UTF-8 strings
Flavors: r-devel-linux-x86_64-fedora-clang, r-devel-linux-x86_64-fedora-gcc, r-patched-solaris-x86, r-release-osx-x86_64, r-oldrel-osx-x86_64