CRAN Package Check Results for Package hydroscoper

Last updated on 2018-05-25 06:48:58 CEST.

Flavor Version Tinstall Tcheck Ttotal Status Flags
r-devel-linux-x86_64-debian-clang 1.0.0 1.72 27.55 29.27 OK
r-devel-linux-x86_64-debian-gcc 1.0.0 1.21 24.22 25.43 OK
r-devel-linux-x86_64-fedora-clang 1.0.0 38.07 NOTE
r-devel-linux-x86_64-fedora-gcc 1.0.0 35.88 NOTE
r-devel-windows-ix86+x86_64 1.0.0 3.00 50.00 53.00 OK
r-patched-linux-x86_64 1.0.0 1.81 29.03 30.84 OK
r-patched-solaris-x86 1.0.0 59.30 NOTE
r-release-linux-x86_64 1.0.0 1.78 28.40 30.18 OK
r-release-windows-ix86+x86_64 1.0.0 5.00 83.00 88.00 OK
r-release-osx-x86_64 1.0.0 NOTE
r-oldrel-windows-ix86+x86_64 1.0.0 5.00 50.00 55.00 OK
r-oldrel-osx-x86_64 1.0.0 NOTE

Check Details

Version: 1.0.0
Check: data for non-ASCII characters
Result: NOTE
     Note: found 3031 marked UTF-8 strings
Flavors: r-devel-linux-x86_64-fedora-clang, r-devel-linux-x86_64-fedora-gcc, r-patched-solaris-x86, r-release-osx-x86_64, r-oldrel-osx-x86_64