CRAN Package Check Results for Package hydroscoper

Last updated on 2018-02-25 11:48:01 CET.

Flavor Version Tinstall Tcheck Ttotal Status Flags
r-devel-linux-x86_64-debian-clang 0.1.0 2.24 32.91 35.15 OK
r-devel-linux-x86_64-debian-gcc 0.1.0 1.15 26.53 27.68 OK
r-devel-linux-x86_64-fedora-clang 0.1.0 42.94 NOTE
r-devel-linux-x86_64-fedora-gcc 0.1.0 40.74 NOTE
r-devel-windows-ix86+x86_64 0.1.0 5.00 81.00 86.00 OK
r-patched-linux-x86_64 0.1.0 2.07 36.04 38.11 OK
r-patched-solaris-x86 0.1.0 60.30 NOTE
r-release-linux-x86_64 0.1.0 1.58 34.82 36.40 OK
r-release-windows-ix86+x86_64 0.1.0 7.00 77.00 84.00 OK
r-release-osx-x86_64 0.1.0 NOTE
r-oldrel-osx-x86_64 0.1.0 ERROR

Check Details

Version: 0.1.0
Check: data for non-ASCII characters
Result: NOTE
     Note: found 474 marked UTF-8 strings
Flavors: r-devel-linux-x86_64-fedora-clang, r-devel-linux-x86_64-fedora-gcc, r-patched-solaris-x86, r-release-osx-x86_64

Version: 0.1.0
Check: package dependencies
Result: ERROR
    Package required and available but unsuitable version: ‘utils’
    
    See section ‘The DESCRIPTION file’ in the ‘Writing R Extensions’
    manual.
Flavor: r-oldrel-osx-x86_64