CRAN Package Check Results for Package hyfo

Last updated on 2020-02-20 21:47:29 CET.

Flavor Version Tinstall Tcheck Ttotal Status Flags
r-devel-linux-x86_64-debian-clang 1.4.0 11.30 121.55 132.85 NOTE
r-devel-linux-x86_64-debian-gcc 1.4.0 9.04 88.38 97.42 NOTE
r-devel-linux-x86_64-fedora-clang 1.4.0 155.02 NOTE
r-devel-linux-x86_64-fedora-gcc 1.4.0 150.41 NOTE
r-devel-windows-ix86+x86_64 1.4.0 29.00 168.00 197.00 OK
r-devel-windows-ix86+x86_64-gcc8 1.4.0 46.00 226.00 272.00 OK
r-patched-linux-x86_64 1.4.0 10.50 103.60 114.10 OK
r-patched-solaris-x86 1.4.0 207.90 OK
r-release-linux-x86_64 1.4.0 9.87 104.46 114.33 OK
r-release-windows-ix86+x86_64 1.4.0 25.00 169.00 194.00 OK
r-release-osx-x86_64 1.4.0 OK
r-oldrel-windows-ix86+x86_64 1.4.0 18.00 142.00 160.00 OK
r-oldrel-osx-x86_64 1.4.0 OK

Check Details

Version: 1.4.0
Check: for non-standard things in the check directory
Result: NOTE
    Found the following files/directories:
     'test.nc'
Flavors: r-devel-linux-x86_64-debian-clang, r-devel-linux-x86_64-debian-gcc, r-devel-linux-x86_64-fedora-clang, r-devel-linux-x86_64-fedora-gcc