CRAN Package Check Results for Package hyper2

Last updated on 2022-08-14 09:52:07 CEST.

Flavor Version Tinstall Tcheck Ttotal Status Flags
r-devel-linux-x86_64-debian-clang 2.0-3 38.22 697.80 736.02 NOTE
r-devel-linux-x86_64-debian-gcc 2.0-3 28.17 627.03 655.20 NOTE
r-devel-linux-x86_64-fedora-clang 2.0-3 1123.80 NOTE
r-devel-linux-x86_64-fedora-gcc 2.0-3 1121.17 NOTE
r-devel-windows-x86_64 2.0-3 67.00 953.00 1020.00 NOTE
r-patched-linux-x86_64 2.0-3 31.50 665.25 696.75 OK
r-release-linux-x86_64 2.0-3 34.63 699.36 733.99 OK
r-release-macos-arm64 2.0-3 240.00 OK
r-release-macos-x86_64 2.0-3 333.00 OK
r-release-windows-x86_64 2.0-3 72.00 927.00 999.00 OK
r-oldrel-macos-arm64 2.0-3 225.00 OK
r-oldrel-macos-x86_64 2.0-3 328.00 OK
r-oldrel-windows-ix86+x86_64 2.0-3 76.00 1185.00 1261.00 OK

Check Details

Version: 2.0-3
Check: package subdirectories
Result: NOTE
    Problems with news in 'NEWS.md':
    No news entries found.
Flavors: r-devel-linux-x86_64-debian-clang, r-devel-linux-x86_64-debian-gcc, r-devel-linux-x86_64-fedora-clang, r-devel-linux-x86_64-fedora-gcc, r-devel-windows-x86_64