CRAN Package Check Results for Package hyperSMURF

Last updated on 2018-05-23 12:48:22 CEST.

Flavor Version Tinstall Tcheck Ttotal Status Flags
r-devel-linux-x86_64-debian-clang 2.0 6.31 85.71 92.02 OK
r-devel-linux-x86_64-debian-gcc 2.0 0.29 1.47 1.76 ERROR
r-devel-linux-x86_64-fedora-clang 2.0 115.48 OK
r-devel-linux-x86_64-fedora-gcc 2.0 109.46 OK
r-devel-windows-ix86+x86_64 2.0 11.00 131.00 142.00 OK
r-patched-linux-x86_64 2.0 4.84 72.04 76.88 OK
r-patched-solaris-x86 2.0 157.90 OK
r-release-linux-x86_64 2.0 4.81 71.75 76.56 OK
r-release-windows-ix86+x86_64 2.0 13.00 114.00 127.00 OK
r-release-osx-x86_64 2.0 OK
r-oldrel-windows-ix86+x86_64 2.0 17.00 82.00 99.00 OK
r-oldrel-osx-x86_64 1.1.4 OK

Check Details

Version: 2.0
Check: package dependencies
Result: ERROR
    Package required but not available: ‘unbalanced’
    
    See section ‘The DESCRIPTION file’ in the ‘Writing R Extensions’
    manual.
Flavor: r-devel-linux-x86_64-debian-gcc