CRAN Package Check Results for Package hypergea

Last updated on 2019-12-07 07:56:16 CET.

Flavor Version Tinstall Tcheck Ttotal Status Flags
r-devel-linux-x86_64-debian-clang 1.3.6 4.12 21.40 25.52 NOTE
r-devel-linux-x86_64-debian-gcc 1.3.6 2.73 16.64 19.37 NOTE
r-devel-linux-x86_64-fedora-clang 1.3.6 30.50 NOTE
r-devel-linux-x86_64-fedora-gcc 1.3.6 28.94 NOTE
r-devel-windows-ix86+x86_64 1.3.6 11.00 61.00 72.00 OK
r-devel-windows-ix86+x86_64-gcc8 1.3.6 12.00 46.00 58.00 OK
r-patched-linux-x86_64 1.3.6 2.93 19.35 22.28 NOTE
r-patched-solaris-x86 1.3.6 43.50 OK
r-release-linux-x86_64 1.3.6 2.91 19.25 22.16 NOTE
r-release-windows-ix86+x86_64 1.3.6 17.00 43.00 60.00 OK
r-release-osx-x86_64 1.3.6 OK
r-oldrel-windows-ix86+x86_64 1.3.6 8.00 60.00 68.00 OK
r-oldrel-osx-x86_64 1.3.6 OK

Check Details

Version: 1.3.6
Check: use of SHLIB_OPENMP_*FLAGS in Makefiles
Result: NOTE
     src/Makevars: SHLIB_OPENMP_CFLAGS is included in PKG_CFLAGS but not in PKG_LIBS
    Use of these macros is discussed in sect 1.2.1.1 of 'Writing R
    Extensions'. The macros for different languages may differ so the
    matching macro must be used in PKG_CXXFLAGS (etc) and match that used
    in PKG_LIBS (except for Fortran: see the manual).
Flavors: r-devel-linux-x86_64-debian-clang, r-devel-linux-x86_64-debian-gcc, r-devel-linux-x86_64-fedora-clang, r-devel-linux-x86_64-fedora-gcc, r-patched-linux-x86_64, r-release-linux-x86_64