CRAN Package Check Results for Package hypervolume

Last updated on 2018-02-26 01:46:22 CET.

Flavor Version Tinstall Tcheck Ttotal Status Flags
r-devel-linux-x86_64-debian-clang 2.0.8 34.65 119.12 153.77 OK
r-devel-linux-x86_64-debian-gcc 2.0.8 33.01 96.29 129.30 OK
r-devel-linux-x86_64-fedora-clang 2.0.8 215.90 OK
r-devel-linux-x86_64-fedora-gcc 2.0.8 200.94 OK
r-devel-windows-ix86+x86_64 2.0.8 106.00 249.00 355.00 OK
r-patched-linux-x86_64 2.0.8 35.78 129.15 164.93 OK
r-patched-solaris-x86 2.0.8 294.40 NOTE
r-release-linux-x86_64 2.0.8 38.16 128.29 166.45 OK
r-release-windows-ix86+x86_64 2.0.8 111.00 283.00 394.00 OK
r-release-osx-x86_64 2.0.8 OK
r-oldrel-windows-ix86+x86_64 2.0.8 83.00 191.00 274.00 OK
r-oldrel-osx-x86_64 2.0.8 OK

Check Details

Version: 2.0.8
Check: package dependencies
Result: NOTE
    Package suggested but not available for checking: ‘magick’
Flavor: r-patched-solaris-x86