CRAN Package Check Results for Package hypervolume

Last updated on 2018-11-18 23:49:54 CET.

Flavor Version Tinstall Tcheck Ttotal Status Flags
r-devel-linux-x86_64-debian-clang 2.0.11 38.95 143.33 182.28 OK
r-devel-linux-x86_64-debian-gcc 2.0.11 38.53 109.87 148.40 OK
r-devel-linux-x86_64-fedora-clang 2.0.11 230.28 OK
r-devel-linux-x86_64-fedora-gcc 2.0.11 216.33 OK
r-devel-windows-ix86+x86_64 2.0.11 108.00 223.00 331.00 OK
r-patched-linux-x86_64 2.0.11 46.36 133.21 179.57 OK
r-patched-solaris-x86 2.0.11 338.50 OK
r-release-linux-x86_64 2.0.11 46.88 133.26 180.14 OK
r-release-windows-ix86+x86_64 2.0.11 111.00 228.00 339.00 OK
r-release-osx-x86_64 2.0.11 WARN
r-oldrel-windows-ix86+x86_64 2.0.11 89.00 307.00 396.00 OK
r-oldrel-osx-x86_64 2.0.11 WARN

Check Details

Version: 2.0.11
Check: whether package can be installed
Result: WARN
    Found the following significant warnings:
     Warning: 'rgl_init' failed, running with rgl.useNULL = TRUE
Flavors: r-release-osx-x86_64, r-oldrel-osx-x86_64