CRAN Package Check Results for Package hypervolume

Last updated on 2019-02-21 01:50:45 CET.

Flavor Version Tinstall Tcheck Ttotal Status Flags
r-devel-linux-x86_64-debian-clang 2.0.11 40.86 145.51 186.37 OK
r-devel-linux-x86_64-debian-gcc 2.0.11 33.73 110.47 144.20 OK
r-devel-linux-x86_64-fedora-clang 2.0.11 255.29 OK
r-devel-linux-x86_64-fedora-gcc 2.0.11 236.90 OK
r-devel-windows-ix86+x86_64 2.0.11 118.00 242.00 360.00 OK
r-patched-linux-x86_64 2.0.11 OK
r-patched-solaris-x86 2.0.11 339.80 OK
r-release-linux-x86_64 2.0.11 OK
r-release-windows-ix86+x86_64 2.0.11 76.00 307.00 383.00 OK
r-release-osx-x86_64 2.0.11 WARN
r-oldrel-windows-ix86+x86_64 2.0.11 77.00 241.00 318.00 OK
r-oldrel-osx-x86_64 2.0.11 WARN

Check Details

Version: 2.0.11
Check: whether package can be installed
Result: WARN
    Found the following significant warnings:
     Warning: 'rgl_init' failed, running with rgl.useNULL = TRUE
Flavors: r-release-osx-x86_64, r-oldrel-osx-x86_64