CRAN Package Check Results for Package hypervolume

Last updated on 2018-08-20 01:46:27 CEST.

Flavor Version Tinstall Tcheck Ttotal Status Flags
r-devel-linux-x86_64-debian-clang 2.0.11 35.84 152.14 187.98 OK
r-devel-linux-x86_64-debian-gcc 2.0.11 36.70 116.78 153.48 OK
r-devel-linux-x86_64-fedora-clang 2.0.11 233.17 OK
r-devel-linux-x86_64-fedora-gcc 2.0.11 229.04 OK
r-devel-windows-ix86+x86_64 2.0.11 110.00 292.00 402.00 OK
r-patched-linux-x86_64 2.0.11 44.50 124.07 168.57 OK
r-patched-solaris-x86 2.0.11 307.50 OK
r-release-linux-x86_64 2.0.11 40.18 125.22 165.40 OK
r-release-windows-ix86+x86_64 2.0.11 117.00 286.00 403.00 OK
r-release-osx-x86_64 2.0.11 WARN
r-oldrel-windows-ix86+x86_64 2.0.11 81.00 200.00 281.00 OK
r-oldrel-osx-x86_64 2.0.11 WARN

Check Details

Version: 2.0.11
Check: whether package can be installed
Result: WARN
    Found the following significant warnings:
     Warning: 'rgl_init' failed, running with rgl.useNULL = TRUE
Flavors: r-release-osx-x86_64, r-oldrel-osx-x86_64