CRAN Package Check Results for Package iBST

Last updated on 2018-09-24 15:50:14 CEST.

Flavor Version Tinstall Tcheck Ttotal Status Flags
r-devel-linux-x86_64-debian-clang 1.0 14.90 64.07 78.97 OK
r-devel-linux-x86_64-debian-gcc 1.0 10.70 51.87 62.57 OK
r-devel-linux-x86_64-fedora-clang 1.0 94.19 NOTE
r-devel-linux-x86_64-fedora-gcc 1.0 89.29 NOTE
r-devel-windows-ix86+x86_64 1.0 26.00 136.00 162.00 OK
r-patched-linux-x86_64 1.0 13.44 53.87 67.31 OK
r-patched-solaris-x86 1.0 116.10 OK
r-release-linux-x86_64 1.0 14.13 53.90 68.03 OK
r-release-windows-ix86+x86_64 1.0 36.00 147.00 183.00 OK
r-release-osx-x86_64 1.0 OK
r-oldrel-windows-ix86+x86_64 1.0 19.00 116.00 135.00 OK
r-oldrel-osx-x86_64 1.0 OK

Check Details

Version: 1.0
Check: compiled code
Result: NOTE
    File ‘iBST/libs/iBST.so’:
     Found no calls to: ‘R_registerRoutines’, ‘R_useDynamicSymbols’
    
    It is good practice to register native routines and to disable symbol
    search.
    
    See ‘Writing portable packages’ in the ‘Writing R Extensions’ manual.
Flavors: r-devel-linux-x86_64-fedora-clang, r-devel-linux-x86_64-fedora-gcc