CRAN Package Check Results for Package iBST

Last updated on 2018-06-20 17:48:40 CEST.

Flavor Version Tinstall Tcheck Ttotal Status Flags
r-devel-linux-x86_64-debian-clang 1.0 10.51 65.23 75.74 NOTE
r-devel-linux-x86_64-debian-gcc 1.0 10.50 51.48 61.98 NOTE
r-devel-linux-x86_64-fedora-clang 1.0 94.26 NOTE
r-devel-linux-x86_64-fedora-gcc 1.0 90.46 NOTE
r-devel-windows-ix86+x86_64 1.0 31.00 100.00 131.00 OK
r-patched-linux-x86_64 1.0 13.24 54.74 67.98 NOTE
r-patched-solaris-x86 1.0 117.90 OK
r-release-linux-x86_64 1.0 12.93 54.05 66.98 NOTE
r-release-windows-ix86+x86_64 1.0 20.00 121.00 141.00 OK
r-release-osx-x86_64 1.0 OK
r-oldrel-windows-ix86+x86_64 1.0 21.00 89.00 110.00 OK
r-oldrel-osx-x86_64 1.0 OK

Check Details

Version: 1.0
Check: compiled code
Result: NOTE
    File ‘iBST/libs/iBST.so’:
     Found no calls to: ‘R_registerRoutines’, ‘R_useDynamicSymbols’
    
    It is good practice to register native routines and to disable symbol
    search.
    
    See ‘Writing portable packages’ in the ‘Writing R Extensions’ manual.
Flavors: r-devel-linux-x86_64-debian-clang, r-devel-linux-x86_64-debian-gcc, r-devel-linux-x86_64-fedora-clang, r-devel-linux-x86_64-fedora-gcc, r-patched-linux-x86_64, r-release-linux-x86_64