CRAN Package Check Results for Package iBreakDown

Last updated on 2019-11-20 00:49:03 CET.

Flavor Version Tinstall Tcheck Ttotal Status Flags
r-devel-linux-x86_64-debian-clang 0.9.9 5.11 392.23 397.34 OK
r-devel-linux-x86_64-debian-gcc 0.9.9 4.10 320.20 324.30 OK
r-devel-linux-x86_64-fedora-clang 0.9.9 489.09 OK
r-devel-linux-x86_64-fedora-gcc 0.9.9 474.63 OK
r-devel-windows-ix86+x86_64 0.9.9 23.00 539.00 562.00 OK
r-devel-windows-ix86+x86_64-gcc8 0.9.9 10.00 499.00 509.00 OK
r-patched-linux-x86_64 0.9.9 4.34 371.25 375.59 OK
r-patched-solaris-x86 0.9.9 659.70 WARN
r-release-linux-x86_64 0.9.9 4.17 367.66 371.83 OK
r-release-windows-ix86+x86_64 0.9.9 15.00 613.00 628.00 OK
r-release-osx-x86_64 0.9.9 WARN
r-oldrel-windows-ix86+x86_64 0.9.9 7.00 434.00 441.00 WARN
r-oldrel-osx-x86_64 0.9.9 WARN

Check Details

Version: 0.9.9
Check: re-building of vignette outputs
Result: WARN
    Error(s) in re-building vignettes:
     ...
    --- re-building ‘vignette_iBreakDown_classification.Rmd’ using rmarkdown
    Warning in engine$weave(file, quiet = quiet, encoding = enc) :
     Pandoc (>= 1.12.3) and/or pandoc-citeproc not available. Falling back to R Markdown v1.
    Welcome to DALEX (version: 0.4.9).
    Find examples and detailed introduction at: https://pbiecek.github.io/PM_VEE/
    Additional features will be available after installation of: ingredients, ALEPlot, breakDown, pdp, factorMerger, ggpubr.
    Use 'install_dependencies()' to get all suggested dependencies
    randomForest 4.6-14
    Type rfNews() to see new features/changes/bug fixes.
    Quitting from lines 98-112 (vignette_iBreakDown_classification.Rmd)
    Error: processing vignette 'vignette_iBreakDown_classification.Rmd' failed with diagnostics:
    there is no package called 'webshot'
    --- failed re-building ‘vignette_iBreakDown_classification.Rmd’
    
    --- re-building ‘vignette_iBreakDown_description.Rmd’ using rmarkdown
    Warning in engine$weave(file, quiet = quiet, encoding = enc) :
     Pandoc (>= 1.12.3) and/or pandoc-citeproc not available. Falling back to R Markdown v1.
    Welcome to DALEX (version: 0.4.9).
    Find examples and detailed introduction at: https://pbiecek.github.io/PM_VEE/
    Additional features will be available after installation of: ingredients, ALEPlot, breakDown, pdp, factorMerger, ggpubr.
    Use 'install_dependencies()' to get all suggested dependencies
    randomForest 4.6-14
    Type rfNews() to see new features/changes/bug fixes.
    Warning in randomForest.default(m, y, ...) :
     The response has five or fewer unique values. Are you sure you want to do regression?
    --- finished re-building ‘vignette_iBreakDown_description.Rmd’
    
    --- re-building ‘vignette_iBreakDown_regression.Rmd’ using rmarkdown
    Warning in engine$weave(file, quiet = quiet, encoding = enc) :
     Pandoc (>= 1.12.3) and/or pandoc-citeproc not available. Falling back to R Markdown v1.
    Welcome to DALEX (version: 0.4.9).
    Find examples and detailed introduction at: https://pbiecek.github.io/PM_VEE/
    Additional features will be available after installation of: ingredients, ALEPlot, breakDown, pdp, factorMerger, ggpubr.
    Use 'install_dependencies()' to get all suggested dependencies
    randomForest 4.6-14
    Type rfNews() to see new features/changes/bug fixes.
    Loading required package: lattice
    Loading required package: ggplot2
    
    Attaching package: 'ggplot2'
    
    The following object is masked from 'package:randomForest':
    
     margin
    
    --- finished re-building ‘vignette_iBreakDown_regression.Rmd’
    
    --- re-building ‘vignette_iBreakDown_titanic.Rmd’ using rmarkdown
    Warning in engine$weave(file, quiet = quiet, encoding = enc) :
     Pandoc (>= 1.12.3) and/or pandoc-citeproc not available. Falling back to R Markdown v1.
    Welcome to DALEX (version: 0.4.9).
    Find examples and detailed introduction at: https://pbiecek.github.io/PM_VEE/
    Additional features will be available after installation of: ingredients, ALEPlot, breakDown, pdp, factorMerger, ggpubr.
    Use 'install_dependencies()' to get all suggested dependencies
    randomForest 4.6-14
    Type rfNews() to see new features/changes/bug fixes.
    Warning in randomForest.default(m, y, ...) :
     The response has five or fewer unique values. Are you sure you want to do regression?
    Quitting from lines 91-92 (vignette_iBreakDown_titanic.Rmd)
    Error: processing vignette 'vignette_iBreakDown_titanic.Rmd' failed with diagnostics:
    there is no package called 'webshot'
    --- failed re-building ‘vignette_iBreakDown_titanic.Rmd’
    
    SUMMARY: processing the following files failed:
     ‘vignette_iBreakDown_classification.Rmd’
     ‘vignette_iBreakDown_titanic.Rmd’
    
    Error: Vignette re-building failed.
    Execution halted
Flavor: r-patched-solaris-x86

Version: 0.9.9
Check: re-building of vignette outputs
Result: WARN
    Error(s) in re-building vignettes:
    --- re-building ‘vignette_iBreakDown_classification.Rmd’ using rmarkdown
    Warning in engine$weave(file, quiet = quiet, encoding = enc) :
     Pandoc (>= 1.12.3) and/or pandoc-citeproc not available. Falling back to R Markdown v1.
    Welcome to DALEX (version: 0.4.7).
    Find examples and detailed introduction at: https://pbiecek.github.io/PM_VEE/
    
    randomForest 4.6-14
    Type rfNews() to see new features/changes/bug fixes.
    PhantomJS not found. You can install it with webshot::install_phantomjs(). If it is installed, please make sure the phantomjs executable can be found via the PATH variable.
    Warning in normalizePath(f2) :
     path[1]="webshotaca3438cf5b4.png": No such file or directory
    Warning in file(con, "rb") :
     cannot open file 'webshotaca3438cf5b4.png': No such file or directory
    Quitting from lines 98-112 (vignette_iBreakDown_classification.Rmd)
    Error: processing vignette 'vignette_iBreakDown_classification.Rmd' failed with diagnostics:
    cannot open the connection
    --- failed re-building ‘vignette_iBreakDown_classification.Rmd’
    
    --- re-building ‘vignette_iBreakDown_description.Rmd’ using rmarkdown
    Warning in engine$weave(file, quiet = quiet, encoding = enc) :
     Pandoc (>= 1.12.3) and/or pandoc-citeproc not available. Falling back to R Markdown v1.
    Welcome to DALEX (version: 0.4.7).
    Find examples and detailed introduction at: https://pbiecek.github.io/PM_VEE/
    
    randomForest 4.6-14
    Type rfNews() to see new features/changes/bug fixes.
    Warning in randomForest.default(m, y, ...) :
     The response has five or fewer unique values. Are you sure you want to do regression?
    --- finished re-building ‘vignette_iBreakDown_description.Rmd’
    
    --- re-building ‘vignette_iBreakDown_regression.Rmd’ using rmarkdown
    Warning in engine$weave(file, quiet = quiet, encoding = enc) :
     Pandoc (>= 1.12.3) and/or pandoc-citeproc not available. Falling back to R Markdown v1.
    Welcome to DALEX (version: 0.4.7).
    Find examples and detailed introduction at: https://pbiecek.github.io/PM_VEE/
    
    randomForest 4.6-14
    Type rfNews() to see new features/changes/bug fixes.
    Loading required package: lattice
    Loading required package: ggplot2
    
    Attaching package: 'ggplot2'
    
    The following object is masked from 'package:randomForest':
    
     margin
    
    --- finished re-building ‘vignette_iBreakDown_regression.Rmd’
    
    --- re-building ‘vignette_iBreakDown_titanic.Rmd’ using rmarkdown
    Warning in engine$weave(file, quiet = quiet, encoding = enc) :
     Pandoc (>= 1.12.3) and/or pandoc-citeproc not available. Falling back to R Markdown v1.
    Welcome to DALEX (version: 0.4.7).
    Find examples and detailed introduction at: https://pbiecek.github.io/PM_VEE/
    
    randomForest 4.6-14
    Type rfNews() to see new features/changes/bug fixes.
    Warning in randomForest.default(m, y, ...) :
     The response has five or fewer unique values. Are you sure you want to do regression?
    PhantomJS not found. You can install it with webshot::install_phantomjs(). If it is installed, please make sure the phantomjs executable can be found via the PATH variable.
    Warning in normalizePath(f2) :
     path[1]="webshotacc953aea85e.png": No such file or directory
    Warning in file(con, "rb") :
     cannot open file 'webshotacc953aea85e.png': No such file or directory
    Quitting from lines 91-92 (vignette_iBreakDown_titanic.Rmd)
    Error: processing vignette 'vignette_iBreakDown_titanic.Rmd' failed with diagnostics:
    cannot open the connection
    --- failed re-building ‘vignette_iBreakDown_titanic.Rmd’
    
    SUMMARY: processing the following files failed:
     ‘vignette_iBreakDown_classification.Rmd’
     ‘vignette_iBreakDown_titanic.Rmd’
    
    Error: Vignette re-building failed.
    Execution halted
Flavor: r-release-osx-x86_64

Version: 0.9.9
Check: whether package can be installed
Result: WARN
    Found the following significant warnings:
     Warning: S3 methods '[.fun_list', '[.grouped_df', 'all.equal.tbl_df', 'anti_join.data.frame', 'anti_join.tbl_df', 'arrange.data.frame', 'arrange.default', 'arrange.grouped_df', 'arrange.tbl_df', 'arrange_.data.frame', 'arrange_.tbl_df', 'as.data.frame.grouped_df', 'as.data.frame.rowwise_df', 'as.data.frame.tbl_cube', 'as.table.tbl_cube', 'as.tbl.data.frame', 'as.tbl.tbl', 'as.tbl_cube.array', 'as.tbl_cube.data.frame', 'as.tbl_cube.matrix', 'as.tbl_cube.table', 'as_tibble.grouped_df', 'as_tibble.tbl_cube', 'auto_copy.tbl_cube', 'auto_copy.tbl_df', 'cbind.grouped_df', 'collapse.data.frame', 'collect.data.frame', 'common_by.NULL', 'common_by.character', 'common_by.default', 'common_by.list', 'compute.data.frame', 'copy_to.DBIConnection', 'copy_to.src_local', 'default_missing.data.frame', 'default_missing.default', 'dim.tbl_cube', 'distinct.data.frame', 'distinct.default', 'distinct.grouped_df', 'distinct.tbl_df', 'distinct_.data.frame', 'distinct_.grouped_df', 'distinct_.tbl_df', 'do.NULL', 'do.da [... truncated]
Flavor: r-oldrel-windows-ix86+x86_64

Version: 0.9.9
Check: re-building of vignette outputs
Result: WARN
    Error in re-building vignettes:
     ...
    Warning in engine$weave(file, quiet = quiet, encoding = enc) :
     Pandoc (>= 1.12.3) and/or pandoc-citeproc not available. Falling back to R Markdown v1.
    Welcome to DALEX (version: 0.4.7).
    Find examples and detailed introduction at: https://pbiecek.github.io/PM_VEE/
    
    randomForest 4.6-14
    Type rfNews() to see new features/changes/bug fixes.
    PhantomJS not found. You can install it with webshot::install_phantomjs(). If it is installed, please make sure the phantomjs executable can be found via the PATH variable.
    Warning in normalizePath(f2) :
     path[1]="webshot6a1c55d94b8c.png": No such file or directory
    Warning in file(con, "rb") :
     cannot open file 'webshot6a1c55d94b8c.png': No such file or directory
    Quitting from lines 98-112 (vignette_iBreakDown_classification.Rmd)
    Error: processing vignette 'vignette_iBreakDown_classification.Rmd' failed with diagnostics:
    cannot open the connection
    Execution halted
Flavor: r-oldrel-osx-x86_64