CRAN Package Check Results for Package iCARH

Last updated on 2021-12-08 07:50:53 CET.

Flavor Version Tinstall Tcheck Ttotal Status Flags
r-devel-linux-x86_64-debian-clang 2.0.2.1 9.42 270.26 279.68 OK
r-devel-linux-x86_64-debian-gcc 2.0.2.1 8.25 177.87 186.12 OK
r-devel-linux-x86_64-fedora-clang 2.0.2.1 329.14 OK
r-devel-linux-x86_64-fedora-gcc 2.0.2.1 289.44 OK
r-devel-windows-x86_64-new-UL 2.0.2.1 20.00 245.00 265.00 OK
r-devel-windows-x86_64-new-TK 2.0.2.1 OK
r-devel-windows-x86_64-old 2.0.2.1 18.00 244.00 262.00 OK
r-patched-linux-x86_64 2.0.2.1 8.86 222.65 231.51 OK
r-release-linux-x86_64 2.0.2.1 8.17 226.04 234.21 OK
r-release-macos-arm64 2.0.2.1 WARN
r-release-macos-x86_64 2.0.2.1 WARN
r-release-windows-ix86+x86_64 2.0.2.1 17.00 212.00 229.00 OK
r-oldrel-macos-x86_64 2.0.2.1 ERROR
r-oldrel-windows-ix86+x86_64 2.0.2.1 27.00 239.00 266.00 OK

Check Details

Version: 2.0.2.1
Check: re-building of vignette outputs
Result: WARN
    Error(s) in re-building vignettes:
     ...
    --- re-building ‘example.Rmd’ using rmarkdown
    Quitting from lines 87-91 (example.Rmd)
    Error: processing vignette 'example.Rmd' failed with diagnostics:
    attempt to set an attribute on NULL
    --- failed re-building ‘example.Rmd’
    
    SUMMARY: processing the following file failed:
     ‘example.Rmd’
    
    Error: Vignette re-building failed.
    Execution halted
Flavor: r-release-macos-arm64

Version: 2.0.2.1
Check: re-building of vignette outputs
Result: WARN
    Error(s) in re-building vignettes:
     ...
    --- re-building ‘example.Rmd’ using rmarkdown
    Pandoc is required to build R Markdown vignettes but not available. Please make sure it is installed.
Flavor: r-release-macos-x86_64

Version: 2.0.2.1
Check: package dependencies
Result: ERROR
    Package required but not available: ‘KEGGgraph’
    
    See section ‘The DESCRIPTION file’ in the ‘Writing R Extensions’
    manual.
Flavor: r-oldrel-macos-x86_64