CRAN Package Check Results for Package iClick

Last updated on 2021-04-15 01:50:25 CEST.

Flavor Version Tinstall Tcheck Ttotal Status Flags
r-devel-linux-x86_64-debian-clang 1.5 12.70 102.60 115.30 OK
r-devel-linux-x86_64-debian-gcc 1.5 10.46 79.88 90.34 OK
r-devel-linux-x86_64-fedora-clang 1.5 151.94 OK
r-devel-linux-x86_64-fedora-gcc 1.5 142.13 OK
r-devel-windows-ix86+x86_64 1.5 30.00 125.00 155.00 OK
r-devel-windows-x86_64-gcc10-UCRT 1.5 OK
r-patched-linux-x86_64 1.5 13.04 96.18 109.22 OK
r-patched-solaris-x86 1.5 216.90 OK
r-release-linux-x86_64 1.5 12.87 95.44 108.31 OK
r-release-macos-x86_64 1.5 OK
r-release-windows-ix86+x86_64 1.5 30.00 120.00 150.00 OK
r-oldrel-macos-x86_64 1.5 ERROR
r-oldrel-windows-ix86+x86_64 1.5 16.00 81.00 97.00 OK

Check Details

Version: 1.5
Check: examples
Result: ERROR
    Running examples in ‘iClick-Ex.R’ failed
    The error most likely occurred in:
    
    > ### Name: iClick.ARIMA
    > ### Title: iClick GUI for ARIMA
    > ### Aliases: iClick.ARIMA
    >
    > ### ** Examples
    >
    >
    > ##External data
    > data("world20")
    > y=na.omit(diff(log(world20[,1])))
    >
    > ## Simulation data
    > #dat=rnorm(200,5,1)
    > #y=ts(dat, start = c(1970, 1), frequency = 12)
    >
    > iClick.ARIMA(y)
    Error in structure(.External(.C_dotTclObjv, objv), class = "tclObj") :
     [tcl] invalid command name "toplevel".
    Calls: iClick.ARIMA ... tktoplevel -> tkwidget -> tcl -> .Tcl.objv -> structure
    Execution halted
Flavor: r-oldrel-macos-x86_64