CRAN Package Check Results for Package iSTATS

Last updated on 2021-05-08 11:50:29 CEST.

Flavor Version Tinstall Tcheck Ttotal Status Flags
r-devel-linux-x86_64-debian-clang 1.5 8.05 63.47 71.52 OK
r-devel-linux-x86_64-debian-gcc 1.5 6.96 47.84 54.80 OK
r-devel-linux-x86_64-fedora-clang 1.5 92.42 NOTE
r-devel-linux-x86_64-fedora-gcc 1.5 80.90 OK
r-devel-windows-ix86+x86_64 1.5 24.00 84.00 108.00 NOTE
r-devel-windows-x86_64-gcc10-UCRT 1.5 OK
r-patched-linux-x86_64 1.5 7.09 59.99 67.08 OK
r-patched-solaris-x86 1.5 127.40 NOTE
r-release-linux-x86_64 1.5 8.71 60.12 68.83 OK
r-release-macos-x86_64 1.5 NOTE
r-release-windows-ix86+x86_64 1.5 17.00 58.00 75.00 NOTE
r-oldrel-macos-x86_64 1.5 NOTE
r-oldrel-windows-ix86+x86_64 1.5 17.00 78.00 95.00 NOTE

Check Details

Version: 1.5
Check: installed package size
Result: NOTE
     installed size is 5.9Mb
     sub-directories of 1Mb or more:
     app 4.3Mb
     data 1.6Mb
Flavors: r-devel-linux-x86_64-fedora-clang, r-devel-windows-ix86+x86_64, r-patched-solaris-x86, r-release-macos-x86_64, r-release-windows-ix86+x86_64, r-oldrel-macos-x86_64, r-oldrel-windows-ix86+x86_64