CRAN Package Check Results for Package iTOP

Last updated on 2024-06-24 16:57:06 CEST.

Flavor Version Tinstall Tcheck Ttotal Status Flags
r-devel-linux-x86_64-debian-clang 1.0.2 2.84 116.86 119.70 NOTE
r-devel-linux-x86_64-debian-gcc 1.0.2 1.90 82.94 84.84 NOTE
r-devel-linux-x86_64-fedora-clang 1.0.2 151.28 NOTE
r-devel-linux-x86_64-fedora-gcc 1.0.2 148.62 NOTE
r-devel-windows-x86_64 1.0.2 3.00 103.00 106.00 NOTE
r-patched-linux-x86_64 1.0.2 2.99 109.84 112.83 NOTE
r-release-linux-x86_64 1.0.2 1.68 107.41 109.09 NOTE
r-release-macos-arm64 1.0.2 54.00 NOTE
r-release-macos-x86_64 1.0.2 104.00 NOTE
r-release-windows-x86_64 1.0.2 5.00 107.00 112.00 NOTE
r-oldrel-macos-arm64 1.0.2 60.00 NOTE
r-oldrel-macos-x86_64 1.0.2 95.00 NOTE
r-oldrel-windows-x86_64 1.0.2 3.00 128.00 131.00 NOTE

Check Details

Version: 1.0.2
Check: LazyData
Result: NOTE 'LazyData' is specified without a 'data' directory Flavors: r-devel-linux-x86_64-debian-clang, r-devel-linux-x86_64-debian-gcc, r-devel-linux-x86_64-fedora-clang, r-devel-linux-x86_64-fedora-gcc, r-devel-windows-x86_64, r-patched-linux-x86_64, r-release-linux-x86_64, r-release-macos-arm64, r-release-macos-x86_64, r-release-windows-x86_64, r-oldrel-macos-arm64, r-oldrel-macos-x86_64, r-oldrel-windows-x86_64