CRAN Package Check Results for Package ibdsim2

Last updated on 2021-05-08 04:47:15 CEST.

Flavor Version Tinstall Tcheck Ttotal Status Flags
r-devel-linux-x86_64-debian-clang 1.3.0 29.75 99.85 129.60 NOTE
r-devel-linux-x86_64-debian-gcc 1.3.0 19.66 74.46 94.12 NOTE
r-devel-linux-x86_64-fedora-clang 1.3.0 168.04 NOTE
r-devel-linux-x86_64-fedora-gcc 1.3.0 151.53 NOTE
r-devel-windows-ix86+x86_64 1.3.0 49.00 179.00 228.00 NOTE
r-devel-windows-x86_64-gcc10-UCRT 1.3.0 NOTE
r-patched-linux-x86_64 1.3.0 22.12 95.19 117.31 NOTE
r-patched-solaris-x86 1.3.0 197.70 OK
r-release-linux-x86_64 1.3.0 23.96 92.02 115.98 OK
r-release-macos-x86_64 1.3.0 OK
r-release-windows-ix86+x86_64 1.3.0 54.00 137.00 191.00 OK
r-oldrel-macos-x86_64 1.3.0 OK
r-oldrel-windows-ix86+x86_64 1.3.0 57.00 162.00 219.00 OK

Check Details

Version: 1.3.0
Check: LazyData
Result: NOTE
     'LazyData' is specified without a 'data' directory
Flavors: r-devel-linux-x86_64-debian-clang, r-devel-linux-x86_64-debian-gcc, r-devel-linux-x86_64-fedora-clang, r-devel-linux-x86_64-fedora-gcc, r-devel-windows-ix86+x86_64, r-devel-windows-x86_64-gcc10-UCRT, r-patched-linux-x86_64