CRAN Package Check Results for Package ibmcraftr

Last updated on 2022-05-26 18:49:04 CEST.

Flavor Version Tinstall Tcheck Ttotal Status Flags
r-devel-linux-x86_64-debian-clang 1.0.0 19.15 35.92 55.07 NOTE
r-devel-linux-x86_64-debian-gcc 1.0.0 15.59 31.05 46.64 NOTE
r-devel-linux-x86_64-fedora-clang 1.0.0 80.03 NOTE
r-devel-linux-x86_64-fedora-gcc 1.0.0 67.99 NOTE
r-devel-windows-x86_64 1.0.0 26.00 72.00 98.00 NOTE
r-patched-linux-x86_64 1.0.0 18.82 34.81 53.63 NOTE
r-release-linux-x86_64 1.0.0 16.83 35.49 52.32 NOTE
r-release-macos-arm64 1.0.0 23.00 NOTE
r-release-macos-x86_64 1.0.0 35.00 NOTE
r-release-windows-x86_64 1.0.0 25.00 72.00 97.00 NOTE
r-oldrel-macos-arm64 1.0.0 25.00 NOTE
r-oldrel-macos-x86_64 1.0.0 58.00 NOTE
r-oldrel-windows-ix86+x86_64 1.0.0 50.00 69.00 119.00 NOTE

Check Details

Version: 1.0.0
Check: LazyData
Result: NOTE
     'LazyData' is specified without a 'data' directory
Flavors: r-devel-linux-x86_64-debian-clang, r-devel-linux-x86_64-debian-gcc, r-devel-linux-x86_64-fedora-clang, r-devel-linux-x86_64-fedora-gcc, r-devel-windows-x86_64, r-patched-linux-x86_64, r-release-linux-x86_64, r-release-macos-arm64, r-release-macos-x86_64, r-release-windows-x86_64, r-oldrel-macos-arm64, r-oldrel-macos-x86_64, r-oldrel-windows-ix86+x86_64

Version: 1.0.0
Check: compiled code
Result: NOTE
    File ‘ibmcraftr/libs/ibmcraftr.so’:
     Found no calls to: ‘R_registerRoutines’, ‘R_useDynamicSymbols’
    
    It is good practice to register native routines and to disable symbol
    search.
    
    See ‘Writing portable packages’ in the ‘Writing R Extensions’ manual.
Flavors: r-devel-linux-x86_64-fedora-clang, r-devel-linux-x86_64-fedora-gcc