CRAN Package Check Results for Package ibmdbR

Last updated on 2018-11-18 12:46:24 CET.

Flavor Version Tinstall Tcheck Ttotal Status Flags
r-devel-linux-x86_64-debian-clang 1.50.0 17.95 109.92 127.87 NOTE
r-devel-linux-x86_64-debian-gcc 1.50.0 13.32 86.52 99.84 NOTE
r-devel-linux-x86_64-fedora-clang 1.50.0 152.93 NOTE
r-devel-linux-x86_64-fedora-gcc 1.50.0 144.60 NOTE
r-devel-windows-ix86+x86_64 1.50.0 31.00 113.00 144.00 OK
r-patched-linux-x86_64 1.50.0 15.37 105.94 121.31 NOTE
r-patched-solaris-x86 1.50.0 208.30 NOTE
r-release-linux-x86_64 1.50.0 15.17 106.37 121.54 NOTE
r-release-windows-ix86+x86_64 1.50.0 32.00 122.00 154.00 OK
r-release-osx-x86_64 1.50.0 OK
r-oldrel-windows-ix86+x86_64 1.50.0 21.00 161.00 182.00 OK
r-oldrel-osx-x86_64 1.50.0 OK

Check Details

Version: 1.50.0
Check: package dependencies
Result: NOTE
    Package suggested but not available for checking: ‘SparkR’
Flavors: r-devel-linux-x86_64-debian-clang, r-devel-linux-x86_64-debian-gcc, r-devel-linux-x86_64-fedora-clang, r-devel-linux-x86_64-fedora-gcc, r-patched-linux-x86_64, r-patched-solaris-x86, r-release-linux-x86_64