CRAN Package Check Results for Package ibmdbR

Last updated on 2019-02-16 19:47:30 CET.

Flavor Version Tinstall Tcheck Ttotal Status Flags
r-devel-linux-x86_64-debian-clang 1.50.0 17.78 114.85 132.63 NOTE
r-devel-linux-x86_64-debian-gcc 1.50.0 13.25 87.14 100.39 NOTE
r-devel-linux-x86_64-fedora-clang 1.50.0 159.37 NOTE
r-devel-linux-x86_64-fedora-gcc 1.50.0 154.28 NOTE
r-devel-windows-ix86+x86_64 1.50.0 33.00 126.00 159.00 OK
r-patched-linux-x86_64 1.50.0 14.37 106.65 121.02 NOTE
r-patched-solaris-x86 1.50.0 206.80 NOTE
r-release-linux-x86_64 1.50.0 NOTE
r-release-windows-ix86+x86_64 1.50.0 22.00 163.00 185.00 OK
r-release-osx-x86_64 1.50.0 OK
r-oldrel-windows-ix86+x86_64 1.50.0 19.00 214.00 233.00 OK
r-oldrel-osx-x86_64 1.50.0 OK

Check Details

Version: 1.50.0
Check: package dependencies
Result: NOTE
    Package suggested but not available for checking: ‘SparkR’
Flavors: r-devel-linux-x86_64-debian-clang, r-devel-linux-x86_64-debian-gcc, r-devel-linux-x86_64-fedora-clang, r-devel-linux-x86_64-fedora-gcc, r-patched-linux-x86_64, r-patched-solaris-x86, r-release-linux-x86_64