CRAN Package Check Results for Package ibmdbR

Last updated on 2022-12-08 22:59:50 CET.

Flavor Version Tinstall Tcheck Ttotal Status Flags
r-devel-linux-x86_64-debian-clang 1.50.0 25.49 166.18 191.67 NOTE
r-devel-linux-x86_64-debian-gcc 1.50.0 20.98 140.22 161.20 NOTE
r-devel-linux-x86_64-fedora-clang 1.50.0 256.95 NOTE
r-devel-linux-x86_64-fedora-gcc 1.50.0 259.93 NOTE
r-devel-windows-x86_64 1.50.0 64.00 252.00 316.00 NOTE
r-patched-linux-x86_64 1.50.0 21.54 155.37 176.91 NOTE
r-release-linux-x86_64 1.50.0 20.78 154.05 174.83 NOTE
r-release-macos-arm64 1.50.0 56.00 NOTE
r-release-macos-x86_64 1.50.0 104.00 NOTE
r-release-windows-x86_64 1.50.0 88.00 196.00 284.00 NOTE
r-oldrel-macos-arm64 1.50.0 92.00 OK
r-oldrel-macos-x86_64 1.50.0 88.00 NOTE
r-oldrel-windows-ix86+x86_64 1.50.0 47.00 180.00 227.00 OK

Check Details

Version: 1.50.0
Check: package dependencies
Result: NOTE
    Package suggested but not available for checking: 'SparkR'
Flavors: r-devel-linux-x86_64-debian-clang, r-devel-linux-x86_64-debian-gcc, r-devel-linux-x86_64-fedora-clang, r-devel-linux-x86_64-fedora-gcc, r-devel-windows-x86_64, r-patched-linux-x86_64, r-release-linux-x86_64, r-release-macos-arm64, r-release-macos-x86_64, r-release-windows-x86_64, r-oldrel-macos-x86_64