CRAN Package Check Results for Package ibmsunburst

Last updated on 2019-09-16 00:47:42 CEST.

Flavor Version Tinstall Tcheck Ttotal Status Flags
r-devel-linux-x86_64-debian-clang 0.1.1 2.32 26.08 28.40 NOTE
r-devel-linux-x86_64-debian-gcc 0.1.1 1.96 20.33 22.29 NOTE
r-devel-linux-x86_64-fedora-clang 0.1.1 34.57 OK
r-devel-linux-x86_64-fedora-gcc 0.1.1 34.03 OK
r-devel-windows-ix86+x86_64 0.1.1 10.00 41.00 51.00 NOTE
r-patched-linux-x86_64 0.1.1 2.01 25.70 27.71 OK
r-patched-solaris-x86 0.1.1 54.20 WARN
r-release-linux-x86_64 0.1.1 2.03 25.82 27.85 OK
r-release-windows-ix86+x86_64 0.1.1 7.00 63.00 70.00 OK
r-release-osx-x86_64 0.1.1 WARN
r-oldrel-windows-ix86+x86_64 0.1.1 5.00 40.00 45.00 OK
r-oldrel-osx-x86_64 0.1.1 WARN

Check Details

Version: 0.1.1
Check: package vignettes
Result: NOTE
    Package vignette with placeholder title 'Vignette Title':
     'ibmsunburst.Rmd'
Flavors: r-devel-linux-x86_64-debian-clang, r-devel-linux-x86_64-debian-gcc, r-devel-windows-ix86+x86_64

Version: 0.1.1
Check: re-building of vignette outputs
Result: WARN
    Error(s) in re-building vignettes:
     ...
    --- re-building ‘ibmsunburst.Rmd’ using rmarkdown
    Warning in engine$weave(file, quiet = quiet, encoding = enc) :
     Pandoc (>= 1.12.3) and/or pandoc-citeproc not available. Falling back to R Markdown v1.
    Quitting from lines 25-37 (ibmsunburst.Rmd)
    Error: processing vignette 'ibmsunburst.Rmd' failed with diagnostics:
    there is no package called 'webshot'
    --- failed re-building ‘ibmsunburst.Rmd’
    
    SUMMARY: processing the following file failed:
     ‘ibmsunburst.Rmd’
    
    Error: Vignette re-building failed.
    Execution halted
Flavor: r-patched-solaris-x86

Version: 0.1.1
Check: re-building of vignette outputs
Result: WARN
    Error(s) in re-building vignettes:
     ...
    --- re-building ‘ibmsunburst.Rmd’ using rmarkdown
    Warning in engine$weave(file, quiet = quiet, encoding = enc) :
     Pandoc (>= 1.12.3) and/or pandoc-citeproc not available. Falling back to R Markdown v1.
    Quitting from lines 25-37 (ibmsunburst.Rmd)
    Error: processing vignette 'ibmsunburst.Rmd' failed with diagnostics:
    cannot open the connection
    --- failed re-building ‘ibmsunburst.Rmd’
    
    SUMMARY: processing the following file failed:
     ‘ibmsunburst.Rmd’
    
    Error: Vignette re-building failed.
    Execution halted
Flavor: r-release-osx-x86_64

Version: 0.1.1
Check: re-building of vignette outputs
Result: WARN
    Error in re-building vignettes:
     ...
    Warning in engine$weave(file, quiet = quiet, encoding = enc) :
     Pandoc (>= 1.12.3) and/or pandoc-citeproc not available. Falling back to R Markdown v1.
    Quitting from lines 25-37 (ibmsunburst.Rmd)
    Error: processing vignette 'ibmsunburst.Rmd' failed with diagnostics:
    cannot open the connection
    Execution halted
Flavor: r-oldrel-osx-x86_64