CRAN Package Check Results for Package icd

Last updated on 2018-10-19 22:49:42 CEST.

Flavor Version Tinstall Tcheck Ttotal Status Flags
r-devel-linux-x86_64-debian-clang 3.2.1 180.34 173.42 353.76 OK
r-devel-linux-x86_64-debian-gcc 3.2.1 152.46 141.25 293.71 OK
r-devel-linux-x86_64-fedora-clang 3.2.1 495.02 NOTE
r-devel-linux-x86_64-fedora-gcc 3.2.1 445.79 OK
r-devel-windows-ix86+x86_64 3.2.1 468.00 238.00 706.00 WARN
r-patched-linux-x86_64 3.2.1 188.76 164.47 353.23 OK
r-patched-solaris-x86 3.2.1 482.00 NOTE
r-release-linux-x86_64 3.2.1 188.32 164.27 352.59 OK
r-release-windows-ix86+x86_64 3.2.1 398.00 311.00 709.00 WARN
r-release-osx-x86_64 3.2.1 NOTE
r-oldrel-windows-ix86+x86_64 3.2.1 325.00 327.00 652.00 WARN
r-oldrel-osx-x86_64 3.2.1 NOTE

Check Details

Version: 3.2.1
Check: installed package size
Result: NOTE
     installed size is 30.5Mb
     sub-directories of 1Mb or more:
     R 14.5Mb
     doc 5.1Mb
     libs 10.1Mb
Flavors: r-devel-linux-x86_64-fedora-clang, r-devel-windows-ix86+x86_64, r-patched-solaris-x86, r-release-windows-ix86+x86_64, r-release-osx-x86_64, r-oldrel-windows-ix86+x86_64, r-oldrel-osx-x86_64

Version: 3.2.1
Check: re-building of vignette outputs
Result: WARN
    Error in re-building vignettes:
     ...
    Error: processing vignette 'Efficient_calculation_of_comorbidities_from_medical_codes.Rmd' failed with diagnostics:
    pandoc version 2.2 or higher is required and was not found (see the help page ?rmarkdown::pandoc_available).
    Execution halted
Flavors: r-devel-windows-ix86+x86_64, r-release-windows-ix86+x86_64, r-oldrel-windows-ix86+x86_64