CRAN Package Check Results for Package icd

Last updated on 2018-05-28 10:48:52 CEST.

Flavor Version Tinstall Tcheck Ttotal Status Flags
r-devel-linux-x86_64-debian-clang 3.1.2 263.99 137.32 401.31 WARN
r-devel-linux-x86_64-debian-gcc 3.1.2 210.44 121.61 332.05 WARN
r-devel-linux-x86_64-fedora-clang 3.1.2 585.60 NOTE
r-devel-linux-x86_64-fedora-gcc 3.1.2 542.79 NOTE
r-devel-windows-ix86+x86_64 3.1.2 507.00 276.00 783.00 NOTE
r-patched-linux-x86_64 3.1.2 258.42 150.43 408.85 OK
r-patched-solaris-x86 3.1.2 557.80 NOTE
r-release-linux-x86_64 3.1.2 256.08 145.62 401.70 OK
r-release-windows-ix86+x86_64 3.1.2 673.00 344.00 1017.00 NOTE
r-release-osx-x86_64 3.1.2 NOTE
r-oldrel-windows-ix86+x86_64 3.1.2 676.00 283.00 959.00 NOTE
r-oldrel-osx-x86_64 2.4.1 NOTE

Check Details

Version: 3.1.2
Check: for unstated dependencies in ‘tests’
Result: WARN
    '::' or ':::' import not declared from: ‘lintr’
    'library' or 'require' call not declared from: ‘lintr’
Flavors: r-devel-linux-x86_64-debian-clang, r-devel-linux-x86_64-debian-gcc

Version: 3.1.2
Check: installed package size
Result: NOTE
     installed size is 21.7Mb
     sub-directories of 1Mb or more:
     R 1.5Mb
     data 1.4Mb
     doc 5.1Mb
     libs 13.1Mb
Flavors: r-devel-linux-x86_64-fedora-clang, r-devel-linux-x86_64-fedora-gcc, r-devel-windows-ix86+x86_64, r-patched-solaris-x86, r-release-windows-ix86+x86_64, r-release-osx-x86_64, r-oldrel-windows-ix86+x86_64

Version: 3.1.2
Check: data for non-ASCII characters
Result: NOTE
     Note: found 55 marked UTF-8 strings
Flavors: r-devel-linux-x86_64-fedora-clang, r-devel-linux-x86_64-fedora-gcc, r-patched-solaris-x86, r-release-osx-x86_64

Version: 2.4.1
Check: installed package size
Result: NOTE
     installed size is 15.4Mb
     sub-directories of 1Mb or more:
     R 1.5Mb
     data 1.3Mb
     doc 3.2Mb
     libs 8.9Mb
Flavor: r-oldrel-osx-x86_64

Version: 2.4.1
Check: data for non-ASCII characters
Result: NOTE
     Note: found 55 marked UTF-8 strings
Flavor: r-oldrel-osx-x86_64