CRAN Package Check Results for Package icd

Last updated on 2018-08-17 19:49:14 CEST.

Flavor Version Tinstall Tcheck Ttotal Status Flags
r-devel-linux-x86_64-debian-clang 3.2.0 249.36 171.14 420.50 OK
r-devel-linux-x86_64-debian-gcc 3.2.0 228.95 138.46 367.41 OK
r-devel-linux-x86_64-fedora-clang 3.2.0 594.65 NOTE
r-devel-linux-x86_64-fedora-gcc 3.2.0 567.33 NOTE
r-devel-windows-ix86+x86_64 3.2.0 724.00 315.00 1039.00 WARN
r-patched-linux-x86_64 3.2.0 278.92 165.45 444.37 OK
r-patched-solaris-x86 3.2.0 602.90 NOTE
r-release-linux-x86_64 3.2.0 279.23 165.32 444.55 OK
r-release-windows-ix86+x86_64 3.2.0 734.00 321.00 1055.00 WARN
r-release-osx-x86_64 3.2.0 NOTE
r-oldrel-windows-ix86+x86_64 3.2.0 586.00 341.00 927.00 WARN
r-oldrel-osx-x86_64 3.2.0 NOTE

Check Details

Version: 3.2.0
Check: installed package size
Result: NOTE
     installed size is 34.8Mb
     sub-directories of 1Mb or more:
     R 14.5Mb
     doc 5.9Mb
     libs 13.6Mb
Flavors: r-devel-linux-x86_64-fedora-clang, r-devel-windows-ix86+x86_64, r-patched-solaris-x86, r-release-windows-ix86+x86_64, r-release-osx-x86_64, r-oldrel-windows-ix86+x86_64, r-oldrel-osx-x86_64

Version: 3.2.0
Check: use of SHLIB_OPENMP_*FLAGS in Makefiles
Result: NOTE
     src/Makevars.win: SHLIB_OPENMP_CFLAGS is included in PKG_CFLAGS but not in PKG_LIBS
    Use of these macros is discussed in sect 1.2.1.1 of ‘Writing R
    Extensions’. The macros for different languages may differ so the
    matching macro must be used in PKG_CXXFLAGS (etc) and match that used
    in PKG_LIBS (except for F77: see the manual).
Flavors: r-devel-linux-x86_64-fedora-clang, r-devel-linux-x86_64-fedora-gcc

Version: 3.2.0
Check: re-building of vignette outputs
Result: WARN
    Error in re-building vignettes:
     ...
    Error: processing vignette 'Efficient_calculation_of_comorbidities_from_medical_codes.Rmd' failed with diagnostics:
    pandoc version 2.2 or higher is required and was not found (see the help page ?rmarkdown::pandoc_available).
    Execution halted
Flavors: r-devel-windows-ix86+x86_64, r-release-windows-ix86+x86_64, r-oldrel-windows-ix86+x86_64