CRAN Package Check Results for Package icd

Last updated on 2019-01-23 22:48:27 CET.

Flavor Version Tinstall Tcheck Ttotal Status Flags
r-devel-linux-x86_64-debian-clang 3.3 191.58 179.47 371.05 OK
r-devel-linux-x86_64-debian-gcc 3.3 163.39 144.22 307.61 OK
r-devel-linux-x86_64-fedora-clang 3.3 562.38 NOTE
r-devel-linux-x86_64-fedora-gcc 3.3 473.90 OK
r-devel-windows-ix86+x86_64 3.3 502.00 377.00 879.00 WARN
r-patched-linux-x86_64 3.3 197.76 165.44 363.20 OK
r-patched-solaris-x86 3.3 519.80 NOTE
r-release-linux-x86_64 3.3 211.31 163.81 375.12 OK
r-release-windows-ix86+x86_64 3.3 364.00 324.00 688.00 WARN
r-release-osx-x86_64 3.3 NOTE
r-oldrel-windows-ix86+x86_64 3.3 441.00 346.00 787.00 WARN
r-oldrel-osx-x86_64 3.3 NOTE

Check Details

Version: 3.3
Check: installed package size
Result: NOTE
     installed size is 30.5Mb
     sub-directories of 1Mb or more:
     R 14.5Mb
     doc 4.8Mb
     libs 10.3Mb
Flavors: r-devel-linux-x86_64-fedora-clang, r-devel-windows-ix86+x86_64, r-patched-solaris-x86, r-release-windows-ix86+x86_64, r-release-osx-x86_64, r-oldrel-windows-ix86+x86_64, r-oldrel-osx-x86_64

Version: 3.3
Check: re-building of vignette outputs
Result: WARN
    Error(s) in re-building vignettes:
    --- re-building 'CMS-HCC.Rmd' using rmarkdown
    --- finished re-building 'CMS-HCC.Rmd'
    
    --- re-building 'ICD-10.Rmd' using rmarkdown
    --- finished re-building 'ICD-10.Rmd'
    
    --- re-building 'PCCC.Rmd' using rmarkdown
    --- finished re-building 'PCCC.Rmd'
    
    --- re-building 'charlson-scores.Rmd' using rmarkdown
    --- finished re-building 'charlson-scores.Rmd'
    
    --- re-building 'compare-maps.Rmd' using rmarkdown
    --- finished re-building 'compare-maps.Rmd'
    
    --- re-building 'efficiency.Rmd' using rmarkdown
    Error: processing vignette 'efficiency.Rmd' failed with diagnostics:
    pandoc version 2.2 or higher is required and was not found (see the help page ?rmarkdown::pandoc_available).
    --- failed re-building 'efficiency.Rmd'
    
    --- re-building 'introduction.Rmd' using rmarkdown
    --- finished re-building 'introduction.Rmd'
    
    --- re-building 'ranges.Rmd' using rmarkdown
    --- finished re-building 'ranges.Rmd'
    
    SUMMARY: processing the following file failed:
     'efficiency.Rmd'
    
    Error: Vignette re-building failed.
    Execution halted
Flavor: r-devel-windows-ix86+x86_64

Version: 3.3
Check: re-building of vignette outputs
Result: WARN
    Error in re-building vignettes:
     ...
    Error: processing vignette 'efficiency.Rmd' failed with diagnostics:
    pandoc version 2.2 or higher is required and was not found (see the help page ?rmarkdown::pandoc_available).
    Execution halted
Flavors: r-release-windows-ix86+x86_64, r-oldrel-windows-ix86+x86_64