CRAN Package Check Results for Package icd

Last updated on 2018-02-19 09:52:55 CET.

Flavor Version Tinstall Tcheck Ttotal Status Flags
r-devel-linux-x86_64-debian-clang 2.3.1 179.20 125.54 304.74 OK
r-devel-linux-x86_64-debian-gcc 2.3.1 148.38 99.73 248.11 OK
r-devel-linux-x86_64-fedora-clang 2.3.1 422.51 NOTE
r-devel-linux-x86_64-fedora-gcc 2.3.1 390.32 NOTE
r-devel-windows-ix86+x86_64 2.3.1 298.00 190.00 488.00 NOTE
r-patched-linux-x86_64 2.3.1 178.57 146.93 325.50 OK
r-patched-solaris-x86 2.3.1 450.70 NOTE
r-release-linux-x86_64 2.3.1 177.98 144.47 322.45 OK
r-release-windows-ix86+x86_64 2.3.1 426.00 214.00 640.00 NOTE
r-release-osx-x86_64 2.3.1 NOTE
r-oldrel-windows-ix86+x86_64 2.3.1 425.00 280.00 705.00 NOTE
r-oldrel-osx-x86_64 2.3.1 NOTE

Check Details

Version: 2.3.1
Check: installed package size
Result: NOTE
     installed size is 6.7Mb
     sub-directories of 1Mb or more:
     R 1.5Mb
     data 1.3Mb
     doc 2.2Mb
     libs 1.3Mb
Flavors: r-devel-linux-x86_64-fedora-clang, r-devel-linux-x86_64-fedora-gcc, r-devel-windows-ix86+x86_64, r-patched-solaris-x86, r-release-windows-ix86+x86_64, r-release-osx-x86_64, r-oldrel-windows-ix86+x86_64, r-oldrel-osx-x86_64

Version: 2.3.1
Check: data for non-ASCII characters
Result: NOTE
     Note: found 55 marked UTF-8 strings
Flavors: r-devel-linux-x86_64-fedora-clang, r-devel-linux-x86_64-fedora-gcc, r-patched-solaris-x86, r-release-osx-x86_64, r-oldrel-osx-x86_64

Version: 2.3.1
Check: package dependencies
Result: NOTE
    Package suggested but not available for checking: ‘RODBC’
Flavor: r-oldrel-osx-x86_64