CRAN Package Check Results for Package icenReg

Last updated on 2021-01-25 01:46:52 CET.

Flavor Version Tinstall Tcheck Ttotal Status Flags
r-devel-linux-x86_64-debian-clang 2.0.15 82.48 168.77 251.25 OK
r-devel-linux-x86_64-debian-gcc 2.0.15 53.74 124.91 178.65 OK
r-devel-linux-x86_64-fedora-clang 2.0.15 310.77 NOTE
r-devel-linux-x86_64-fedora-gcc 2.0.15 301.36 OK
r-devel-windows-ix86+x86_64 2.0.15 146.00 349.00 495.00 OK
r-patched-linux-x86_64 2.0.15 62.34 160.74 223.08 OK
r-patched-solaris-x86 2.0.15 387.10 OK
r-release-linux-x86_64 2.0.15 65.38 160.52 225.90 OK
r-release-macos-x86_64 2.0.15 NOTE
r-release-windows-ix86+x86_64 2.0.15 103.00 338.00 441.00 OK
r-oldrel-macos-x86_64 2.0.15 NOTE
r-oldrel-windows-ix86+x86_64 2.0.15 105.00 330.00 435.00 OK

Check Details

Version: 2.0.15
Check: installed package size
Result: NOTE
     installed size is 15.5Mb
     sub-directories of 1Mb or more:
     libs 14.1Mb
Flavors: r-devel-linux-x86_64-fedora-clang, r-release-macos-x86_64, r-oldrel-macos-x86_64