CRAN Package Check Results for Package icensBKL

Last updated on 2022-08-14 17:51:29 CEST.

Flavor Version Tinstall Tcheck Ttotal Status Flags
r-devel-linux-x86_64-debian-clang 1.3 11.36 86.95 98.31 NOTE
r-devel-linux-x86_64-debian-gcc 1.3 8.26 64.50 72.76 NOTE
r-devel-linux-x86_64-fedora-clang 1.3 129.68 NOTE
r-devel-linux-x86_64-fedora-gcc 1.3 130.88 NOTE
r-devel-windows-x86_64 1.3 27.00 105.00 132.00 OK
r-patched-linux-x86_64 1.3 8.84 81.34 90.18 NOTE
r-release-linux-x86_64 1.3 7.13 82.00 89.13 NOTE
r-release-macos-arm64 1.3 38.00 NOTE
r-release-macos-x86_64 1.3 50.00 NOTE
r-release-windows-x86_64 1.3 29.00 107.00 136.00 OK
r-oldrel-macos-arm64 1.3 32.00 NOTE
r-oldrel-macos-x86_64 1.3 51.00 NOTE
r-oldrel-windows-ix86+x86_64 1.3 19.00 107.00 126.00 OK

Check Details

Version: 1.3
Check: package dependencies
Result: NOTE
    Packages suggested but not available for checking: 'glrt', 'MIICD'
Flavors: r-devel-linux-x86_64-debian-clang, r-devel-linux-x86_64-debian-gcc, r-devel-linux-x86_64-fedora-clang, r-devel-linux-x86_64-fedora-gcc, r-patched-linux-x86_64, r-release-linux-x86_64

Version: 1.3
Check: HTML version of manual
Result: NOTE
    Found the following math rendering problems:
    loglogistic.Rd:31-42: Unknown column alignment: @ in ...\begin{array}{r@{\;=\;}ll}
     \m...
Flavors: r-devel-linux-x86_64-debian-clang, r-devel-linux-x86_64-debian-gcc, r-devel-linux-x86_64-fedora-gcc

Version: 1.3
Check: package dependencies
Result: NOTE
    Package suggested but not available for checking: ‘mixAK’
Flavors: r-release-macos-arm64, r-oldrel-macos-arm64, r-oldrel-macos-x86_64

Version: 1.3
Check: package dependencies
Result: NOTE
    Packages suggested but not available for checking: 'mixAK', 'runjags'
Flavor: r-release-macos-x86_64