CRAN Package Check Results for Package icensBKL

Last updated on 2021-01-23 23:47:16 CET.

Flavor Version Tinstall Tcheck Ttotal Status Flags
r-devel-linux-x86_64-debian-clang 1.2 9.63 78.06 87.69 OK
r-devel-linux-x86_64-debian-gcc 1.2 7.10 60.27 67.37 OK
r-devel-linux-x86_64-fedora-clang 1.2 112.71 OK
r-devel-linux-x86_64-fedora-gcc 1.2 102.63 OK
r-devel-windows-ix86+x86_64 1.2 20.00 98.00 118.00 OK
r-patched-linux-x86_64 1.2 9.31 74.22 83.53 OK
r-patched-solaris-x86 1.2 146.20 OK
r-release-linux-x86_64 1.2 9.39 74.07 83.46 OK
r-release-macos-x86_64 1.2 NOTE
r-release-windows-ix86+x86_64 1.2 13.00 101.00 114.00 OK
r-oldrel-macos-x86_64 1.2 NOTE
r-oldrel-windows-ix86+x86_64 1.2 14.00 102.00 116.00 OK

Check Details

Version: 1.2
Check: package dependencies
Result: NOTE
    Package suggested but not available for checking: ‘mixAK’
Flavors: r-release-macos-x86_64, r-oldrel-macos-x86_64