Last updated on 2022-08-09 20:53:51 CEST.
Flavor | Version | Tinstall | Tcheck | Ttotal | Status | Flags |
---|---|---|---|---|---|---|
r-devel-linux-x86_64-debian-clang | 3.6.0 | 7.53 | 53.70 | 61.23 | OK | |
r-devel-linux-x86_64-debian-gcc | 3.6.0 | 4.88 | 40.98 | 45.86 | OK | |
r-devel-linux-x86_64-fedora-clang | 3.6.0 | 79.79 | NOTE | |||
r-devel-linux-x86_64-fedora-gcc | 3.6.0 | 78.82 | OK | |||
r-devel-windows-x86_64 | 3.6.0 | 65.00 | 89.00 | 154.00 | OK | |
r-patched-linux-x86_64 | 3.6.0 | 6.33 | 48.65 | 54.98 | OK | |
r-release-linux-x86_64 | 3.6.0 | OK | ||||
r-release-macos-arm64 | 3.6.0 | 23.00 | OK | |||
r-release-macos-x86_64 | 3.6.0 | 36.00 | OK | |||
r-release-windows-x86_64 | 3.6.0 | 42.00 | 82.00 | 124.00 | OK | |
r-oldrel-macos-arm64 | 3.6.0 | 31.00 | OK | |||
r-oldrel-macos-x86_64 | 3.6.0 | 45.00 | OK | |||
r-oldrel-windows-ix86+x86_64 | 3.6.0 | 13.00 | 78.00 | 91.00 | OK |
Version: 3.6.0
Check: Rd cross-references
Result: NOTE
Undeclared package ‘icesAdvice’ in Rd xrefs
Flavor: r-devel-linux-x86_64-fedora-clang