CRAN Package Check Results for Package iconr

Last updated on 2022-12-02 09:52:56 CET.

Flavor Version Tinstall Tcheck Ttotal Status Flags
r-devel-linux-x86_64-debian-clang 0.1.0 3.43 61.46 64.89 NOTE
r-devel-linux-x86_64-debian-gcc 0.1.0 2.45 39.91 42.36 NOTE
r-devel-linux-x86_64-fedora-clang 0.1.0 84.50 NOTE
r-devel-linux-x86_64-fedora-gcc 0.1.0 77.03 NOTE
r-devel-windows-x86_64 0.1.0 25.00 82.00 107.00 NOTE
r-patched-linux-x86_64 0.1.0 3.06 49.64 52.70 NOTE
r-release-linux-x86_64 0.1.0 2.88 50.55 53.43 NOTE
r-release-macos-arm64 0.1.0 37.00 NOTE
r-release-macos-x86_64 0.1.0 47.00 NOTE
r-release-windows-x86_64 0.1.0 27.00 89.00 116.00 NOTE
r-oldrel-macos-arm64 0.1.0 31.00 NOTE
r-oldrel-macos-x86_64 0.1.0 70.00 NOTE
r-oldrel-windows-ix86+x86_64 0.1.0 8.00 74.00 82.00 NOTE

Check Details

Version: 0.1.0
Check: LazyData
Result: NOTE
     'LazyData' is specified without a 'data' directory
Flavors: r-devel-linux-x86_64-debian-clang, r-devel-linux-x86_64-debian-gcc, r-devel-linux-x86_64-fedora-clang, r-devel-linux-x86_64-fedora-gcc, r-devel-windows-x86_64, r-patched-linux-x86_64, r-release-linux-x86_64, r-release-macos-arm64, r-release-macos-x86_64, r-release-windows-x86_64, r-oldrel-macos-arm64, r-oldrel-macos-x86_64, r-oldrel-windows-ix86+x86_64