CRAN Package Check Results for Package icosa

Last updated on 2018-08-21 16:50:26 CEST.

Flavor Version Tinstall Tcheck Ttotal Status Flags
r-devel-linux-x86_64-debian-clang 0.9.81 47.89 111.43 159.32 OK --no-vignettes
r-devel-linux-x86_64-debian-gcc 0.9.81 38.44 88.04 126.48 OK --no-vignettes
r-devel-linux-x86_64-fedora-clang 0.9.81 458.88 NOTE
r-devel-linux-x86_64-fedora-gcc 0.9.81 441.11 NOTE
r-devel-windows-ix86+x86_64 0.9.81 118.00 248.00 366.00 NOTE --no-vignettes
r-patched-linux-x86_64 0.9.81 47.81 100.77 148.58 OK --no-vignettes
r-patched-solaris-x86 0.9.81 496.40 NOTE
r-release-linux-x86_64 0.9.81 46.46 99.82 146.28 OK --no-vignettes
r-release-windows-ix86+x86_64 0.9.81 115.00 160.00 275.00 NOTE --no-vignettes
r-release-osx-x86_64 0.9.81 NOTE
r-oldrel-windows-ix86+x86_64 0.9.81 71.00 232.00 303.00 NOTE --no-vignettes
r-oldrel-osx-x86_64 0.9.81 NOTE

Check Details

Version: 0.9.81
Check: installed package size
Result: NOTE
     installed size is 6.3Mb
     sub-directories of 1Mb or more:
     doc 1.9Mb
     extdata 1.4Mb
     libs 2.2Mb
Flavors: r-devel-linux-x86_64-fedora-clang, r-release-osx-x86_64, r-oldrel-osx-x86_64

Version: 0.9.81
Check: dependencies in R code
Result: NOTE
    Namespace in Imports field not imported from: ‘rgdal’
     All declared Imports should be used.
Flavors: r-devel-linux-x86_64-fedora-clang, r-devel-linux-x86_64-fedora-gcc, r-patched-solaris-x86, r-release-osx-x86_64, r-oldrel-osx-x86_64

Version: 0.9.81
Flags: --no-vignettes
Check: installed package size
Result: NOTE
     installed size is 5.9Mb
     sub-directories of 1Mb or more:
     doc 1.9Mb
     extdata 1.4Mb
     libs 1.8Mb
Flavors: r-devel-windows-ix86+x86_64, r-release-windows-ix86+x86_64, r-oldrel-windows-ix86+x86_64