CRAN Package Check Results for Package icosa

Last updated on 2018-02-26 03:48:58 CET.

Flavor Version Tinstall Tcheck Ttotal Status Flags
r-devel-linux-x86_64-debian-clang 0.9.81 44.51 90.24 134.75 OK --no-vignettes
r-devel-linux-x86_64-debian-gcc 0.9.81 34.61 76.43 111.04 OK --no-vignettes
r-devel-linux-x86_64-fedora-clang 0.9.81 442.88 NOTE
r-devel-linux-x86_64-fedora-gcc 0.9.81 426.70 NOTE
r-devel-windows-ix86+x86_64 0.9.81 108.00 130.00 238.00 NOTE --no-vignettes
r-patched-linux-x86_64 0.9.81 35.48 110.14 145.62 OK --no-vignettes
r-patched-solaris-x86 0.9.81 443.70 NOTE
r-release-linux-x86_64 0.9.81 33.87 108.54 142.41 OK --no-vignettes
r-release-windows-ix86+x86_64 0.9.81 98.00 226.00 324.00 NOTE --no-vignettes
r-release-osx-x86_64 0.9.81 NOTE
r-oldrel-windows-ix86+x86_64 0.9.81 71.00 146.00 217.00 NOTE --no-vignettes
r-oldrel-osx-x86_64 0.9.81 NOTE

Check Details

Version: 0.9.81
Check: installed package size
Result: NOTE
     installed size is 6.2Mb
     sub-directories of 1Mb or more:
     doc 1.9Mb
     extdata 1.4Mb
     libs 2.1Mb
Flavors: r-devel-linux-x86_64-fedora-clang, r-devel-linux-x86_64-fedora-gcc, r-release-osx-x86_64, r-oldrel-osx-x86_64

Version: 0.9.81
Check: dependencies in R code
Result: NOTE
    Namespace in Imports field not imported from: ‘rgdal’
     All declared Imports should be used.
Flavors: r-devel-linux-x86_64-fedora-clang, r-devel-linux-x86_64-fedora-gcc, r-patched-solaris-x86, r-release-osx-x86_64, r-oldrel-osx-x86_64

Version: 0.9.81
Flags: --no-vignettes
Check: installed package size
Result: NOTE
     installed size is 5.9Mb
     sub-directories of 1Mb or more:
     doc 1.9Mb
     extdata 1.4Mb
     libs 1.8Mb
Flavors: r-devel-windows-ix86+x86_64, r-release-windows-ix86+x86_64, r-oldrel-windows-ix86+x86_64