CRAN Package Check Results for Package icosa

Last updated on 2018-11-17 10:51:09 CET.

Flavor Version Tinstall Tcheck Ttotal Status Flags
r-devel-linux-x86_64-debian-clang 0.9.81 53.28 112.03 165.31 WARN --no-vignettes
r-devel-linux-x86_64-debian-gcc 0.9.81 39.85 89.79 129.64 OK --no-vignettes
r-devel-linux-x86_64-fedora-clang 0.9.81 489.81 WARN
r-devel-linux-x86_64-fedora-gcc 0.9.81 428.73 NOTE
r-devel-windows-ix86+x86_64 0.9.81 112.00 219.00 331.00 NOTE --no-vignettes
r-patched-linux-x86_64 0.9.81 49.04 109.36 158.40 OK --no-vignettes
r-patched-solaris-x86 0.9.81 533.80 NOTE
r-release-linux-x86_64 0.9.81 48.84 106.88 155.72 OK --no-vignettes
r-release-windows-ix86+x86_64 0.9.81 118.00 243.00 361.00 NOTE --no-vignettes
r-release-osx-x86_64 0.9.81 NOTE
r-oldrel-windows-ix86+x86_64 0.9.81 102.00 233.00 335.00 NOTE --no-vignettes
r-oldrel-osx-x86_64 0.9.81 NOTE

Check Details

Version: 0.9.81
Flags: --no-vignettes
Check: whether package can be installed
Result: WARN
    Found the following significant warnings:
     RccpSource_.cpp:978:54: warning: explicitly assigning value of variable of type 'Rcpp::NumericVector' (aka 'Vector<14>') to itself [-Wself-assign-overloaded]
Flavor: r-devel-linux-x86_64-debian-clang

Version: 0.9.81
Check: whether package can be installed
Result: WARN
    Found the following significant warnings:
     RccpSource_.cpp:978:54: warning: explicitly assigning value of variable of type 'Rcpp::NumericVector' (aka 'Vector<14>') to itself [-Wself-assign-overloaded]
Flavor: r-devel-linux-x86_64-fedora-clang

Version: 0.9.81
Check: installed package size
Result: NOTE
     installed size is 6.4Mb
     sub-directories of 1Mb or more:
     doc 1.9Mb
     extdata 1.4Mb
     libs 2.3Mb
Flavors: r-devel-linux-x86_64-fedora-clang, r-release-osx-x86_64, r-oldrel-osx-x86_64

Version: 0.9.81
Check: dependencies in R code
Result: NOTE
    Namespace in Imports field not imported from: ‘rgdal’
     All declared Imports should be used.
Flavors: r-devel-linux-x86_64-fedora-clang, r-devel-linux-x86_64-fedora-gcc, r-patched-solaris-x86, r-release-osx-x86_64, r-oldrel-osx-x86_64

Version: 0.9.81
Flags: --no-vignettes
Check: installed package size
Result: NOTE
     installed size is 5.9Mb
     sub-directories of 1Mb or more:
     doc 1.9Mb
     extdata 1.4Mb
     libs 1.8Mb
Flavors: r-devel-windows-ix86+x86_64, r-release-windows-ix86+x86_64, r-oldrel-windows-ix86+x86_64