CRAN Package Check Results for Package icosa

Last updated on 2019-02-17 21:47:36 CET.

Flavor Version Tinstall Tcheck Ttotal Status Flags
r-devel-linux-x86_64-debian-clang 0.9.81 51.40 311.01 362.41 WARN
r-devel-linux-x86_64-debian-gcc 0.9.81 38.99 241.94 280.93 OK
r-devel-linux-x86_64-fedora-clang 0.9.81 466.58 WARN
r-devel-linux-x86_64-fedora-gcc 0.9.81 445.88 NOTE
r-devel-windows-ix86+x86_64 0.9.81 111.00 162.00 273.00 NOTE --no-vignettes
r-patched-linux-x86_64 0.9.81 44.54 302.22 346.76 OK
r-patched-solaris-x86 0.9.81 500.10 NOTE
r-release-linux-x86_64 0.9.81 OK
r-release-windows-ix86+x86_64 0.9.81 75.00 208.00 283.00 NOTE --no-vignettes
r-release-osx-x86_64 0.9.81 NOTE
r-oldrel-windows-ix86+x86_64 0.9.81 81.00 226.00 307.00 NOTE --no-vignettes
r-oldrel-osx-x86_64 0.9.81 NOTE

Check Details

Version: 0.9.81
Check: whether package can be installed
Result: WARN
    Found the following significant warnings:
     RccpSource_.cpp:978:54: warning: explicitly assigning value of variable of type 'Rcpp::NumericVector' (aka 'Vector<14>') to itself [-Wself-assign-overloaded]
Flavors: r-devel-linux-x86_64-debian-clang, r-devel-linux-x86_64-fedora-clang

Version: 0.9.81
Check: installed package size
Result: NOTE
     installed size is 6.5Mb
     sub-directories of 1Mb or more:
     doc 1.9Mb
     extdata 1.4Mb
     libs 2.3Mb
Flavors: r-devel-linux-x86_64-fedora-clang, r-release-osx-x86_64, r-oldrel-osx-x86_64

Version: 0.9.81
Check: dependencies in R code
Result: NOTE
    Namespace in Imports field not imported from: ‘rgdal’
     All declared Imports should be used.
Flavors: r-devel-linux-x86_64-fedora-clang, r-devel-linux-x86_64-fedora-gcc, r-patched-solaris-x86, r-release-osx-x86_64, r-oldrel-osx-x86_64

Version: 0.9.81
Flags: --no-vignettes
Check: installed package size
Result: NOTE
     installed size is 5.9Mb
     sub-directories of 1Mb or more:
     doc 1.9Mb
     extdata 1.4Mb
     libs 1.8Mb
Flavors: r-devel-windows-ix86+x86_64, r-release-windows-ix86+x86_64, r-oldrel-windows-ix86+x86_64