CRAN Package Check Results for Package icosa

Last updated on 2018-05-22 02:46:42 CEST.

Flavor Version Tinstall Tcheck Ttotal Status Flags
r-devel-linux-x86_64-debian-clang 0.9.81 47.38 98.80 146.18 OK --no-vignettes
r-devel-linux-x86_64-debian-gcc 0.9.81 37.95 86.05 124.00 OK --no-vignettes
r-devel-linux-x86_64-fedora-clang 0.9.81 461.56 NOTE
r-devel-linux-x86_64-fedora-gcc 0.9.81 438.12 NOTE
r-devel-windows-ix86+x86_64 0.9.81 83.00 247.00 330.00 NOTE --no-vignettes
r-patched-linux-x86_64 0.9.81 44.58 97.88 142.46 OK --no-vignettes
r-patched-solaris-x86 0.9.81 497.60 NOTE
r-release-linux-x86_64 0.9.81 45.40 97.35 142.75 OK --no-vignettes
r-release-windows-ix86+x86_64 0.9.81 81.00 200.00 281.00 NOTE --no-vignettes
r-release-osx-x86_64 0.9.81 NOTE
r-oldrel-windows-ix86+x86_64 0.9.81 99.00 246.00 345.00 NOTE --no-vignettes
r-oldrel-osx-x86_64 0.9.81 NOTE

Check Details

Version: 0.9.81
Check: installed package size
Result: NOTE
     installed size is 6.2Mb
     sub-directories of 1Mb or more:
     doc 1.9Mb
     extdata 1.4Mb
     libs 2.1Mb
Flavors: r-devel-linux-x86_64-fedora-clang, r-devel-linux-x86_64-fedora-gcc, r-release-osx-x86_64, r-oldrel-osx-x86_64

Version: 0.9.81
Check: dependencies in R code
Result: NOTE
    Namespace in Imports field not imported from: ‘rgdal’
     All declared Imports should be used.
Flavors: r-devel-linux-x86_64-fedora-clang, r-devel-linux-x86_64-fedora-gcc, r-patched-solaris-x86, r-release-osx-x86_64, r-oldrel-osx-x86_64

Version: 0.9.81
Flags: --no-vignettes
Check: installed package size
Result: NOTE
     installed size is 5.9Mb
     sub-directories of 1Mb or more:
     doc 1.9Mb
     extdata 1.4Mb
     libs 1.8Mb
Flavors: r-devel-windows-ix86+x86_64, r-release-windows-ix86+x86_64, r-oldrel-windows-ix86+x86_64