CRAN Package Check Results for Package idealstan

Last updated on 2018-08-19 09:48:06 CEST.

Flavor Version Tinstall Tcheck Ttotal Status Flags
r-devel-linux-x86_64-debian-clang 0.2.7 188.19 743.95 932.14 OK
r-devel-linux-x86_64-debian-gcc 0.2.7 175.80 537.42 713.22 OK
r-devel-linux-x86_64-fedora-clang 0.2.7 1105.16 NOTE
r-devel-linux-x86_64-fedora-gcc 0.2.7 1086.09 OK
r-devel-windows-ix86+x86_64 0.2.7 358.00 787.00 1145.00 NOTE
r-patched-linux-x86_64 0.2.7 187.40 652.43 839.83 OK
r-patched-solaris-x86 0.2.7 1798.10 NOTE
r-release-linux-x86_64 0.2.7 199.78 697.60 897.38 OK
r-release-windows-ix86+x86_64 0.2.7 372.00 819.00 1191.00 NOTE
r-release-osx-x86_64 0.2.7 WARN
r-oldrel-windows-ix86+x86_64 0.2.7 288.00 695.00 983.00 NOTE
r-oldrel-osx-x86_64 0.2.7 WARN

Check Details

Version: 0.2.7
Check: installed package size
Result: NOTE
     installed size is 39.8Mb
     sub-directories of 1Mb or more:
     data 3.5Mb
     libs 35.4Mb
Flavors: r-devel-linux-x86_64-fedora-clang, r-devel-windows-ix86+x86_64, r-patched-solaris-x86, r-release-windows-ix86+x86_64, r-release-osx-x86_64, r-oldrel-windows-ix86+x86_64, r-oldrel-osx-x86_64

Version: 0.2.7
Check: re-building of vignette outputs
Result: WARN
    Error in re-building vignettes:
     ...
    Warning in engine$weave(file, quiet = quiet, encoding = enc) :
     Pandoc (>= 1.12.3) and/or pandoc-citeproc not available. Falling back to R Markdown v1.
    Warning in engine$weave(file, quiet = quiet, encoding = enc) :
     Pandoc (>= 1.12.3) and/or pandoc-citeproc not available. Falling back to R Markdown v1.
    Warning in .local(object, ...) :
     some chains had errors; consider specifying chains = 1 to debug
    Quitting from lines 72-73 (Package_Introduction.Rmd)
    Error: processing vignette 'Package_Introduction.Rmd' failed with diagnostics:
    object 'all_resid' not found
    Execution halted
Flavors: r-release-osx-x86_64, r-oldrel-osx-x86_64