CRAN Package Check Results for Package idealstan

Last updated on 2018-02-25 09:50:21 CET.

Flavor Version Tinstall Tcheck Ttotal Status Flags
r-devel-linux-x86_64-debian-clang 0.2.7 272.82 715.91 988.73 OK
r-devel-linux-x86_64-debian-gcc 0.2.7 146.80 535.49 682.29 OK
r-devel-linux-x86_64-fedora-clang 0.2.7 1123.36 NOTE
r-devel-linux-x86_64-fedora-gcc 0.2.7 1026.97 NOTE
r-devel-windows-ix86+x86_64 0.2.7 349.00 845.00 1194.00 NOTE
r-patched-linux-x86_64 0.2.7 164.01 682.62 846.63 OK
r-patched-solaris-x86 0.2.7 1653.90 NOTE
r-release-linux-x86_64 0.2.7 169.28 688.72 858.00 OK
r-release-windows-ix86+x86_64 0.2.7 349.00 848.00 1197.00 NOTE
r-release-osx-x86_64 0.2.7 WARN
r-oldrel-windows-ix86+x86_64 0.2.7 289.00 709.00 998.00 NOTE

Additional issues

clang-UBSAN

Check Details

Version: 0.2.7
Check: installed package size
Result: NOTE
     installed size is 39.8Mb
     sub-directories of 1Mb or more:
     data 3.5Mb
     libs 35.4Mb
Flavors: r-devel-linux-x86_64-fedora-clang, r-devel-linux-x86_64-fedora-gcc, r-devel-windows-ix86+x86_64, r-patched-solaris-x86, r-release-windows-ix86+x86_64, r-release-osx-x86_64, r-oldrel-windows-ix86+x86_64

Version: 0.2.7
Check: re-building of vignette outputs
Result: WARN
    Error in re-building vignettes:
     ...
    Warning in engine$weave(file, quiet = quiet, encoding = enc) :
     Pandoc (>= 1.12.3) and/or pandoc-citeproc not available. Falling back to R Markdown v1.
    Warning in engine$weave(file, quiet = quiet, encoding = enc) :
     Pandoc (>= 1.12.3) and/or pandoc-citeproc not available. Falling back to R Markdown v1.
    Warning in .local(object, ...) :
     some chains had errors; consider specifying chains = 1 to debug
    Quitting from lines 72-73 (Package_Introduction.Rmd)
    Error: processing vignette 'Package_Introduction.Rmd' failed with diagnostics:
    object 'all_resid' not found
    Execution halted
Flavor: r-release-osx-x86_64