CRAN Package Check Results for Package idealstan

Last updated on 2019-02-21 01:50:46 CET.

Flavor Version Tinstall Tcheck Ttotal Status Flags
r-devel-linux-x86_64-debian-clang 0.7.1 409.00 95.96 504.96 NOTE
r-devel-linux-x86_64-debian-gcc 0.7.1 362.86 85.14 448.00 NOTE
r-devel-linux-x86_64-fedora-clang 0.7.1 778.91 NOTE
r-devel-linux-x86_64-fedora-gcc 0.7.1 676.68 NOTE
r-devel-windows-ix86+x86_64 0.7.1 724.00 232.00 956.00 NOTE
r-patched-linux-x86_64 0.7.0 NOTE
r-patched-solaris-x86 0.7.1 586.70 NOTE
r-release-linux-x86_64 0.7.1 NOTE
r-release-windows-ix86+x86_64 0.7.1 642.00 227.00 869.00 NOTE
r-release-osx-x86_64 0.7.1 NOTE
r-oldrel-windows-ix86+x86_64 0.5.1 427.00 174.00 601.00 NOTE
r-oldrel-osx-x86_64 0.7.1 NOTE

Check Details

Version: 0.7.1
Check: for GNU extensions in Makefiles
Result: NOTE
    GNU make is a SystemRequirements.
Flavors: r-devel-linux-x86_64-debian-clang, r-devel-linux-x86_64-debian-gcc, r-devel-linux-x86_64-fedora-clang, r-devel-linux-x86_64-fedora-gcc, r-devel-windows-ix86+x86_64, r-patched-solaris-x86, r-release-linux-x86_64, r-release-windows-ix86+x86_64, r-release-osx-x86_64, r-oldrel-osx-x86_64

Version: 0.7.1
Check: installed package size
Result: NOTE
     installed size is 64.7Mb
     sub-directories of 1Mb or more:
     libs 63.6Mb
Flavors: r-devel-linux-x86_64-fedora-clang, r-devel-windows-ix86+x86_64, r-patched-solaris-x86, r-release-windows-ix86+x86_64, r-release-osx-x86_64, r-oldrel-osx-x86_64

Version: 0.7.0
Check: for GNU extensions in Makefiles
Result: NOTE
    GNU make is a SystemRequirements.
Flavor: r-patched-linux-x86_64

Version: 0.5.1
Check: installed package size
Result: NOTE
     installed size is 7.2Mb
     sub-directories of 1Mb or more:
     libs 5.9Mb
Flavor: r-oldrel-windows-ix86+x86_64

Version: 0.5.1
Check: for GNU extensions in Makefiles
Result: NOTE
    GNU make is a SystemRequirements.
Flavor: r-oldrel-windows-ix86+x86_64