CRAN Package Check Results for Package idealstan

Last updated on 2018-11-18 14:46:36 CET.

Flavor Version Tinstall Tcheck Ttotal Status Flags
r-devel-linux-x86_64-debian-clang 0.5.0 312.16 87.89 400.05 NOTE
r-devel-linux-x86_64-debian-gcc 0.5.0 272.37 76.25 348.62 NOTE
r-devel-linux-x86_64-fedora-clang 0.5.0 536.81 NOTE
r-devel-linux-x86_64-fedora-gcc 0.5.0 477.65 NOTE
r-devel-windows-ix86+x86_64 0.5.0 552.00 160.00 712.00 NOTE
r-patched-linux-x86_64 0.5.0 295.72 92.33 388.05 NOTE
r-patched-solaris-x86 0.5.0 509.90 NOTE
r-release-linux-x86_64 0.5.0 292.77 92.67 385.44 NOTE
r-release-windows-ix86+x86_64 0.5.0 538.00 178.00 716.00 NOTE
r-release-osx-x86_64 0.5.0 NOTE
r-oldrel-windows-ix86+x86_64 0.5.0 398.00 252.00 650.00 NOTE
r-oldrel-osx-x86_64 0.5.0 NOTE

Check Details

Version: 0.5.0
Check: for GNU extensions in Makefiles
Result: NOTE
    GNU make is a SystemRequirements.
Flavors: r-devel-linux-x86_64-debian-clang, r-devel-linux-x86_64-debian-gcc, r-devel-linux-x86_64-fedora-clang, r-devel-linux-x86_64-fedora-gcc, r-devel-windows-ix86+x86_64, r-patched-linux-x86_64, r-patched-solaris-x86, r-release-linux-x86_64, r-release-windows-ix86+x86_64, r-release-osx-x86_64, r-oldrel-windows-ix86+x86_64, r-oldrel-osx-x86_64

Version: 0.5.0
Check: installed package size
Result: NOTE
     installed size is 52.5Mb
     sub-directories of 1Mb or more:
     libs 51.0Mb
Flavors: r-devel-linux-x86_64-fedora-clang, r-devel-windows-ix86+x86_64, r-release-windows-ix86+x86_64, r-release-osx-x86_64, r-oldrel-windows-ix86+x86_64, r-oldrel-osx-x86_64