CRAN Package Check Results for Package idealstan

Last updated on 2018-05-26 13:46:35 CEST.

Flavor Version Tinstall Tcheck Ttotal Status Flags
r-devel-linux-x86_64-debian-clang 0.2.7 280.73 730.81 1011.54 OK
r-devel-linux-x86_64-debian-gcc 0.2.7 161.38 527.54 688.92 OK
r-devel-linux-x86_64-fedora-clang 0.2.7 1154.86 NOTE
r-devel-linux-x86_64-fedora-gcc 0.2.7 1071.41 NOTE
r-devel-windows-ix86+x86_64 0.2.7 267.00 611.00 878.00 NOTE
r-patched-linux-x86_64 0.2.7 154.46 682.14 836.60 OK
r-patched-solaris-x86 0.2.7 1642.80 NOTE
r-release-linux-x86_64 0.2.7 160.97 686.33 847.30 OK
r-release-windows-ix86+x86_64 0.2.7 361.00 788.00 1149.00 NOTE
r-release-osx-x86_64 0.2.7 WARN
r-oldrel-windows-ix86+x86_64 0.2.7 352.00 667.00 1019.00 NOTE
r-oldrel-osx-x86_64 0.2.7 WARN

Check Details

Version: 0.2.7
Check: installed package size
Result: NOTE
     installed size is 39.8Mb
     sub-directories of 1Mb or more:
     data 3.5Mb
     libs 35.4Mb
Flavors: r-devel-linux-x86_64-fedora-clang, r-devel-linux-x86_64-fedora-gcc, r-devel-windows-ix86+x86_64, r-patched-solaris-x86, r-release-windows-ix86+x86_64, r-release-osx-x86_64, r-oldrel-windows-ix86+x86_64, r-oldrel-osx-x86_64

Version: 0.2.7
Check: re-building of vignette outputs
Result: WARN
    Error in re-building vignettes:
     ...
    Warning in engine$weave(file, quiet = quiet, encoding = enc) :
     Pandoc (>= 1.12.3) and/or pandoc-citeproc not available. Falling back to R Markdown v1.
    Warning in engine$weave(file, quiet = quiet, encoding = enc) :
     Pandoc (>= 1.12.3) and/or pandoc-citeproc not available. Falling back to R Markdown v1.
    Warning in .local(object, ...) :
     some chains had errors; consider specifying chains = 1 to debug
    Quitting from lines 72-73 (Package_Introduction.Rmd)
    Error: processing vignette 'Package_Introduction.Rmd' failed with diagnostics:
    object 'all_resid' not found
    Execution halted
Flavors: r-release-osx-x86_64, r-oldrel-osx-x86_64