CRAN Package Check Results for Package ifctools

Last updated on 2017-06-25 04:47:13.

Flavor Version Tinstall Tcheck Ttotal Status Flags
r-devel-linux-x86_64-debian-clang 0.3.2 1.42 11.17 12.59 NOTE
r-devel-linux-x86_64-debian-gcc 0.3.2 1.13 11.29 12.41 NOTE
r-devel-linux-x86_64-fedora-clang 0.3.2 19.76 NOTE
r-devel-linux-x86_64-fedora-gcc 0.3.2 18.64 NOTE
r-devel-windows-ix86+x86_64 0.3.2 9.00 46.00 55.00 OK
r-patched-linux-x86_64 0.3.2 1.21 10.93 12.14 NOTE
r-patched-solaris-sparc 0.3.2 119.10 OK
r-patched-solaris-x86 0.3.2 28.50 OK
r-release-linux-x86_64 0.3.2 1.17 11.40 12.57 NOTE
r-release-windows-ix86+x86_64 0.3.2 15.00 44.00 59.00 OK
r-release-osx-x86_64 0.3.2 OK
r-oldrel-windows-ix86+x86_64 0.3.2 18.00 40.00 58.00 OK
r-oldrel-osx-x86_64 0.3.2 OK

Check Details

Version: 0.3.2
Check: compiled code
Result: NOTE
    File ‘ifctools/libs/ifctools.so’:
     Found no calls to: ‘R_registerRoutines’, ‘R_useDynamicSymbols’
    
    It is good practice to register native routines and to disable symbol
    search.
    
    See ‘Writing portable packages’ in the ‘Writing R Extensions’ manual.
Flavors: r-devel-linux-x86_64-debian-clang, r-devel-linux-x86_64-debian-gcc, r-devel-linux-x86_64-fedora-clang, r-devel-linux-x86_64-fedora-gcc, r-patched-linux-x86_64, r-release-linux-x86_64