CRAN Package Check Results for Package ifctools

Last updated on 2018-07-18 07:31:24 CEST.

Flavor Version Tinstall Tcheck Ttotal Status Flags
r-devel-linux-x86_64-debian-clang 0.3.2 1.77 17.36 19.13 NOTE
r-devel-linux-x86_64-debian-gcc 0.3.2 1.49 14.15 15.64 NOTE
r-devel-linux-x86_64-fedora-clang 0.3.2 23.55 NOTE
r-devel-linux-x86_64-fedora-gcc 0.3.2 20.90 NOTE
r-devel-windows-ix86+x86_64 0.3.2 12.00 66.00 78.00 OK
r-patched-linux-x86_64 0.3.2 1.57 16.43 18.00 NOTE
r-patched-solaris-x86 0.3.2 35.00 OK
r-release-linux-x86_64 0.3.2 1.26 16.52 17.78 NOTE
r-release-windows-ix86+x86_64 0.3.2 12.00 55.00 67.00 OK
r-release-osx-x86_64 0.3.2 OK
r-oldrel-windows-ix86+x86_64 0.3.2 10.00 35.00 45.00 OK
r-oldrel-osx-x86_64 0.3.2 OK

Check Details

Version: 0.3.2
Check: compiled code
Result: NOTE
    File ‘ifctools/libs/ifctools.so’:
     Found no calls to: ‘R_registerRoutines’, ‘R_useDynamicSymbols’
    
    It is good practice to register native routines and to disable symbol
    search.
    
    See ‘Writing portable packages’ in the ‘Writing R Extensions’ manual.
Flavors: r-devel-linux-x86_64-debian-clang, r-devel-linux-x86_64-debian-gcc, r-devel-linux-x86_64-fedora-clang, r-devel-linux-x86_64-fedora-gcc, r-patched-linux-x86_64, r-release-linux-x86_64