CRAN Package Check Results for Package ifctools

Last updated on 2017-10-19 21:51:37.

Flavor Version Tinstall Tcheck Ttotal Status Flags
r-devel-linux-x86_64-debian-clang 0.3.2 1.23 10.77 12.00 NOTE
r-devel-linux-x86_64-debian-gcc 0.3.2 1.29 11.17 12.46 NOTE
r-devel-linux-x86_64-fedora-clang 0.3.2 20.28 NOTE
r-devel-linux-x86_64-fedora-gcc 0.3.2 19.59 NOTE
r-devel-windows-ix86+x86_64 0.3.2 8.00 31.00 39.00 OK
r-patched-linux-x86_64 0.3.2 1.09 11.24 12.33 NOTE
r-patched-solaris-x86 0.3.2 29.40 OK
r-release-linux-x86_64 0.3.2 1.38 10.98 12.36 NOTE
r-release-windows-ix86+x86_64 0.3.2 10.00 34.00 44.00 OK
r-release-osx-x86_64 0.3.2 OK
r-oldrel-windows-ix86+x86_64 0.3.2 8.00 38.00 46.00 OK
r-oldrel-osx-x86_64 0.3.2 OK

Check Details

Version: 0.3.2
Check: compiled code
Result: NOTE
    File ‘ifctools/libs/ifctools.so’:
     Found no calls to: ‘R_registerRoutines’, ‘R_useDynamicSymbols’
    
    It is good practice to register native routines and to disable symbol
    search.
    
    See ‘Writing portable packages’ in the ‘Writing R Extensions’ manual.
Flavors: r-devel-linux-x86_64-debian-clang, r-devel-linux-x86_64-debian-gcc, r-devel-linux-x86_64-fedora-clang, r-devel-linux-x86_64-fedora-gcc, r-patched-linux-x86_64, r-release-linux-x86_64