CRAN Package Check Results for Package ifctools

Last updated on 2017-08-20 10:46:21.

Flavor Version Tinstall Tcheck Ttotal Status Flags
r-devel-linux-x86_64-debian-clang 0.3.2 1.32 11.00 12.33 NOTE
r-devel-linux-x86_64-debian-gcc 0.3.2 1.23 11.07 12.29 NOTE
r-devel-linux-x86_64-fedora-clang 0.3.2 19.73 NOTE
r-devel-linux-x86_64-fedora-gcc 0.3.2 18.88 NOTE
r-devel-windows-ix86+x86_64 0.3.2 9.00 35.00 44.00 OK
r-patched-linux-x86_64 0.3.2 1.18 10.95 12.14 NOTE
r-patched-solaris-x86 0.3.2 28.70 OK
r-release-linux-x86_64 0.3.2 1.13 11.24 12.37 NOTE
r-release-windows-ix86+x86_64 0.3.2 13.00 39.00 52.00 OK
r-release-osx-x86_64 0.3.2 OK
r-oldrel-windows-ix86+x86_64 0.3.2 9.00 50.00 59.00 OK
r-oldrel-osx-x86_64 0.3.2 OK

Check Details

Version: 0.3.2
Check: compiled code
Result: NOTE
    File ‘ifctools/libs/ifctools.so’:
     Found no calls to: ‘R_registerRoutines’, ‘R_useDynamicSymbols’
    
    It is good practice to register native routines and to disable symbol
    search.
    
    See ‘Writing portable packages’ in the ‘Writing R Extensions’ manual.
Flavors: r-devel-linux-x86_64-debian-clang, r-devel-linux-x86_64-debian-gcc, r-devel-linux-x86_64-fedora-clang, r-devel-linux-x86_64-fedora-gcc, r-patched-linux-x86_64, r-release-linux-x86_64