CRAN Package Check Results for Package ifctools

Last updated on 2017-12-16 04:47:06 CET.

Flavor Version Tinstall Tcheck Ttotal Status Flags
r-devel-linux-x86_64-debian-clang 0.3.2 1.56 16.57 18.13 NOTE
r-devel-linux-x86_64-debian-gcc 0.3.2 1.32 13.85 15.17 NOTE
r-devel-linux-x86_64-fedora-clang 0.3.2 21.41 NOTE
r-devel-linux-x86_64-fedora-gcc 0.3.2 20.52 NOTE
r-devel-windows-ix86+x86_64 0.3.2 10.00 32.00 42.00 OK
r-patched-linux-x86_64 0.3.2 1.38 15.26 16.64 NOTE
r-patched-solaris-x86 0.3.2 28.90 OK
r-release-linux-x86_64 0.3.2 1.29 14.99 16.28 NOTE
r-release-windows-ix86+x86_64 0.3.2 9.00 33.00 42.00 OK
r-release-osx-x86_64 0.3.2 OK
r-oldrel-windows-ix86+x86_64 0.3.2 11.00 43.00 54.00 OK
r-oldrel-osx-x86_64 0.3.2 OK

Check Details

Version: 0.3.2
Check: compiled code
Result: NOTE
    File ‘ifctools/libs/ifctools.so’:
     Found no calls to: ‘R_registerRoutines’, ‘R_useDynamicSymbols’
    
    It is good practice to register native routines and to disable symbol
    search.
    
    See ‘Writing portable packages’ in the ‘Writing R Extensions’ manual.
Flavors: r-devel-linux-x86_64-debian-clang, r-devel-linux-x86_64-debian-gcc, r-devel-linux-x86_64-fedora-clang, r-devel-linux-x86_64-fedora-gcc, r-patched-linux-x86_64, r-release-linux-x86_64