CRAN Package Check Results for Package igraph

Last updated on 2018-04-24 18:48:04 CEST.

Flavor Version Tinstall Tcheck Ttotal Status Flags
r-devel-linux-x86_64-debian-clang 1.2.1 218.74 248.81 467.55 OK
r-devel-linux-x86_64-debian-gcc 1.2.1 171.56 192.50 364.06 OK
r-devel-linux-x86_64-fedora-clang 1.2.1 586.15 NOTE
r-devel-linux-x86_64-fedora-gcc 1.2.1 534.20 NOTE
r-devel-windows-ix86+x86_64 1.2.1 743.00 642.00 1385.00 NOTE
r-patched-linux-x86_64 1.2.1 202.39 244.75 447.14 OK
r-patched-solaris-x86 1.2.1 869.50 NOTE
r-release-linux-x86_64 1.2.1 207.46 246.99 454.45 OK
r-release-windows-ix86+x86_64 1.2.1 743.00 642.00 1385.00 NOTE
r-release-osx-x86_64 1.2.1 NOTE
r-oldrel-windows-ix86+x86_64 1.2.1 584.00 546.00 1130.00 NOTE
r-oldrel-osx-x86_64 1.2.1 NOTE

Additional issues

clang-UBSAN gcc-UBSAN

Check Details

Version: 1.2.1
Check: installed package size
Result: NOTE
     installed size is 16.0Mb
     sub-directories of 1Mb or more:
     R 1.4Mb
     help 1.1Mb
     libs 13.0Mb
Flavors: r-devel-linux-x86_64-fedora-clang, r-devel-linux-x86_64-fedora-gcc, r-devel-windows-ix86+x86_64, r-patched-solaris-x86, r-release-windows-ix86+x86_64, r-release-osx-x86_64, r-oldrel-windows-ix86+x86_64, r-oldrel-osx-x86_64