CRAN Package Check Results for Package igraph

Last updated on 2018-01-24 03:48:48 CET.

Flavor Version Tinstall Tcheck Ttotal Status Flags
r-devel-linux-x86_64-debian-clang 1.1.2 234.77 299.98 534.75 WARN
r-devel-linux-x86_64-debian-gcc 1.1.2 182.19 223.59 405.78 WARN
r-devel-linux-x86_64-fedora-clang 1.1.2 651.99 WARN
r-devel-linux-x86_64-fedora-gcc 1.1.2 583.46 WARN
r-devel-windows-ix86+x86_64 1.1.2 904.00 633.00 1537.00 WARN
r-patched-linux-x86_64 1.1.2 222.65 290.57 513.22 OK
r-patched-solaris-x86 1.1.2 1024.60 NOTE
r-release-linux-x86_64 1.1.2 223.51 296.10 519.61 OK
r-release-windows-ix86+x86_64 1.1.2 705.00 589.00 1294.00 NOTE
r-release-osx-x86_64 1.1.2 NOTE
r-oldrel-windows-ix86+x86_64 1.1.2 909.00 596.00 1505.00 NOTE
r-oldrel-osx-x86_64 1.1.2 NOTE

Additional issues

clang-UBSAN gcc-UBSAN OpenBLAS rchk valgrind

Check Details

Version: 1.1.2
Check: whether package can be installed
Result: WARN
    Found the following significant warnings:
     src/foreign-pajek-parser.y:449:41: warning: using floating point absolute value function 'fabs' when argument is of integer type [-Wabsolute-value]
     src/foreign-pajek-parser.y:453:44: warning: using floating point absolute value function 'fabs' when argument is of integer type [-Wabsolute-value]
     src/foreign-pajek-parser.y:464:41: warning: using floating point absolute value function 'fabs' when argument is of integer type [-Wabsolute-value]
     src/foreign-pajek-parser.y:468:44: warning: using floating point absolute value function 'fabs' when argument is of integer type [-Wabsolute-value]
     ./vector.pmt:1971:19: warning: using floating point absolute value function 'fabs' when argument is of integer type [-Wabsolute-value]
     ./vector.pmt:1971:19: warning: taking the absolute value of unsigned type 'unsigned int' has no effect [-Wabsolute-value]
Flavors: r-devel-linux-x86_64-debian-clang, r-devel-linux-x86_64-fedora-clang

Version: 1.1.2
Check: for portable use of $(BLAS_LIBS) and $(LAPACK_LIBS)
Result: WARN
     apparently using $(BLAS_LIBS) without following $(FLIBS) in ‘src/Makevars.in’
Flavors: r-devel-linux-x86_64-debian-clang, r-devel-linux-x86_64-debian-gcc, r-devel-windows-ix86+x86_64

Version: 1.1.2
Check: pragmas in C/C++ headers and code
Result: NOTE
    Files which contain pragma(s) suppressing diagnostics:
     ‘src/cs/cs_amd.c’ ‘src/cs/cs_lu.c’ ‘src/cs/cs_malloc.c’
     ‘src/cs/cs_qr.c’ ‘src/cs/cs_randperm.c’ ‘src/foreign-dl-lexer.c’
     ‘src/foreign-dl-parser.c’ ‘src/foreign-gml-lexer.c’
     ‘src/foreign-gml-parser.c’ ‘src/foreign-lgl-lexer.c’
     ‘src/foreign-lgl-parser.c’ ‘src/foreign-ncol-lexer.c’
     ‘src/foreign-ncol-parser.c’ ‘src/foreign-pajek-lexer.c’
     ‘src/foreign-pajek-parser.c’ ‘src/glpk/amd/amd_2.c’
     ‘src/glpk/amd/amd_aat.c’ ‘src/glpk/amd/amd_order.c’
     ‘src/glpk/colamd/colamd.c’ ‘src/glpk/glpapi01.c’
     ‘src/glpk/glpapi02.c’ ‘src/glpk/glpapi05.c’ ‘src/glpk/glpapi06.c’
     ‘src/glpk/glpapi11.c’ ‘src/glpk/glpapi12.c’ ‘src/glpk/glpapi15.c’
     ‘src/glpk/glpapi18.c’ ‘src/glpk/glpapi19.c’ ‘src/glpk/glpbfd.c’
     ‘src/glpk/glpcpx.c’ ‘src/glpk/glpdmx.c’ ‘src/glpk/glpenv01.c’
     ‘src/glpk/glpenv03.c’ ‘src/glpk/glpenv05.c’ ‘src/glpk/glpenv07.c’
     ‘src/glpk/glpfhv.c’ ‘src/glpk/glpgmp.c’ ‘src/glpk/glpini01.c’
     ‘src/glpk/glpini02.c’ ‘src/glpk/glpios01.c’ ‘src/glpk/glpios02.c’
     ‘src/glpk/glpios03.c’ ‘src/glpk/glpios04.c’ ‘src/glpk/glpios05.c’
     ‘src/glpk/glpios06.c’ ‘src/glpk/glpios08.c’ ‘src/glpk/glpios09.c’
     ‘src/glpk/glpios10.c’ ‘src/glpk/glpios11.c’ ‘src/glpk/glpios12.c’
     ‘src/glpk/glpipm.c’ ‘src/glpk/glplib02.c’ ‘src/glpk/glplib03.c’
     ‘src/glpk/glplpf.c’ ‘src/glpk/glplpx01.c’ ‘src/glpk/glplpx02.c’
     ‘src/glpk/glpluf.c’ ‘src/glpk/glpmat.c’ ‘src/glpk/glpmpl01.c’
     ‘src/glpk/glpmpl03.c’ ‘src/glpk/glpmpl04.c’ ‘src/glpk/glpmpl05.c’
     ‘src/glpk/glpmpl06.c’ ‘src/glpk/glpmps.c’ ‘src/glpk/glpnet04.c’
     ‘src/glpk/glpnet06.c’ ‘src/glpk/glpnet08.c’ ‘src/glpk/glpnet09.c’
     ‘src/glpk/glpnpp01.c’ ‘src/glpk/glpnpp03.c’ ‘src/glpk/glpnpp04.c’
     ‘src/glpk/glprng01.c’ ‘src/glpk/glpscf.c’ ‘src/glpk/glpsdf.c’
     ‘src/glpk/glpspx01.c’ ‘src/glpk/glpspx02.c’ ‘src/glpk/glpsql.c’
     ‘src/glpk/glpssx01.c’ ‘src/glpk/glptsp.c’ ‘src/qsort.c’
Flavors: r-devel-linux-x86_64-debian-clang, r-devel-linux-x86_64-debian-gcc, r-devel-linux-x86_64-fedora-clang, r-devel-linux-x86_64-fedora-gcc, r-devel-windows-ix86+x86_64

Version: 1.1.2
Check: installed package size
Result: NOTE
     installed size is 17.9Mb
     sub-directories of 1Mb or more:
     help 1.1Mb
     libs 15.8Mb
Flavors: r-devel-linux-x86_64-fedora-clang, r-devel-linux-x86_64-fedora-gcc, r-devel-windows-ix86+x86_64, r-patched-solaris-x86, r-release-windows-ix86+x86_64, r-release-osx-x86_64, r-oldrel-windows-ix86+x86_64, r-oldrel-osx-x86_64

Version: 1.1.2
Check: for portable use of $(BLAS_LIBS) and $(LAPACK_LIBS)
Result: WARN
     apparently using $(BLAS_LIBS) without following $(FLIBS) in ‘src/Makevars’
     apparently using $(BLAS_LIBS) without following $(FLIBS) in ‘src/Makevars.in’
Flavors: r-devel-linux-x86_64-fedora-clang, r-devel-linux-x86_64-fedora-gcc

Version: 1.1.2
Check: package dependencies
Result: NOTE
    Package suggested but not available for checking: ‘graph’
Flavor: r-release-osx-x86_64