CRAN Package Check Results for Package igraph

Last updated on 2018-12-18 14:47:22 CET.

Flavor Version Tinstall Tcheck Ttotal Status Flags
r-devel-linux-x86_64-debian-clang 1.2.2 236.70 253.49 490.19 ERROR
r-devel-linux-x86_64-debian-gcc 1.2.2 171.03 197.32 368.35 ERROR
r-devel-linux-x86_64-fedora-clang 1.2.2 613.47 NOTE
r-devel-linux-x86_64-fedora-gcc 1.2.2 550.02 WARN
r-devel-windows-ix86+x86_64 1.2.2 854.00 690.00 1544.00 NOTE
r-patched-linux-x86_64 1.2.2 211.99 245.86 457.85 OK
r-patched-solaris-x86 1.2.2 874.10 NOTE
r-release-linux-x86_64 1.2.2 212.64 243.80 456.44 OK
r-release-windows-ix86+x86_64 1.2.2 629.00 567.00 1196.00 NOTE
r-release-osx-x86_64 1.2.2 NOTE
r-oldrel-windows-ix86+x86_64 1.2.2 780.00 681.00 1461.00 NOTE
r-oldrel-osx-x86_64 1.2.2 NOTE

Additional issues

clang-UBSAN gcc-UBSAN rchk

Check Details

Version: 1.2.2
Check: tests
Result: ERROR
     Running ‘testthat.R’ [79s/83s]
    Running the tests in ‘tests/testthat.R’ failed.
    Complete output:
     > library(testthat)
     > library(igraph)
    
     Attaching package: 'igraph'
    
     The following object is masked from 'package:testthat':
    
     compare
    
     The following objects are masked from 'package:stats':
    
     decompose, spectrum
    
     The following object is masked from 'package:base':
    
     union
    
     >
     > test_check("igraph")
     ── 1. Failure: Kamada-Kawai layout generator works (@test_layout.kk.R#25) ─────
     `x` not equal to `expected`.
     1/1 mismatches
     [1] -84.8 - -86.1 == 1.32
    
     ══ testthat results ═══════════════════════════════════════════════════════
     OK: 3313 SKIPPED: 3 FAILED: 1
     1. Failure: Kamada-Kawai layout generator works (@test_layout.kk.R#25)
    
     Error: testthat unit tests failed
     Execution halted
Flavor: r-devel-linux-x86_64-debian-clang

Version: 1.2.2
Check: whether package can be installed
Result: WARN
    Found the following significant warnings:
     DensityGrid.cpp:79:20: warning: catching polymorphic type ‘class std::bad_alloc’ by value [-Wcatch-value=]
     DensityGrid_3d.cpp:79:20: warning: catching polymorphic type ‘class std::bad_alloc’ by value [-Wcatch-value=]
Flavors: r-devel-linux-x86_64-debian-gcc, r-devel-linux-x86_64-fedora-gcc

Version: 1.2.2
Check: tests
Result: ERROR
     Running ‘testthat.R’ [64s/81s]
    Running the tests in ‘tests/testthat.R’ failed.
    Complete output:
     > library(testthat)
     > library(igraph)
    
     Attaching package: 'igraph'
    
     The following object is masked from 'package:testthat':
    
     compare
    
     The following objects are masked from 'package:stats':
    
     decompose, spectrum
    
     The following object is masked from 'package:base':
    
     union
    
     >
     > test_check("igraph")
     ── 1. Failure: Kamada-Kawai layout generator works (@test_layout.kk.R#25) ─────
     `x` not equal to `expected`.
     1/1 mismatches
     [1] -84.8 - -86.1 == 1.32
    
     ══ testthat results ═══════════════════════════════════════════════════════
     OK: 3313 SKIPPED: 3 FAILED: 1
     1. Failure: Kamada-Kawai layout generator works (@test_layout.kk.R#25)
    
     Error: testthat unit tests failed
     Execution halted
Flavor: r-devel-linux-x86_64-debian-gcc

Version: 1.2.2
Check: installed package size
Result: NOTE
     installed size is 16.6Mb
     sub-directories of 1Mb or more:
     R 1.4Mb
     help 1.1Mb
     libs 13.7Mb
Flavors: r-devel-linux-x86_64-fedora-clang, r-devel-windows-ix86+x86_64, r-patched-solaris-x86, r-release-windows-ix86+x86_64, r-release-osx-x86_64, r-oldrel-windows-ix86+x86_64, r-oldrel-osx-x86_64