CRAN Package Check Results for Package igraph

Last updated on 2018-07-17 13:47:18 CEST.

Flavor Version Tinstall Tcheck Ttotal Status Flags
r-devel-linux-x86_64-debian-clang 1.2.1 216.70 252.04 468.74 WARN
r-devel-linux-x86_64-debian-gcc 1.2.1 167.86 197.97 365.83 WARN
r-devel-linux-x86_64-fedora-clang 1.2.1 598.88 WARN
r-devel-linux-x86_64-fedora-gcc 1.2.1 552.85 WARN
r-devel-windows-ix86+x86_64 1.2.1 802.00 856.00 1658.00 WARN
r-patched-linux-x86_64 1.2.1 203.75 248.09 451.84 OK
r-patched-solaris-x86 1.2.1 860.80 NOTE
r-release-linux-x86_64 1.2.1 214.59 249.61 464.20 OK
r-release-windows-ix86+x86_64 1.2.1 757.00 748.00 1505.00 NOTE
r-release-osx-x86_64 1.2.1 NOTE
r-oldrel-windows-ix86+x86_64 1.2.1 553.00 782.00 1335.00 NOTE
r-oldrel-osx-x86_64 1.2.1 NOTE

Additional issues

clang-UBSAN gcc-UBSAN rchk

Check Details

Version: 1.2.1
Check: for unstated dependencies in ‘tests’
Result: WARN
    'library' or 'require' call not declared from: ‘digest’
Flavors: r-devel-linux-x86_64-debian-clang, r-devel-linux-x86_64-debian-gcc, r-devel-linux-x86_64-fedora-clang, r-devel-linux-x86_64-fedora-gcc, r-devel-windows-ix86+x86_64

Version: 1.2.1
Check: installed package size
Result: NOTE
     installed size is 16.1Mb
     sub-directories of 1Mb or more:
     R 1.4Mb
     help 1.1Mb
     libs 13.2Mb
Flavors: r-devel-linux-x86_64-fedora-clang, r-devel-windows-ix86+x86_64, r-patched-solaris-x86, r-release-windows-ix86+x86_64, r-release-osx-x86_64, r-oldrel-windows-ix86+x86_64, r-oldrel-osx-x86_64