CRAN Package Check Results for Package igraph

Last updated on 2018-09-25 09:47:16 CEST.

Flavor Version Tinstall Tcheck Ttotal Status Flags
r-devel-linux-x86_64-debian-clang 1.2.2 223.35 244.34 467.69 OK
r-devel-linux-x86_64-debian-gcc 1.2.2 168.63 197.75 366.38 OK
r-devel-linux-x86_64-fedora-clang 1.2.2 630.46 NOTE
r-devel-linux-x86_64-fedora-gcc 1.2.2 566.02 WARN
r-devel-windows-ix86+x86_64 1.2.2 825.00 740.00 1565.00 NOTE
r-patched-linux-x86_64 1.2.2 207.93 240.63 448.56 OK
r-patched-solaris-x86 1.2.2 852.10 NOTE
r-release-linux-x86_64 1.2.2 208.81 243.75 452.56 OK
r-release-windows-ix86+x86_64 1.2.2 626.00 748.00 1374.00 NOTE
r-release-osx-x86_64 1.2.2 NOTE
r-oldrel-windows-ix86+x86_64 1.2.2 573.00 643.00 1216.00 NOTE
r-oldrel-osx-x86_64 1.2.2 NOTE

Additional issues

clang-UBSAN gcc-UBSAN rchk

Check Details

Version: 1.2.2
Check: installed package size
Result: NOTE
     installed size is 16.6Mb
     sub-directories of 1Mb or more:
     R 1.4Mb
     help 1.1Mb
     libs 13.7Mb
Flavors: r-devel-linux-x86_64-fedora-clang, r-devel-windows-ix86+x86_64, r-patched-solaris-x86, r-release-windows-ix86+x86_64, r-release-osx-x86_64, r-oldrel-windows-ix86+x86_64, r-oldrel-osx-x86_64

Version: 1.2.2
Check: whether package can be installed
Result: WARN
    Found the following significant warnings:
     DensityGrid.cpp:79:20: warning: catching polymorphic type ‘class std::bad_alloc’ by value [-Wcatch-value=]
     DensityGrid_3d.cpp:79:20: warning: catching polymorphic type ‘class std::bad_alloc’ by value [-Wcatch-value=]
Flavor: r-devel-linux-x86_64-fedora-gcc