CRAN Package Check Results for Package igraph

Last updated on 2020-02-20 21:47:30 CET.

Flavor Version Tinstall Tcheck Ttotal Status Flags
r-devel-linux-x86_64-debian-clang 1.2.4.2 257.66 268.35 526.01 WARN
r-devel-linux-x86_64-debian-gcc 1.2.4.2 161.63 207.95 369.58 WARN
r-devel-linux-x86_64-fedora-clang 1.2.4.2 677.84 WARN
r-devel-linux-x86_64-fedora-gcc 1.2.4.2 600.33 WARN
r-devel-windows-ix86+x86_64 1.2.4.2 589.00 710.00 1299.00 WARN
r-devel-windows-ix86+x86_64-gcc8 1.2.4.2 800.00 826.00 1626.00 ERROR
r-patched-linux-x86_64 1.2.4.2 183.10 243.99 427.09 WARN
r-patched-solaris-x86 1.2.4.2 914.20 WARN
r-release-linux-x86_64 1.2.4.2 185.30 247.64 432.94 OK
r-release-windows-ix86+x86_64 1.2.4.2 611.00 678.00 1289.00 NOTE
r-release-osx-x86_64 1.2.4.2 NOTE
r-oldrel-windows-ix86+x86_64 1.2.4.2 585.00 597.00 1182.00 NOTE
r-oldrel-osx-x86_64 1.2.4.2 NOTE

Additional issues

gcc10 LTO

Check Details

Version: 1.2.4.2
Check: Rd \usage sections
Result: WARN
    Documented arguments not in \usage in documentation object 'sample_dot_product':
     '...'
    
    Documented arguments not in \usage in documentation object 'sample_hierarchical_sbm':
     '...'
    
    Documented arguments not in \usage in documentation object 'sample_sbm':
     '...'
    
    Functions with \usage entries need to have the appropriate \alias
    entries, and all their arguments documented.
    The \usage entries must correspond to syntactically valid R code.
    See chapter 'Writing R documentation files' in the 'Writing R
    Extensions' manual.
Flavors: r-devel-linux-x86_64-debian-clang, r-devel-linux-x86_64-debian-gcc, r-devel-linux-x86_64-fedora-clang, r-devel-linux-x86_64-fedora-gcc, r-patched-linux-x86_64, r-patched-solaris-x86

Version: 1.2.4.2
Check: installed package size
Result: NOTE
     installed size is 16.5Mb
     sub-directories of 1Mb or more:
     R 1.4Mb
     help 1.1Mb
     libs 13.5Mb
Flavors: r-devel-linux-x86_64-fedora-clang, r-devel-windows-ix86+x86_64, r-devel-windows-ix86+x86_64-gcc8, r-patched-solaris-x86, r-release-windows-ix86+x86_64, r-release-osx-x86_64, r-oldrel-windows-ix86+x86_64, r-oldrel-osx-x86_64

Version: 1.2.4.2
Check: whether package can be installed
Result: WARN
    Found the following significant warnings:
     uuid/gen_uuid.c:321:11: warning: ordered comparison of pointer with integer zero [-Wpedantic]
Flavors: r-devel-windows-ix86+x86_64, r-devel-windows-ix86+x86_64-gcc8

Version: 1.2.4.2
Check: running tests for arch ‘i386’
Result: ERROR
     Running 'testthat.R' [191s]
    Running the tests in 'tests/testthat.R' failed.
    Complete output:
     > library(testthat)
     > library(igraph)
    
     Attaching package: 'igraph'
    
     The following object is masked from 'package:testthat':
    
     compare
    
     The following objects are masked from 'package:stats':
    
     decompose, spectrum
    
     The following object is masked from 'package:base':
    
     union
    
     >
     > suppressWarnings(RNGversion("3.5.0"))
     > test_check("igraph")
     -- 1. Failure: (@test_layout.fr.R#13) ----------------------------------------
     `x` not equal to `expected`.
     1/1 mismatches
     [1] 10.8 - 10.8 == 7.97e-05
    
     -- 2. Failure: (@test_layout.fr.R#22) ----------------------------------------
     `x` not equal to `expected`.
     1/1 mismatches
     [1] 941 - 1004 == -62.5
    
     -- 3. Failure: SIR works (@test_sir.R#15) ---------------------------------
     `x` not equal to `expected`.
     1/1 mismatches
     x[1]: "bc42d0cbe0bb3321e83979c0432f9cea"
     y[1]: "b73a8ad03b832b3543f2f03d07330398"
    
     == testthat results =======================================================
     [ OK: 3308 | SKIPPED: 4 | WARNINGS: 1376 | FAILED: 3 ]
     1. Failure: (@test_layout.fr.R#13)
     2. Failure: (@test_layout.fr.R#22)
     3. Failure: SIR works (@test_sir.R#15)
    
     Error: testthat unit tests failed
     Execution halted
Flavor: r-devel-windows-ix86+x86_64-gcc8

Version: 1.2.4.2
Check: dependencies in R code
Result: NOTE
    No protocol specified
    No protocol specified
    No protocol specified
Flavors: r-release-osx-x86_64, r-oldrel-osx-x86_64