CRAN Package Check Results for Package igraph

Last updated on 2019-09-18 06:49:46 CEST.

Flavor Version Tinstall Tcheck Ttotal Status Flags
r-devel-linux-x86_64-debian-clang 1.2.4.1 226.67 242.37 469.04 OK
r-devel-linux-x86_64-debian-gcc 1.2.4.1 164.11 190.48 354.59 OK
r-devel-linux-x86_64-fedora-clang 1.2.4.1 649.77 NOTE
r-devel-linux-x86_64-fedora-gcc 1.2.4.1 563.66 OK
r-devel-windows-ix86+x86_64 1.2.4.1 744.00 670.00 1414.00 NOTE
r-patched-linux-x86_64 1.2.4.1 178.47 244.97 423.44 OK
r-patched-solaris-x86 1.2.4.1 902.80 NOTE
r-release-linux-x86_64 1.2.4.1 180.87 245.95 426.82 OK
r-release-windows-ix86+x86_64 1.2.4.1 591.00 768.00 1359.00 NOTE
r-release-osx-x86_64 1.2.4.1 NOTE
r-oldrel-windows-ix86+x86_64 1.2.4.1 802.00 581.00 1383.00 NOTE
r-oldrel-osx-x86_64 1.2.4.1 NOTE

Additional issues

LTO

Check Details

Version: 1.2.4.1
Check: installed package size
Result: NOTE
     installed size is 16.5Mb
     sub-directories of 1Mb or more:
     R 1.4Mb
     help 1.1Mb
     libs 13.5Mb
Flavors: r-devel-linux-x86_64-fedora-clang, r-devel-windows-ix86+x86_64, r-patched-solaris-x86, r-release-windows-ix86+x86_64, r-release-osx-x86_64, r-oldrel-windows-ix86+x86_64, r-oldrel-osx-x86_64

Version: 1.2.4.1
Check: package dependencies
Result: NOTE
    Package suggested but not available for checking: ‘graph’
Flavor: r-release-osx-x86_64