CRAN Package Check Results for Package igraphtosonia

Last updated on 2018-11-20 13:46:26 CET.

Flavor Version Tinstall Tcheck Ttotal Status Flags
r-devel-linux-x86_64-debian-clang 1.0 1.20 20.73 21.93 NOTE
r-devel-linux-x86_64-debian-gcc 1.0 0.91 17.03 17.94 NOTE
r-devel-linux-x86_64-fedora-clang 1.0 25.84 NOTE
r-devel-linux-x86_64-fedora-gcc 1.0 24.87 NOTE
r-devel-windows-ix86+x86_64 1.0 3.00 33.00 36.00 NOTE
r-patched-linux-x86_64 1.0 0.95 19.44 20.39 NOTE
r-patched-solaris-x86 1.0 42.50 NOTE
r-release-linux-x86_64 1.0 1.13 19.71 20.84 NOTE
r-release-windows-ix86+x86_64 1.0 3.00 46.00 49.00 NOTE
r-release-osx-x86_64 1.0 NOTE
r-oldrel-windows-ix86+x86_64 1.0 4.00 39.00 43.00 NOTE
r-oldrel-osx-x86_64 1.0 NOTE

Check Details

Version: 1.0
Check: DESCRIPTION meta-information
Result: NOTE
    Malformed Description field: should contain one or more complete sentences.
Flavors: r-devel-linux-x86_64-debian-clang, r-devel-linux-x86_64-debian-gcc, r-devel-linux-x86_64-fedora-clang, r-devel-linux-x86_64-fedora-gcc, r-devel-windows-ix86+x86_64, r-patched-linux-x86_64, r-patched-solaris-x86, r-release-linux-x86_64, r-release-windows-ix86+x86_64, r-release-osx-x86_64, r-oldrel-windows-ix86+x86_64, r-oldrel-osx-x86_64