CRAN Package Check Results for Package igraphtosonia

Last updated on 2018-02-26 01:46:22 CET.

Flavor Version Tinstall Tcheck Ttotal Status Flags
r-devel-linux-x86_64-debian-clang 1.0 0.78 18.05 18.83 NOTE
r-devel-linux-x86_64-debian-gcc 1.0 0.77 15.48 16.25 NOTE
r-devel-linux-x86_64-fedora-clang 1.0 24.34 NOTE
r-devel-linux-x86_64-fedora-gcc 1.0 24.13 NOTE
r-devel-windows-ix86+x86_64 1.0 3.00 41.00 44.00 NOTE
r-patched-linux-x86_64 1.0 0.95 18.42 19.37 NOTE
r-patched-solaris-x86 1.0 34.10 NOTE
r-release-linux-x86_64 1.0 0.94 18.46 19.40 NOTE
r-release-windows-ix86+x86_64 1.0 5.00 43.00 48.00 NOTE
r-release-osx-x86_64 1.0 NOTE
r-oldrel-windows-ix86+x86_64 1.0 2.00 28.00 30.00 NOTE
r-oldrel-osx-x86_64 1.0 NOTE

Check Details

Version: 1.0
Check: DESCRIPTION meta-information
Result: NOTE
    Malformed Description field: should contain one or more complete sentences.
Flavors: r-devel-linux-x86_64-debian-clang, r-devel-linux-x86_64-debian-gcc, r-devel-linux-x86_64-fedora-clang, r-devel-linux-x86_64-fedora-gcc, r-devel-windows-ix86+x86_64, r-patched-linux-x86_64, r-patched-solaris-x86, r-release-linux-x86_64, r-release-windows-ix86+x86_64, r-release-osx-x86_64, r-oldrel-windows-ix86+x86_64, r-oldrel-osx-x86_64