CRAN Package Check Results for Package igraphtosonia

Last updated on 2018-08-21 20:46:31 CEST.

Flavor Version Tinstall Tcheck Ttotal Status Flags
r-devel-linux-x86_64-debian-clang 1.0 1.13 20.93 22.06 NOTE
r-devel-linux-x86_64-debian-gcc 1.0 0.97 17.31 18.28 NOTE
r-devel-linux-x86_64-fedora-clang 1.0 26.42 NOTE
r-devel-linux-x86_64-fedora-gcc 1.0 25.67 NOTE
r-devel-windows-ix86+x86_64 1.0 4.00 43.00 47.00 NOTE
r-patched-linux-x86_64 1.0 1.05 19.47 20.52 NOTE
r-patched-solaris-x86 1.0 41.80 NOTE
r-release-linux-x86_64 1.0 0.93 19.50 20.43 NOTE
r-release-windows-ix86+x86_64 1.0 4.00 32.00 36.00 NOTE
r-release-osx-x86_64 1.0 NOTE
r-oldrel-windows-ix86+x86_64 1.0 3.00 41.00 44.00 NOTE
r-oldrel-osx-x86_64 1.0 NOTE

Check Details

Version: 1.0
Check: DESCRIPTION meta-information
Result: NOTE
    Malformed Description field: should contain one or more complete sentences.
Flavors: r-devel-linux-x86_64-debian-clang, r-devel-linux-x86_64-debian-gcc, r-devel-linux-x86_64-fedora-clang, r-devel-linux-x86_64-fedora-gcc, r-devel-windows-ix86+x86_64, r-patched-linux-x86_64, r-patched-solaris-x86, r-release-linux-x86_64, r-release-windows-ix86+x86_64, r-release-osx-x86_64, r-oldrel-windows-ix86+x86_64, r-oldrel-osx-x86_64