CRAN Package Check Results for Package igraphtosonia

Last updated on 2019-02-20 13:46:29 CET.

Flavor Version Tinstall Tcheck Ttotal Status Flags
r-devel-linux-x86_64-debian-clang 1.0 1.45 20.90 22.35 NOTE
r-devel-linux-x86_64-debian-gcc 1.0 1.24 16.85 18.09 NOTE
r-devel-linux-x86_64-fedora-clang 1.0 28.17 NOTE
r-devel-linux-x86_64-fedora-gcc 1.0 26.23 NOTE
r-devel-windows-ix86+x86_64 1.0 4.00 34.00 38.00 NOTE
r-patched-linux-x86_64 1.0 NOTE
r-patched-solaris-x86 1.0 41.50 NOTE
r-release-linux-x86_64 1.0 NOTE
r-release-windows-ix86+x86_64 1.0 3.00 47.00 50.00 NOTE
r-release-osx-x86_64 1.0 NOTE
r-oldrel-windows-ix86+x86_64 1.0 2.00 31.00 33.00 NOTE
r-oldrel-osx-x86_64 1.0 NOTE

Check Details

Version: 1.0
Check: DESCRIPTION meta-information
Result: NOTE
    Malformed Description field: should contain one or more complete sentences.
Flavors: r-devel-linux-x86_64-debian-clang, r-devel-linux-x86_64-debian-gcc, r-devel-linux-x86_64-fedora-clang, r-devel-linux-x86_64-fedora-gcc, r-devel-windows-ix86+x86_64, r-patched-linux-x86_64, r-patched-solaris-x86, r-release-linux-x86_64, r-release-windows-ix86+x86_64, r-release-osx-x86_64, r-oldrel-windows-ix86+x86_64, r-oldrel-osx-x86_64