CRAN Package Check Results for Package iheatmapr

Last updated on 2018-02-23 16:48:37 CET.

Flavor Version Tinstall Tcheck Ttotal Status Flags
r-devel-linux-x86_64-debian-clang 0.4.3 7.02 111.84 118.86 OK
r-devel-linux-x86_64-debian-gcc 0.4.3 8.68 85.40 94.08 OK
r-devel-windows-ix86+x86_64 0.4.3 19.00 151.00 170.00 OK
r-patched-linux-x86_64 0.4.3 6.50 91.21 97.71 OK
r-patched-solaris-x86 0.4.3 141.00 OK
r-release-linux-x86_64 0.4.3 5.11 91.27 96.38 OK
r-release-windows-ix86+x86_64 0.4.3 16.00 130.00 146.00 OK
r-release-osx-x86_64 0.4.3 OK
r-oldrel-windows-ix86+x86_64 0.4.3 11.00 94.00 105.00 NOTE
r-oldrel-osx-x86_64 0.4.3 NOTE

Check Details

Version: 0.4.3
Check: DESCRIPTION meta-information
Result: NOTE
    Authors@R field gives persons with no valid roles:
     Andee Kaplan [rev] (Reviewer for rOpensci review process https://github.com/ropensci/onboarding/issues/107)
     Carl Ganz [rev] (Reviewer for rOpensci review process https://github.com/ropensci/onboarding/issues/107)
Flavors: r-oldrel-windows-ix86+x86_64, r-oldrel-osx-x86_64