CRAN Package Check Results for Package ijtiff

Last updated on 2018-08-17 19:49:15 CEST.

Flavor Version Tinstall Tcheck Ttotal Status Flags
r-devel-linux-x86_64-debian-clang 1.1.0 19.36 36.45 55.81 OK
r-devel-linux-x86_64-debian-gcc 1.1.0 15.10 29.14 44.24 OK
r-devel-linux-x86_64-fedora-clang 1.1.0 73.94 NOTE
r-devel-linux-x86_64-fedora-gcc 1.1.0 70.17 NOTE
r-devel-windows-ix86+x86_64 1.1.0 60.00 103.00 163.00 OK
r-patched-linux-x86_64 1.1.0 19.59 31.93 51.52 OK
r-patched-solaris-x86 1.1.0 82.00 NOTE
r-release-linux-x86_64 1.1.0 19.50 32.06 51.56 OK
r-release-windows-ix86+x86_64 1.1.0 52.00 96.00 148.00 OK
r-release-osx-x86_64 1.1.0 NOTE
r-oldrel-windows-ix86+x86_64 1.1.0 49.00 83.00 132.00 OK
r-oldrel-osx-x86_64 1.1.0 NOTE

Check Details

Version: 1.1.0
Check: dependencies in R code
Result: NOTE
    Namespace in Imports field not imported from: ‘grDevices’
     All declared Imports should be used.
Flavors: r-devel-linux-x86_64-fedora-clang, r-devel-linux-x86_64-fedora-gcc, r-patched-solaris-x86, r-release-osx-x86_64, r-oldrel-osx-x86_64