CRAN Package Check Results for Package ijtiff

Last updated on 2018-02-19 07:53:53 CET.

Flavor Version Tinstall Tcheck Ttotal Status Flags
r-devel-linux-x86_64-debian-clang 0.3.0 17.78 31.63 49.41 OK
r-devel-linux-x86_64-debian-gcc 0.3.0 12.83 27.78 40.61 OK
r-devel-linux-x86_64-fedora-clang 0.3.0 69.81 NOTE
r-devel-linux-x86_64-fedora-gcc 0.3.0 61.91 NOTE
r-devel-windows-ix86+x86_64 0.3.0 45.00 70.00 115.00 OK
r-patched-linux-x86_64 0.3.0 16.61 39.61 56.22 OK
r-patched-solaris-x86 0.3.0 80.10 WARN
r-release-linux-x86_64 0.3.0 17.39 39.80 57.19 OK
r-release-windows-ix86+x86_64 0.3.0 59.00 100.00 159.00 OK
r-release-osx-x86_64 0.3.0 NOTE
r-oldrel-windows-ix86+x86_64 0.3.0 46.00 84.00 130.00 OK
r-oldrel-osx-x86_64 0.2.0 ERROR

Check Details

Version: 0.3.0
Check: dependencies in R code
Result: NOTE
    Namespace in Imports field not imported from: ‘grDevices’
     All declared Imports should be used.
Flavors: r-devel-linux-x86_64-fedora-clang, r-devel-linux-x86_64-fedora-gcc, r-patched-solaris-x86, r-release-osx-x86_64

Version: 0.3.0
Check: package dependencies
Result: NOTE
    Package suggested but not available for checking: ‘magick’
Flavor: r-patched-solaris-x86

Version: 0.3.0
Check: re-building of vignette outputs
Result: WARN
    Error in re-building vignettes:
     ...
    Warning in engine$weave(file, quiet = quiet, encoding = enc) :
     Pandoc (>= 1.12.3) and/or pandoc-citeproc not available. Falling back to R Markdown v1.
    Quitting from lines 56-59 (ijtiff.Rmd)
    Error: processing vignette 'ijtiff.Rmd' failed with diagnostics:
    there is no package called 'magick'
    Execution halted
Flavor: r-patched-solaris-x86

Version: 0.2.0
Check: whether package can be installed
Result: ERROR
    Installation failed.
Flavor: r-oldrel-osx-x86_64