CRAN Package Check Results for Package ijtiff

Last updated on 2022-05-16 05:50:14 CEST.

Flavor Version Tinstall Tcheck Ttotal Status Flags
r-devel-linux-x86_64-debian-clang 2.2.7 8.69 70.37 79.06 OK
r-devel-linux-x86_64-debian-gcc 2.2.7 6.22 54.15 60.37 OK
r-devel-linux-x86_64-fedora-clang 2.2.7 95.90 OK
r-devel-linux-x86_64-fedora-gcc 2.2.7 90.56 OK
r-devel-windows-x86_64 2.2.7 46.00 102.00 148.00 OK
r-patched-linux-x86_64 2.2.7 7.35 67.52 74.87 OK
r-release-linux-x86_64 2.2.7 6.87 66.26 73.13 OK
r-release-macos-arm64 2.2.7 34.00 NOTE
r-release-macos-x86_64 2.2.7 46.00 NOTE
r-release-windows-x86_64 2.2.7 47.00 128.00 175.00 OK
r-oldrel-macos-arm64 2.2.7 47.00 NOTE
r-oldrel-macos-x86_64 2.2.7 41.00 NOTE
r-oldrel-windows-ix86+x86_64 2.2.7 26.00 123.00 149.00 OK

Check Details

Version: 2.2.7
Check: installed package size
Result: NOTE
     installed size is 7.1Mb
     sub-directories of 1Mb or more:
     libs 5.2Mb
Flavors: r-release-macos-arm64, r-release-macos-x86_64, r-oldrel-macos-arm64, r-oldrel-macos-x86_64