CRAN Package Check Results for Package ijtiff

Last updated on 2018-05-28 06:46:43 CEST.

Flavor Version Tinstall Tcheck Ttotal Status Flags
r-devel-linux-x86_64-debian-clang 1.1.0 20.02 32.17 52.19 OK
r-devel-linux-x86_64-debian-gcc 1.1.0 16.67 27.93 44.60 OK
r-devel-linux-x86_64-fedora-clang 1.1.0 73.89 NOTE
r-devel-linux-x86_64-fedora-gcc 1.1.0 63.31 NOTE
r-devel-windows-ix86+x86_64 1.1.0 39.00 71.00 110.00 OK
r-patched-linux-x86_64 1.1.0 24.55 31.94 56.49 OK
r-patched-solaris-x86 1.1.0 78.50 NOTE
r-release-linux-x86_64 1.1.0 19.27 32.06 51.33 OK
r-release-windows-ix86+x86_64 1.1.0 98.00 102.00 200.00 OK
r-release-osx-x86_64 1.1.0 NOTE
r-oldrel-windows-ix86+x86_64 1.1.0 60.00 70.00 130.00 OK
r-oldrel-osx-x86_64 1.1.0 NOTE

Check Details

Version: 1.1.0
Check: dependencies in R code
Result: NOTE
    Namespace in Imports field not imported from: ‘grDevices’
     All declared Imports should be used.
Flavors: r-devel-linux-x86_64-fedora-clang, r-devel-linux-x86_64-fedora-gcc, r-patched-solaris-x86, r-release-osx-x86_64, r-oldrel-osx-x86_64