Last updated on 2023-09-28 12:59:17 CEST.
Flavor | Version | Tinstall | Tcheck | Ttotal | Status | Flags |
---|---|---|---|---|---|---|
r-devel-linux-x86_64-debian-clang | 0.1 | 54.41 | 41.19 | 95.60 | NOTE | |
r-devel-linux-x86_64-debian-gcc | 0.1 | 31.51 | 32.88 | 64.39 | NOTE | |
r-devel-linux-x86_64-fedora-clang | 0.1 | 152.04 | NOTE | |||
r-devel-linux-x86_64-fedora-gcc | 0.1 | 134.27 | NOTE | |||
r-devel-windows-x86_64 | 0.1 | 43.00 | 75.00 | 118.00 | NOTE | |
r-patched-linux-x86_64 | 0.1 | 50.72 | 41.00 | 91.72 | NOTE | |
r-release-linux-x86_64 | 0.1 | 43.85 | 40.55 | 84.40 | NOTE | |
r-release-macos-arm64 | 0.1 | 36.00 | NOTE | |||
r-release-macos-x86_64 | 0.1 | 56.00 | NOTE | |||
r-release-windows-x86_64 | 0.1 | 47.00 | 71.00 | 118.00 | NOTE | |
r-oldrel-macos-arm64 | 0.1 | 35.00 | OK | |||
r-oldrel-macos-x86_64 | 0.1 | 44.00 | OK | |||
r-oldrel-windows-x86_64 | 0.1 | 51.00 | 82.00 | 133.00 | OK |
Version: 0.1
Check: C++ specification
Result: NOTE
Specified C++11: please drop specification unless essential
Flavors: r-devel-linux-x86_64-debian-clang, r-devel-linux-x86_64-debian-gcc, r-devel-linux-x86_64-fedora-clang, r-devel-linux-x86_64-fedora-gcc, r-devel-windows-x86_64, r-patched-linux-x86_64, r-release-linux-x86_64, r-release-macos-arm64, r-release-macos-x86_64, r-release-windows-x86_64