CRAN Package Check Results for Package image.libfacedetection

Last updated on 2022-12-07 10:50:01 CET.

Flavor Version Tinstall Tcheck Ttotal Status Flags
r-devel-linux-x86_64-debian-clang 0.1 51.09 42.14 93.23 OK
r-devel-linux-x86_64-debian-gcc 0.1 34.93 32.97 67.90 OK
r-devel-linux-x86_64-fedora-clang 0.1 146.48 OK
r-devel-linux-x86_64-fedora-gcc 0.1 120.76 OK
r-devel-windows-x86_64 0.1 78.00 84.00 162.00 OK
r-patched-linux-x86_64 0.1 37.68 40.44 78.12 OK
r-release-linux-x86_64 0.1 40.18 40.59 80.77 OK
r-release-macos-arm64 0.1 31.00 OK
r-release-macos-x86_64 0.1 44.00 OK
r-release-windows-x86_64 0.1 91.00 87.00 178.00 OK
r-oldrel-macos-arm64 0.1 38.00 OK
r-oldrel-macos-x86_64 0.1 63.00 OK
r-oldrel-windows-ix86+x86_64 0.1 133.00 108.00 241.00 NOTE

Check Details

Version: 0.1
Check: installed package size
Result: NOTE
     installed size is 7.0Mb
     sub-directories of 1Mb or more:
     libs 6.8Mb
Flavor: r-oldrel-windows-ix86+x86_64