CRAN Package Check Results for Package image.textlinedetector

Last updated on 2023-12-03 12:48:27 CET.

Flavor Version Tinstall Tcheck Ttotal Status Flags
r-devel-linux-x86_64-debian-clang 0.2.3 115.81 61.26 177.07 OK
r-devel-linux-x86_64-debian-gcc 0.2.3 72.40 22.66 95.06 OK
r-devel-linux-x86_64-fedora-gcc 0.2.3 236.03 OK
r-devel-windows-x86_64 0.2.3 91.00 132.00 223.00 NOTE
r-patched-linux-x86_64 0.2.3 91.22 28.37 119.59 OK
r-release-linux-x86_64 0.2.3 91.35 29.27 120.62 OK
r-release-macos-arm64 0.2.3 54.00 NOTE
r-release-macos-x86_64 0.2.3 77.00 NOTE
r-release-windows-x86_64 0.2.3 89.00 139.00 228.00 NOTE
r-oldrel-macos-arm64 0.2.3 54.00 NOTE
r-oldrel-macos-x86_64 0.2.2 81.00 NOTE
r-oldrel-windows-x86_64 0.2.3 136.00 127.00 263.00 NOTE

Check Details

Version: 0.2.3
Check: installed package size
Result: NOTE installed size is 21.6Mb sub-directories of 1Mb or more: libs 10.5Mb share 10.2Mb Flavors: r-devel-windows-x86_64, r-release-macos-arm64, r-release-macos-x86_64, r-release-windows-x86_64, r-oldrel-macos-arm64, r-oldrel-windows-x86_64

Version: 0.2.2
Check: installed package size
Result: NOTE installed size is 25.0Mb sub-directories of 1Mb or more: libs 13.8Mb share 10.2Mb Flavor: r-oldrel-macos-x86_64