CRAN Package Check Results for Package image.textlinedetector

Last updated on 2022-12-05 06:51:42 CET.

Flavor Version Tinstall Tcheck Ttotal Status Flags
r-devel-linux-x86_64-debian-clang 0.2.2 105.86 75.60 181.46 OK
r-devel-linux-x86_64-debian-gcc 0.2.2 84.73 38.78 123.51 OK
r-devel-linux-x86_64-fedora-gcc 0.2.2 242.31 OK
r-devel-windows-x86_64 0.2.2 242.00 150.00 392.00 NOTE
r-patched-linux-x86_64 0.2.2 90.10 49.54 139.64 OK
r-release-linux-x86_64 0.2.2 88.13 48.03 136.16 OK
r-release-macos-arm64 0.2.2 62.00 NOTE
r-release-macos-x86_64 0.2.2 81.00 NOTE
r-release-windows-x86_64 0.2.2 203.00 153.00 356.00 NOTE
r-oldrel-macos-arm64 0.2.2 56.00 NOTE
r-oldrel-macos-x86_64 0.2.2 84.00 NOTE
r-oldrel-windows-ix86+x86_64 0.2.2 271.00 164.00 435.00 NOTE

Check Details

Version: 0.2.2
Check: installed package size
Result: NOTE
     installed size is 21.6Mb
     sub-directories of 1Mb or more:
     libs 10.5Mb
     share 10.2Mb
Flavors: r-devel-windows-x86_64, r-release-macos-arm64, r-release-macos-x86_64, r-release-windows-x86_64, r-oldrel-macos-arm64, r-oldrel-macos-x86_64, r-oldrel-windows-ix86+x86_64