CRAN Package Check Results for Package imagefluency

Last updated on 2024-02-21 07:52:31 CET.

Flavor Version Tinstall Tcheck Ttotal Status Flags
r-devel-linux-x86_64-debian-clang 0.2.4 ERROR
r-devel-linux-x86_64-debian-gcc 0.2.4 2.35 33.47 35.82 ERROR
r-devel-linux-x86_64-fedora-clang 0.2.4 62.41 NOTE
r-devel-linux-x86_64-fedora-gcc 0.2.4 71.87 NOTE
r-devel-windows-x86_64 0.2.4 4.00 310.00 314.00 NOTE
r-patched-linux-x86_64 0.2.4 4.06 43.88 47.94 OK
r-release-linux-x86_64 0.2.4 2.37 43.24 45.61 OK
r-release-macos-arm64 0.2.4 31.00 OK
r-release-macos-x86_64 0.2.4 45.00 OK
r-release-windows-x86_64 0.2.4 5.00 1667.00 1672.00 FAIL
r-oldrel-macos-arm64 0.2.4 30.00 OK
r-oldrel-windows-x86_64 0.2.4 7.00 0.00 7.00 FAIL

Check Details

Version: 0.2.4
Check: Rd \usage sections
Result: NOTE Documented arguments not in \usage in Rd file 'dot-compl.Rd': ‘imgfile’ Functions with \usage entries need to have the appropriate \alias entries, and all their arguments documented. The \usage entries must correspond to syntactically valid R code. See chapter ‘Writing R documentation files’ in the ‘Writing R Extensions’ manual. Flavors: r-devel-linux-x86_64-debian-clang, r-devel-linux-x86_64-debian-gcc, r-devel-linux-x86_64-fedora-clang, r-devel-linux-x86_64-fedora-gcc, r-devel-windows-x86_64

Version: 0.2.4
Check: re-building of vignette outputs
Result: ERROR Error(s) in re-building vignettes: ... --- re-building ‘getting-started.Rmd’ using rmarkdown Could not fetch https://www.zotero.org/styles/springer-socpsych-brackets HttpExceptionRequest Request { host = "www.zotero.org" port = 443 secure = True requestHeaders = [] path = "/styles/springer-socpsych-brackets" queryString = "" method = "GET" proxy = Nothing rawBody = False redirectCount = 10 responseTimeout = ResponseTimeoutDefault requestVersion = HTTP/1.1 proxySecureMode = ProxySecureWithConnect } (InternalException (HandshakeFailed (Error_Protocol "peer does not support Extended Main Secret" HandshakeFailure))) Error: processing vignette 'getting-started.Rmd' failed with diagnostics: pandoc document conversion failed with error 61 --- failed re-building ‘getting-started.Rmd’ SUMMARY: processing the following file failed: ‘getting-started.Rmd’ Error: Vignette re-building failed. Execution halted Flavors: r-devel-linux-x86_64-debian-clang, r-devel-linux-x86_64-debian-gcc

Version: 0.2.4
Check: Rd cross-references
Result: NOTE Undeclared packages ‘bmp’, ‘jpeg’, ‘png’, ‘tiff’ in Rd xrefs Flavor: r-devel-linux-x86_64-fedora-clang

Version: 0.2.4
Check: tests
Result: FAIL Check process probably crashed or hung up for 20 minutes ... killed Most likely this happened in the example checks (?), if not, ignore the following last lines of example output: > flush(stderr()); flush(stdout()) > > ### Name: run_imagefluency > ### Title: Run imagefluency app > ### Aliases: run_imagefluency > > ### ** Examples > > ## Only run this example in interactive R sessions > if (interactive()) { + run_imagefluency() + } > > > > ### * <FOOTER> > ### > cleanEx() > options(digits = 7L) > base::cat("Time elapsed: ", proc.time() - base::get("ptime", pos = 'CheckExEnv'),"\n") Time elapsed: 164.2 504.37 671.09 NA NA > grDevices::dev.off() null device 1 > ### > ### Local variables: *** > ### mode: outline-minor *** > ### outline-regexp: "\\(> \\)?### [*]+" *** > ### End: *** > quit('no') ======== End of example output (where/before crash/hang up occured ?) ======== Flavor: r-release-windows-x86_64

Version: 0.2.4
Check: tests
Result: FAIL Check process probably crashed or hung up for 20 minutes ... killed Most likely this happened in the example checks (?), if not, ignore the following last lines of example output: > flush(stderr()); flush(stdout()) > > ### Name: run_imagefluency > ### Title: Run imagefluency app > ### Aliases: run_imagefluency > > ### ** Examples > > ## Only run this example in interactive R sessions > if (interactive()) { + run_imagefluency() + } > > > > ### * <FOOTER> > ### > cleanEx() > options(digits = 7L) > base::cat("Time elapsed: ", proc.time() - base::get("ptime", pos = 'CheckExEnv'),"\n") Time elapsed: 158.35 441.36 602.93 NA NA > grDevices::dev.off() null device 1 > ### > ### Local variables: *** > ### mode: outline-minor *** > ### outline-regexp: "\\(> \\)?### [*]+" *** > ### End: *** > quit('no') ======== End of example output (where/before crash/hang up occured ?) ======== Flavor: r-oldrel-windows-x86_64