CRAN Package Check Results for Package imager

Last updated on 2018-02-19 19:47:42 CET.

Flavor Version Tinstall Tcheck Ttotal Status Flags
r-devel-linux-x86_64-debian-clang 0.40.2 433.56 136.03 569.59 OK
r-devel-linux-x86_64-debian-gcc 0.40.2 372.13 105.52 477.65 OK
r-devel-linux-x86_64-fedora-clang 0.40.2 821.81 NOTE
r-devel-linux-x86_64-fedora-gcc 0.40.2 764.34 NOTE
r-devel-windows-ix86+x86_64 0.40.2 694.00 253.00 947.00 WARN
r-patched-linux-x86_64 0.40.2 402.10 147.57 549.67 OK
r-patched-solaris-x86 0.40.2 777.60 NOTE
r-release-linux-x86_64 0.40.2 416.82 150.46 567.28 OK
r-release-windows-ix86+x86_64 0.40.2 965.00 274.00 1239.00 NOTE
r-release-osx-x86_64 0.40.2 NOTE
r-oldrel-windows-ix86+x86_64 0.40.2 961.00 328.00 1289.00 NOTE
r-oldrel-osx-x86_64 0.40.2 WARN

Check Details

Version: 0.40.2
Check: installed package size
Result: NOTE
     installed size is 39.6Mb
     sub-directories of 1Mb or more:
     data 1.4Mb
     doc 4.9Mb
     extdata 1.0Mb
     include 2.8Mb
     libs 28.9Mb
Flavors: r-devel-linux-x86_64-fedora-clang, r-devel-linux-x86_64-fedora-gcc, r-devel-windows-ix86+x86_64, r-patched-solaris-x86, r-release-windows-ix86+x86_64, r-release-osx-x86_64, r-oldrel-windows-ix86+x86_64, r-oldrel-osx-x86_64

Version: 0.40.2
Check: whether package can be installed
Result: WARN
    Found the following significant warnings:
     d:/Rcompile/CRANpkg/extralibs215/local215/include/tiffconf.h:18:34: warning: ISO C++ 1998 does not support 'long long' [-Wlong-long]
     d:/Rcompile/CRANpkg/extralibs215/local215/include/tiffconf.h:30:37: warning: ISO C++ 1998 does not support 'long long' [-Wlong-long]
Flavor: r-devel-windows-ix86+x86_64

Version: 0.40.2
Check: whether package can be installed
Result: WARN
    Found the following significant warnings:
     ../inst/include/CImg.h:25384:23: warning: unsequenced modification and access to 'right' [-Wunsequenced]
     ../inst/include/CImg.h:32973:35: warning: unsequenced modification and access to '_n2x' [-Wunsequenced]
     ../inst/include/CImg.h:32973:35: warning: multiple unsequenced modifications to '_n3x' [-Wunsequenced]
     ../inst/include/CImg.h:32973:35: warning: unsequenced modification and access to '_n1x' [-Wunsequenced]
     ../inst/include/CImg.h:32993:40: warning: unsequenced modification and access to '_n2x' [-Wunsequenced]
     ../inst/include/CImg.h:32993:40: warning: multiple unsequenced modifications to '_n3x' [-Wunsequenced]
     ../inst/include/CImg.h:32993:40: warning: unsequenced modification and access to '_n1x' [-Wunsequenced]
     ../inst/include/CImg.h:33013:35: warning: multiple unsequenced modifications to '_n2x' [-Wunsequenced]
     ../inst/include/CImg.h:33013:35: warning: unsequenced modification and access to '_n1x' [-Wunsequenced]
     ../inst/include/CImg.h:33027:40: warning: multiple unsequenced modifications to '_n2x' [-Wunsequenced]
     ../inst/include/CImg.h:33027:40: warning: unsequenced modification and access to '_n1x' [-Wunsequenced]
     ../inst/include/CImg.h:33045:35: warning: multiple unsequenced modifications to '_n2x' [-Wunsequenced]
     ../inst/include/CImg.h:33045:35: warning: unsequenced modification and access to '_n1x' [-Wunsequenced]
     ../inst/include/CImg.h:33056:40: warning: multiple unsequenced modifications to '_n2x' [-Wunsequenced]
     ../inst/include/CImg.h:33056:40: warning: unsequenced modification and access to '_n1x' [-Wunsequenced]
     ../inst/include/CImg.h:34069:19: warning: unsequenced modification and access to 'right' [-Wunsequenced]
     ../inst/include/CImg.h:35472:17: warning: multiple unsequenced modifications to '_n2x' [-Wunsequenced]
     ../inst/include/CImg.h:35472:17: warning: unsequenced modification and access to '_n1x' [-Wunsequenced]
     ../inst/include/CImg.h:35484:17: warning: unsequenced modification and access to '_n2x' [-Wunsequenced]
     ../inst/include/CImg.h:35484:17: warning: multiple unsequenced modifications to '_n3x' [-Wunsequenced]
     ../inst/include/CImg.h:35484:17: warning: unsequenced modification and access to '_n1x' [-Wunsequenced]
     ../inst/include/CImg.h:48273:18: warning: unsequenced modification and access to 'err' [-Wunsequenced]
     ../inst/include/CImg.h:48281:18: warning: unsequenced modification and access to 'err' [-Wunsequenced]
     ../inst/include/CImg.h:48291:22: warning: unsequenced modification and access to 'err' [-Wunsequenced]
     ../inst/include/CImg.h:48475:18: warning: unsequenced modification and access to 'err' [-Wunsequenced]
     ../inst/include/CImg.h:48483:18: warning: unsequenced modification and access to 'err' [-Wunsequenced]
     ../inst/include/CImg.h:48492:20: warning: unsequenced modification and access to 'err' [-Wunsequenced]
Flavor: r-oldrel-osx-x86_64