CRAN Package Check Results for Package imager

Last updated on 2024-06-25 11:55:49 CEST.

Flavor Version Tinstall Tcheck Ttotal Status Flags
r-devel-linux-x86_64-debian-clang 1.0.2 648.26 208.02 856.28 OK
r-devel-linux-x86_64-debian-gcc 1.0.2 633.51 161.91 795.42 OK
r-devel-linux-x86_64-fedora-clang 1.0.2 1181.87 NOTE
r-devel-linux-x86_64-fedora-gcc 1.0.2 1722.99 OK
r-devel-windows-x86_64 1.0.2 596.00 272.00 868.00 NOTE
r-patched-linux-x86_64 1.0.2 743.22 208.98 952.20 OK
r-release-linux-x86_64 1.0.2 730.88 209.48 940.36 OK
r-release-macos-arm64 1.0.2 202.00 NOTE
r-release-macos-x86_64 1.0.2 272.00 NOTE
r-release-windows-x86_64 1.0.2 603.00 271.00 874.00 NOTE
r-oldrel-macos-arm64 1.0.2 201.00 NOTE
r-oldrel-macos-x86_64 1.0.2 384.00 NOTE
r-oldrel-windows-x86_64 1.0.2 733.00 322.00 1055.00 WARN

Check Details

Version: 1.0.2
Check: installed package size
Result: NOTE installed size is 15.8Mb sub-directories of 1Mb or more: data 1.4Mb doc 3.7Mb extdata 1.1Mb include 3.3Mb libs 5.6Mb Flavors: r-devel-linux-x86_64-fedora-clang, r-devel-windows-x86_64, r-release-macos-arm64, r-release-macos-x86_64, r-release-windows-x86_64, r-oldrel-macos-arm64, r-oldrel-macos-x86_64, r-oldrel-windows-x86_64

Version: 1.0.2
Check: whether package can be installed
Result: WARN Found the following significant warnings: D:/rtools43/usr/lib/mxe/usr/x86_64-w64-mingw32.static.posix/include/winnt.h:8404:37: warning: ISO C++ forbids flexible array member 'Elements' [-Wpedantic] D:/rtools43/usr/lib/mxe/usr/x86_64-w64-mingw32.static.posix/include/winnt.h:8667:22: warning: ISO C++ forbids flexible array member 'pEventLogRecords' [-Wpedantic] D:/rtools43/usr/lib/mxe/usr/x86_64-w64-mingw32.static.posix/include/winnt.h:8673:13: warning: ISO C++ forbids flexible array member 'ulOffsets' [-Wpedantic] D:/rtools43/usr/lib/mxe/usr/x86_64-w64-mingw32.static.posix/include/rpcndr.h:447:19: warning: ISO C++ forbids flexible array member 'Format' [-Wpedantic] D:/rtools43/usr/lib/mxe/usr/x86_64-w64-mingw32.static.posix/include/oaidl.h:548:37: warning: ISO C++ prohibits anonymous structs [-Wpedantic] D:/rtools43/usr/lib/mxe/usr/x86_64-w64-mingw32.static.posix/include/oaidl.h:499:29: warning: ISO C++ prohibits anonymous structs [-Wpedantic] See 'd:/Rcompile/CRANpkg/local/4.3/imager.Rcheck/00install.out' for details. * used C++ compiler: 'g++.exe (GCC) 12.3.0' Flavor: r-oldrel-windows-x86_64