CRAN Package Check Results for Package imagerExtra

Last updated on 2022-05-26 21:50:08 CEST.

Flavor Version Tinstall Tcheck Ttotal Status Flags
r-devel-linux-x86_64-debian-clang 1.3.2 94.89 83.26 178.15 OK
r-devel-linux-x86_64-debian-gcc 1.3.2 76.58 70.87 147.45 OK
r-devel-linux-x86_64-fedora-clang 1.3.2 258.52 OK
r-devel-linux-x86_64-fedora-gcc 1.3.2 222.58 OK
r-devel-windows-x86_64 1.3.2 110.00 141.00 251.00 OK
r-patched-linux-x86_64 1.3.2 80.37 84.53 164.90 OK
r-release-linux-x86_64 1.3.2 78.97 85.23 164.20 OK
r-release-macos-arm64 1.3.2 60.00 OK
r-release-macos-x86_64 1.3.2 84.00 NOTE
r-release-windows-x86_64 1.3.2 134.00 137.00 271.00 OK
r-oldrel-macos-arm64 1.3.2 68.00 OK
r-oldrel-macos-x86_64 1.3.2 118.00 OK
r-oldrel-windows-ix86+x86_64 1.3.2 224.00 170.00 394.00 OK

Check Details

Version: 1.3.2
Check: package dependencies
Result: NOTE
    Package suggested but not available for checking: ‘tesseract’
Flavor: r-release-macos-x86_64