CRAN Package Check Results for Package imgpalr

Last updated on 2022-12-01 17:50:09 CET.

Flavor Version Tinstall Tcheck Ttotal Status Flags
r-devel-linux-x86_64-debian-clang 0.3.1 4.10 53.21 57.31 NOTE
r-devel-linux-x86_64-debian-gcc 0.3.1 3.60 41.66 45.26 NOTE
r-devel-linux-x86_64-fedora-clang 0.3.1 88.16 NOTE
r-devel-linux-x86_64-fedora-gcc 0.3.1 84.92 NOTE
r-devel-windows-x86_64 0.3.1 10.00 84.00 94.00 NOTE
r-patched-linux-x86_64 0.3.1 5.06 51.49 56.55 NOTE
r-release-linux-x86_64 0.3.1 3.89 47.89 51.78 NOTE
r-release-macos-arm64 0.3.1 25.00 NOTE
r-release-macos-x86_64 0.3.1 42.00 NOTE
r-release-windows-x86_64 0.3.1 13.00 83.00 96.00 NOTE
r-oldrel-macos-arm64 0.3.1 29.00 NOTE
r-oldrel-macos-x86_64 0.3.1 36.00 NOTE
r-oldrel-windows-ix86+x86_64 0.3.1 10.00 83.00 93.00 NOTE

Check Details

Version: 0.3.1
Check: LazyData
Result: NOTE
     'LazyData' is specified without a 'data' directory
Flavors: r-devel-linux-x86_64-debian-clang, r-devel-linux-x86_64-debian-gcc, r-devel-linux-x86_64-fedora-clang, r-devel-linux-x86_64-fedora-gcc, r-devel-windows-x86_64, r-patched-linux-x86_64, r-release-linux-x86_64, r-release-macos-arm64, r-release-macos-x86_64, r-release-windows-x86_64, r-oldrel-macos-arm64, r-oldrel-macos-x86_64, r-oldrel-windows-ix86+x86_64