CRAN Package Check Results for Package immer

Last updated on 2020-02-20 21:47:30 CET.

Flavor Version Tinstall Tcheck Ttotal Status Flags
r-devel-linux-x86_64-debian-clang 1.1-35 104.03 73.05 177.08 OK
r-devel-linux-x86_64-debian-gcc 1.1-35 73.19 56.61 129.80 OK
r-devel-linux-x86_64-fedora-clang 1.1-35 235.12 NOTE
r-devel-linux-x86_64-fedora-gcc 1.1-35 233.78 OK
r-devel-windows-ix86+x86_64 1.1-35 179.00 111.00 290.00 OK
r-devel-windows-ix86+x86_64-gcc8 1.1-35 285.00 157.00 442.00 OK
r-patched-linux-x86_64 1.1-35 84.67 66.10 150.77 OK
r-patched-solaris-x86 1.1-35 230.40 OK
r-release-linux-x86_64 1.1-35 82.31 65.11 147.42 OK
r-release-windows-ix86+x86_64 1.1-35 185.00 108.00 293.00 OK
r-release-osx-x86_64 1.1-35 OK
r-oldrel-windows-ix86+x86_64 1.1-35 165.00 87.00 252.00 OK
r-oldrel-osx-x86_64 1.1-35 OK

Check Details

Version: 1.1-35
Check: installed package size
Result: NOTE
     installed size is 6.1Mb
     sub-directories of 1Mb or more:
     libs 5.2Mb
Flavor: r-devel-linux-x86_64-fedora-clang