CRAN Package Check Results for Package immer

Last updated on 2019-09-19 08:50:57 CEST.

Flavor Version Tinstall Tcheck Ttotal Status Flags
r-devel-linux-x86_64-debian-clang 1.1-35 81.39 64.74 146.13 OK
r-devel-linux-x86_64-debian-gcc 1.1-35 75.94 51.54 127.48 OK
r-devel-linux-x86_64-fedora-clang 1.1-35 223.22 NOTE
r-devel-linux-x86_64-fedora-gcc 1.1-35 219.82 OK
r-devel-windows-ix86+x86_64 1.1-35 217.00 143.00 360.00 OK
r-patched-linux-x86_64 1.1-35 79.20 64.53 143.73 OK
r-patched-solaris-x86 1.1-35 212.10 OK
r-release-linux-x86_64 1.1-35 80.38 65.79 146.17 OK
r-release-windows-ix86+x86_64 1.1-35 156.00 106.00 262.00 OK
r-release-osx-x86_64 1.1-35 OK
r-oldrel-windows-ix86+x86_64 1.1-35 165.00 96.00 261.00 OK
r-oldrel-osx-x86_64 1.1-35 OK

Check Details

Version: 1.1-35
Check: installed package size
Result: NOTE
     installed size is 6.1Mb
     sub-directories of 1Mb or more:
     libs 5.2Mb
Flavor: r-devel-linux-x86_64-fedora-clang