Last updated on 2021-03-09 06:50:57 CET.
Flavor | Version | Tinstall | Tcheck | Ttotal | Status | Flags |
---|---|---|---|---|---|---|
r-devel-linux-x86_64-debian-clang | 2.2 | 4.01 | 43.55 | 47.56 | OK | |
r-devel-linux-x86_64-debian-gcc | 2.2 | 2.97 | 33.97 | 36.94 | OK | |
r-devel-linux-x86_64-fedora-clang | 2.2 | 66.67 | OK | |||
r-devel-linux-x86_64-fedora-gcc | 2.2 | 56.16 | OK | |||
r-devel-windows-ix86+x86_64 | 2.2 | 9.00 | 50.00 | 59.00 | OK | |
r-devel-windows-x86_64-gcc10-UCRT | 2.2 | OK | ||||
r-patched-linux-x86_64 | 2.2 | 4.13 | 42.18 | 46.31 | OK | |
r-patched-solaris-x86 | 2.2 | 88.90 | OK | |||
r-release-linux-x86_64 | 2.2 | 3.51 | 41.78 | 45.29 | OK | |
r-release-macos-x86_64 | 2.2 | NOTE | ||||
r-release-windows-ix86+x86_64 | 2.2 | 7.00 | 66.00 | 73.00 | OK | |
r-oldrel-macos-x86_64 | 2.2 | OK | ||||
r-oldrel-windows-ix86+x86_64 | 2.2 | 5.00 | 50.00 | 55.00 | OK |
Version: 2.2
Check: package dependencies
Result: NOTE
Package suggested but not available for checking: ‘ridge’
Flavor: r-release-macos-x86_64
Version: 2.2
Check: Rd cross-references
Result: NOTE
Package unavailable to check Rd xrefs: ‘ridge’
Flavor: r-release-macos-x86_64