CRAN Package Check Results for Package imputeTestbench

Last updated on 2024-02-29 22:58:47 CET.

Flavor Version Tinstall Tcheck Ttotal Status Flags
r-devel-linux-x86_64-debian-clang 3.0.3 9.75 81.66 91.41 NOTE
r-devel-linux-x86_64-debian-gcc 3.0.3 7.26 60.78 68.04 NOTE
r-devel-linux-x86_64-fedora-clang 3.0.3 110.36 NOTE
r-devel-linux-x86_64-fedora-gcc 3.0.3 103.38 NOTE
r-devel-windows-x86_64 3.0.3 8.00 79.00 87.00 NOTE
r-patched-linux-x86_64 3.0.3 8.49 79.20 87.69 NOTE
r-release-linux-x86_64 3.0.3 5.48 78.37 83.85 NOTE
r-release-macos-arm64 3.0.3 36.00 NOTE
r-release-macos-x86_64 3.0.3 57.00 NOTE
r-release-windows-x86_64 3.0.3 11.00 90.00 101.00 NOTE
r-oldrel-macos-arm64 3.0.3 35.00 NOTE
r-oldrel-windows-x86_64 3.0.3 11.00 96.00 107.00 NOTE

Check Details

Version: 3.0.3
Check: LazyData
Result: NOTE 'LazyData' is specified without a 'data' directory Flavors: r-devel-linux-x86_64-debian-clang, r-devel-linux-x86_64-debian-gcc, r-devel-linux-x86_64-fedora-clang, r-devel-linux-x86_64-fedora-gcc, r-devel-windows-x86_64, r-patched-linux-x86_64, r-release-linux-x86_64, r-release-macos-arm64, r-release-macos-x86_64, r-release-windows-x86_64, r-oldrel-macos-arm64, r-oldrel-windows-x86_64