Last updated on 2022-05-27 06:51:25 CEST.
Flavor | Version | Tinstall | Tcheck | Ttotal | Status | Flags |
---|---|---|---|---|---|---|
r-devel-linux-x86_64-debian-clang | 0.0.4 | 46.69 | 74.35 | 121.04 | OK | |
r-devel-linux-x86_64-debian-gcc | 0.0.4 | 37.92 | 59.04 | 96.96 | OK | |
r-devel-linux-x86_64-fedora-clang | 0.0.4 | 164.32 | OK | |||
r-devel-linux-x86_64-fedora-gcc | 0.0.4 | 149.02 | OK | |||
r-devel-windows-x86_64 | 0.0.4 | 38.00 | 112.00 | 150.00 | OK | |
r-patched-linux-x86_64 | 0.0.4 | 37.54 | 74.10 | 111.64 | OK | |
r-release-linux-x86_64 | 0.0.4 | 38.74 | 74.23 | 112.97 | OK | |
r-release-macos-arm64 | 0.0.4 | 43.00 | OK | |||
r-release-macos-x86_64 | 0.0.4 | 59.00 | NOTE | |||
r-release-windows-x86_64 | 0.0.4 | 44.00 | 114.00 | 158.00 | OK | |
r-oldrel-macos-arm64 | 0.0.4 | 45.00 | NOTE | |||
r-oldrel-macos-x86_64 | 0.0.4 | 85.00 | OK | |||
r-oldrel-windows-ix86+x86_64 | 0.0.4 | 98.00 | 120.00 | 218.00 | OK |
Version: 0.0.4
Check: installed package size
Result: NOTE
installed size is 5.0Mb
sub-directories of 1Mb or more:
libs 4.9Mb
Flavors: r-release-macos-x86_64, r-oldrel-macos-arm64